20.220.61.78 - - [22/Mar/2026:14:23:42 -0400] "GET /w.php HTTP/1.1" 404 1251 "-" "Mozilla/5.0 (Windows NT 10.0; Win64; x64) AppleWebKit/537.36 (KHTML, like Gecko) Chrome/120.0.0.0 Safari/537.36"
20.220.61.78 - - [22/Mar/2026:14:23:42 -0400] "GET /css.php HTTP/1.1" 404 1251 "-" "Mozilla/5.0 (Windows NT 10.0; Win64; x64) AppleWebKit/537.36 (KHTML, like Gecko) Chrome/120.0.0.0 Safari/537.36"
20.220.61.78 - - [22/Mar/2026:14:23:42 -0400] "GET /222.php HTTP/1.1" 404 1251 "-" "Mozilla/5.0 (Windows NT 10.0; Win64; x64) AppleWebKit/537.36 (KHTML, like Gecko) Chrome/120.0.0.0 Safari/537.36"
20.220.61.78 - - [22/Mar/2026:14:23:42 -0400] "GET /admin.php HTTP/1.1" 404 1251 "-" "Mozilla/5.0 (Windows NT 10.0; Win64; x64) AppleWebKit/537.36 (KHTML, like Gecko) Chrome/120.0.0.0 Safari/537.36"
20.220.61.78 - - [22/Mar/2026:14:23:43 -0400] "GET /classwithtostring.php HTTP/1.1" 404 1251 "-" "Mozilla/5.0 (Windows NT 10.0; Win64; x64) AppleWebKit/537.36 (KHTML, like Gecko) Chrome/120.0.0.0 Safari/537.36"
20.220.61.78 - - [22/Mar/2026:14:23:43 -0400] "GET /abcd.php HTTP/1.1" 404 1251 "-" "Mozilla/5.0 (Windows NT 10.0; Win64; x64) AppleWebKit/537.36 (KHTML, like Gecko) Chrome/120.0.0.0 Safari/537.36"
20.220.61.78 - - [22/Mar/2026:14:23:43 -0400] "GET /autoload_classmap.php?p= HTTP/1.1" 404 1251 "-" "Mozilla/5.0 (Windows NT 10.0; Win64; x64) AppleWebKit/537.36 (KHTML, like Gecko) Chrome/120.0.0.0 Safari/537.36"
20.220.61.78 - - [22/Mar/2026:14:23:43 -0400] "GET /inputs.php HTTP/1.1" 404 1251 "-" "Mozilla/5.0 (Windows NT 10.0; Win64; x64) AppleWebKit/537.36 (KHTML, like Gecko) Chrome/120.0.0.0 Safari/537.36"
141.98.11.42 - - [22/Mar/2026:14:25:00 -0400] "GET /sftp-config.json HTTP/1.1" 404 1251 "-" "Mozilla/5.0 (Macintosh; Intel Mac OS X 10.15; rv:77.0) Gecko/20100101 Firefox/77.0"
141.98.11.42 - - [22/Mar/2026:14:25:01 -0400] "GET /.vscode/sftp.json HTTP/1.1" 404 1251 "-" "Mozilla/5.0 (Macintosh; Intel Mac OS X 10.15; rv:77.0) Gecko/20100101 Firefox/77.0"
77.75.76.168 - - [22/Mar/2026:14:25:41 -0400] "GET /glendora-ca/ HTTP/1.1" 404 1251 "-" "Mozilla/5.0 (compatible; SeznamBot/4.0; +https://o-seznam.cz/napoveda/vyhledavani/en/seznambot-crawler/)"
85.208.96.209 - - [22/Mar/2026:14:31:51 -0400] "GET /category/uncategorized/page/25/ HTTP/1.1" 404 1251 "-" "Mozilla/5.0 (compatible; SemrushBot/7~bl; +http://www.semrush.com/bot.html)"
103.59.160.131 - - [22/Mar/2026:14:32:10 -0400] "GET /wp-login.php/wp-admin/ HTTP/1.1" 200 2444 "-" "Mozilla/5.0 (X11; Linux x86_64) AppleWebKit/537.36 (KHTML, like Gecko) Chrome/134.0.0.0 Safari/537.36"
68.65.123.232 - - [22/Mar/2026:14:34:36 -0400] "POST /wp-cron.php?doing_wp_cron=1774204476.4801349639892578125000 HTTP/1.1" 200 0 "-" "WordPress/6.9.4; https://www.coronamicroblading.com"
20.220.61.78 - - [22/Mar/2026:14:23:42 -0400] "GET /404.php HTTP/1.1" 404 1251 "-" "Mozilla/5.0 (Windows NT 10.0; Win64; x64) AppleWebKit/537.36 (KHTML, like Gecko) Chrome/120.0.0.0 Safari/537.36"
20.220.61.78 - - [22/Mar/2026:14:23:42 -0400] "GET /ioxi-o.php HTTP/1.1" 404 1251 "-" "Mozilla/5.0 (Windows NT 10.0; Win64; x64) AppleWebKit/537.36 (KHTML, like Gecko) Chrome/120.0.0.0 Safari/537.36"
20.220.61.78 - - [22/Mar/2026:14:23:42 -0400] "GET /0x.php HTTP/1.1" 404 1251 "-" "Mozilla/5.0 (Windows NT 10.0; Win64; x64) AppleWebKit/537.36 (KHTML, like Gecko) Chrome/120.0.0.0 Safari/537.36"
20.220.61.78 - - [22/Mar/2026:14:23:42 -0400] "GET /wp-content/index.php HTTP/1.1" 200 123 "-" "Mozilla/5.0 (Windows NT 10.0; Win64; x64) AppleWebKit/537.36 (KHTML, like Gecko) Chrome/120.0.0.0 Safari/537.36"
20.220.61.78 - - [22/Mar/2026:14:23:43 -0400] "GET /wp-admin/maint/maint.php HTTP/1.1" 404 1251 "-" "Mozilla/5.0 (Windows NT 10.0; Win64; x64) AppleWebKit/537.36 (KHTML, like Gecko) Chrome/120.0.0.0 Safari/537.36"
20.220.61.78 - - [22/Mar/2026:14:23:43 -0400] "GET /about.php HTTP/1.1" 404 1251 "-" "Mozilla/5.0 (Windows NT 10.0; Win64; x64) AppleWebKit/537.36 (KHTML, like Gecko) Chrome/120.0.0.0 Safari/537.36"
20.220.61.78 - - [22/Mar/2026:14:23:43 -0400] "GET /alfa.php HTTP/1.1" 404 1251 "-" "Mozilla/5.0 (Windows NT 10.0; Win64; x64) AppleWebKit/537.36 (KHTML, like Gecko) Chrome/120.0.0.0 Safari/537.36"
162.62.213.187 - - [22/Mar/2026:14:31:40 -0400] "GET /363021/?ND HTTP/1.1" 200 770 "-" "Mozilla/5.0 (iPhone; CPU iPhone OS 13_2_3 like Mac OS X) AppleWebKit/605.1.15 (KHTML, like Gecko) Version/13.0.3 Mobile/15E148 Safari/604.1"
103.59.160.131 - - [22/Mar/2026:14:32:06 -0400] "GET /wp-login.php/wp-login.php HTTP/1.1" 200 2444 "-" "Mozilla/5.0 (X11; Linux x86_64) AppleWebKit/537.36 (KHTML, like Gecko) Chrome/134.0.0.0 Safari/537.36"
103.59.160.131 - - [22/Mar/2026:14:32:09 -0400] "POST /wp-login.php/wp-login.php HTTP/1.1" 200 2453 "-" "Mozilla/5.0 (X11; Linux x86_64) AppleWebKit/537.36 (KHTML, like Gecko) Chrome/134.0.0.0 Safari/537.36"
185.194.178.70 - - [22/Mar/2026:14:34:34 -0400] "POST /wp-login.php HTTP/1.1" 200 7799 "-" "Mozilla/5.0"
85.208.96.199 - - [22/Mar/2026:14:36:57 -0400] "GET /92401-2/ HTTP/1.1" 404 1251 "-" "Mozilla/5.0 (compatible; SemrushBot/7~bl; +http://www.semrush.com/bot.html)"
34.223.0.184 - - [22/Mar/2026:14:39:33 -0400] "GET /?rnd=1774204772980 HTTP/1.1" 200 2411 "http://www.coronamicroblading.com/?rnd=1774204772980" "Sucuri-UptimeMonitoring"
95.217.28.60 - - [22/Mar/2026:14:40:59 -0400] "GET / HTTP/1.1" 200 11153 "-" "Mozilla/5.0 (Windows NT 10.0; Win64; x64) AppleWebKit/537.36 (KHTML, like Gecko) Chrome/131.0.0.0 Safari/537.36"
68.65.123.232 - - [22/Mar/2026:14:41:06 -0400] "POST /wp-cron.php?doing_wp_cron=1774204866.0040791034698486328125 HTTP/1.1" 200 0 "-" "WordPress/6.9.4; https://www.coronamicroblading.com"
157.15.40.6 - - [22/Mar/2026:14:41:03 -0400] "POST /wp-login.php HTTP/1.1" 200 2186 "-" "Mozilla/5.0 (Windows NT 10.0; Win64; x64) AppleWebKit/537.36 (KHTML, like Gecko) Chrome/120.0.0.0 Safari/537.36"
157.15.40.6 - - [22/Mar/2026:14:41:06 -0400] "GET /wp-admin/ HTTP/1.1" 200 3065 "-" "Mozilla/5.0 (Windows NT 10.0; Win64; x64) AppleWebKit/537.36 (KHTML, like Gecko) Chrome/120.0.0.0 Safari/537.36"
45.151.122.139 - - [22/Mar/2026:14:43:53 -0400] "GET /wp-content/uploads/2026/02/ HTTP/1.1" 200 696 "binance.com" "Mozilla/5.0 (Windows NT 10.0; Win64; x64) AppleWebKit/537.36 (KHTML, like Gecko) Chrome/90.0.4430.85 Safari/537.36"
45.151.122.139 - - [22/Mar/2026:14:44:01 -0400] "GET /wp-content/uploads/ HTTP/1.1" 200 1477 "binance.com" "Mozilla/5.0 (Windows NT 10.0; Win64; x64) AppleWebKit/537.36 (KHTML, like Gecko) Chrome/90.0.4430.85 Safari/537.36"
45.151.122.139 - - [22/Mar/2026:14:44:09 -0400] "GET /wp-content/uploads/ HTTP/1.1" 200 1477 "binance.com" "Mozilla/5.0 (Windows NT 10.0; Win64; x64) AppleWebKit/537.36 (KHTML, like Gecko) Chrome/90.0.4430.85 Safari/537.36"
45.151.122.139 - - [22/Mar/2026:14:44:17 -0400] "GET /wp-content/uploads/wp-cache-stats.php HTTP/1.1" 403 1242 "binance.com" "Mozilla/5.0 (Windows NT 10.0; Win64; x64) AppleWebKit/537.36 (KHTML, like Gecko) Chrome/90.0.4430.85 Safari/537.36"
45.151.122.139 - - [22/Mar/2026:14:44:25 -0400] "GET /wp-content/upgrade/ HTTP/1.1" 200 846 "binance.com" "Mozilla/5.0 (Windows NT 10.0; Win64; x64) AppleWebKit/537.36 (KHTML, like Gecko) Chrome/90.0.4430.85 Safari/537.36"
45.151.122.139 - - [22/Mar/2026:14:44:36 -0400] "GET /wp-content/upgrade/wp-update-verify.php HTTP/1.1" 200 0 "binance.com" "Mozilla/5.0 (Windows NT 10.0; Win64; x64) AppleWebKit/537.36 (KHTML, like Gecko) Chrome/90.0.4430.85 Safari/537.36"
45.151.122.139 - - [22/Mar/2026:14:44:53 -0400] "GET /wp-content/languages/ HTTP/1.1" 200 790 "binance.com" "Mozilla/5.0 (Windows NT 10.0; Win64; x64) AppleWebKit/537.36 (KHTML, like Gecko) Chrome/90.0.4430.85 Safari/537.36"
40.77.167.73 - - [22/Mar/2026:14:45:13 -0400] "GET /90280-2/ HTTP/1.1" 404 1251 "-" "Mozilla/5.0 AppleWebKit/537.36 (KHTML, like Gecko; compatible; bingbot/2.0; +http://www.bing.com/bingbot.htm) Chrome/116.0.1938.76 Safari/537.36"
216.73.216.13 - - [22/Mar/2026:14:45:46 -0400] "GET /robots.txt HTTP/1.1" 404 1251 "-" "Mozilla/5.0 AppleWebKit/537.36 (KHTML, like Gecko; compatible; ClaudeBot/1.0; +claudebot@anthropic.com)"
216.73.216.13 - - [22/Mar/2026:14:45:46 -0400] "GET /robots.txt HTTP/1.1" 404 1251 "-" "-"
57.141.2.19 - - [22/Mar/2026:14:46:09 -0400] "GET /92414-2/ HTTP/1.1" 404 1251 "-" "meta-externalagent/1.1 (+https://developers.facebook.com/docs/sharing/webmasters/crawler)"
45.151.122.139 - - [22/Mar/2026:14:46:35 -0400] "GET /wp-admin/css/ HTTP/1.1" 200 3324 "binance.com" "Mozilla/5.0 (Windows NT 10.0; Win64; x64) AppleWebKit/537.36 (KHTML, like Gecko) Chrome/90.0.4430.85 Safari/537.36"
34.19.0.232 - - [22/Mar/2026:14:46:40 -0400] "HEAD / HTTP/1.1" 200 0 "http://coronamicroblading.com/" "Mozilla/5.0 (Macintosh; Intel Mac OS X 15_0) AppleWebKit/537.36 (KHTML, like Gecko) Chrome/125.0.6422.141 Safari/537.36"
77.75.76.168 - - [22/Mar/2026:14:40:58 -0400] "GET /91723-2/ HTTP/1.1" 404 1251 "-" "Mozilla/5.0 (compatible; SeznamBot/4.0; +https://o-seznam.cz/napoveda/vyhledavani/en/seznambot-crawler/)"
124.156.179.141 - - [22/Mar/2026:14:41:52 -0400] "GET /wp/?SA HTTP/1.1" 200 678 "-" "Mozilla/5.0 (iPhone; CPU iPhone OS 13_2_3 like Mac OS X) AppleWebKit/605.1.15 (KHTML, like Gecko) Version/13.0.3 Mobile/15E148 Safari/604.1"
45.151.122.139 - - [22/Mar/2026:14:43:32 -0400] "GET /wp-admin/css/ HTTP/1.1" 200 3368 "binance.com" "Mozilla/5.0 (Windows NT 10.0; Win64; x64) AppleWebKit/537.36 (KHTML, like Gecko) Chrome/90.0.4430.85 Safari/537.36"
45.151.122.139 - - [22/Mar/2026:14:43:45 -0400] "GET /wp-content/uploads/2026/03/ HTTP/1.1" 200 696 "binance.com" "Mozilla/5.0 (Windows NT 10.0; Win64; x64) AppleWebKit/537.36 (KHTML, like Gecko) Chrome/90.0.4430.85 Safari/537.36"
45.151.122.139 - - [22/Mar/2026:14:44:28 -0400] "GET /wp-content/upgrade/ HTTP/1.1" 200 846 "binance.com" "Mozilla/5.0 (Windows NT 10.0; Win64; x64) AppleWebKit/537.36 (KHTML, like Gecko) Chrome/90.0.4430.85 Safari/537.36"
45.151.122.139 - - [22/Mar/2026:14:44:44 -0400] "GET /wp-content/languages/ HTTP/1.1" 200 790 "binance.com" "Mozilla/5.0 (Windows NT 10.0; Win64; x64) AppleWebKit/537.36 (KHTML, like Gecko) Chrome/90.0.4430.85 Safari/537.36"
45.151.122.139 - - [22/Mar/2026:14:45:03 -0400] "GET /wp-content/languages/wp-locale-handler.php HTTP/1.1" 200 0 "binance.com" "Mozilla/5.0 (Windows NT 10.0; Win64; x64) AppleWebKit/537.36 (KHTML, like Gecko) Chrome/90.0.4430.85 Safari/537.36"
45.151.122.139 - - [22/Mar/2026:14:45:10 -0400] "GET /wp-admin/includes/ HTTP/1.1" 200 3915 "binance.com" "Mozilla/5.0 (Windows NT 10.0; Win64; x64) AppleWebKit/537.36 (KHTML, like Gecko) Chrome/90.0.4430.85 Safari/537.36"
45.151.122.139 - - [22/Mar/2026:14:45:22 -0400] "GET /wp-admin/includes/ HTTP/1.1" 200 3942 "binance.com" "Mozilla/5.0 (Windows NT 10.0; Win64; x64) AppleWebKit/537.36 (KHTML, like Gecko) Chrome/90.0.4430.85 Safari/537.36"
216.73.216.13 - - [22/Mar/2026:14:45:46 -0400] "GET / HTTP/1.1" 200 2058 "-" "Mozilla/5.0 AppleWebKit/537.36 (KHTML, like Gecko; compatible; ClaudeBot/1.0; +claudebot@anthropic.com)"
45.151.122.139 - - [22/Mar/2026:14:45:56 -0400] "GET /wp-admin/maint/ HTTP/1.1" 200 777 "binance.com" "Mozilla/5.0 (Windows NT 10.0; Win64; x64) AppleWebKit/537.36 (KHTML, like Gecko) Chrome/90.0.4430.85 Safari/537.36"
45.151.122.139 - - [22/Mar/2026:14:46:08 -0400] "GET /wp-admin/maint/ HTTP/1.1" 200 777 "binance.com" "Mozilla/5.0 (Windows NT 10.0; Win64; x64) AppleWebKit/537.36 (KHTML, like Gecko) Chrome/90.0.4430.85 Safari/537.36"
45.151.122.139 - - [22/Mar/2026:14:46:16 -0400] "GET /wp-admin/network/ HTTP/1.1" 200 230 "binance.com" "Mozilla/5.0 (Windows NT 10.0; Win64; x64) AppleWebKit/537.36 (KHTML, like Gecko) Chrome/90.0.4430.85 Safari/537.36"
45.151.122.139 - - [22/Mar/2026:14:46:27 -0400] "GET /wp-admin/user/ HTTP/1.1" 200 230 "binance.com" "Mozilla/5.0 (Windows NT 10.0; Win64; x64) AppleWebKit/537.36 (KHTML, like Gecko) Chrome/90.0.4430.85 Safari/537.36"
34.19.0.232 - - [22/Mar/2026:14:46:40 -0400] "HEAD /old/ HTTP/1.1" 404 0 "http://coronamicroblading.com/old/" "Mozilla/5.0 (Windows NT 10.0; Win64; x64) AppleWebKit/537.36 (KHTML, like Gecko) Chrome/127.0.6534.42 Safari/537.36"
34.19.0.232 - - [22/Mar/2026:14:46:40 -0400] "HEAD /new/ HTTP/1.1" 404 0 "http://coronamicroblading.com/new/" "Mozilla/5.0 (Macintosh; Intel Mac OS X 13_5) AppleWebKit/605.1.15 (KHTML, like Gecko) Version/16.5 Safari/605.1.15"
45.151.122.139 - - [22/Mar/2026:14:46:43 -0400] "GET /wp-admin/css/colors/ HTTP/1.1" 200 1297 "binance.com" "Mozilla/5.0 (Windows NT 10.0; Win64; x64) AppleWebKit/537.36 (KHTML, like Gecko) Chrome/90.0.4430.85 Safari/537.36"
45.151.122.139 - - [22/Mar/2026:14:46:52 -0400] "GET /wp-admin/css/colors/blue/ HTTP/1.1" 200 892 "binance.com" "Mozilla/5.0 (Windows NT 10.0; Win64; x64) AppleWebKit/537.36 (KHTML, like Gecko) Chrome/90.0.4430.85 Safari/537.36"
34.19.0.232 - - [22/Mar/2026:14:46:40 -0400] "HEAD /wordpress/ HTTP/1.1" 404 0 "http://coronamicroblading.com/wordpress/" "Mozilla/5.0 (Linux; Android 14; RMX3842) AppleWebKit/537.36 (KHTML, like Gecko) Chrome/126.0.6478.44 Mobile Safari/537.36"
34.19.0.232 - - [22/Mar/2026:14:46:40 -0400] "HEAD /backup/ HTTP/1.1" 404 0 "http://coronamicroblading.com/backup/" "Mozilla/5.0 (Linux; Android 10; vivo 1904) AppleWebKit/537.36 (KHTML, like Gecko) Chrome/117.0.5938.60 Mobile Safari/537.36"
34.19.0.232 - - [22/Mar/2026:14:46:40 -0400] "HEAD /wp/ HTTP/1.1" 200 0 "http://coronamicroblading.com/wp/" "Mozilla/5.0 (Windows NT 11.0; Win64; x64) AppleWebKit/537.36 (KHTML, like Gecko) Chrome/128.0.6540.18 Safari/537.36"
34.19.0.232 - - [22/Mar/2026:14:46:40 -0400] "HEAD /blog/ HTTP/1.1" 404 0 "http://coronamicroblading.com/blog/" "Mozilla/5.0 (Windows NT 10.0; Win64; x64) AppleWebKit/537.36 (KHTML, like Gecko) Chrome/127.0.6534.42 Safari/537.36"
45.151.122.139 - - [22/Mar/2026:14:47:03 -0400] "GET /wp-admin/css/colors/coffee/ HTTP/1.1" 200 889 "binance.com" "Mozilla/5.0 (Windows NT 10.0; Win64; x64) AppleWebKit/537.36 (KHTML, like Gecko) Chrome/90.0.4430.85 Safari/537.36"
45.151.122.139 - - [22/Mar/2026:14:47:12 -0400] "GET /wp-admin/css/colors/ectoplasm/ HTTP/1.1" 200 894 "binance.com" "Mozilla/5.0 (Windows NT 10.0; Win64; x64) AppleWebKit/537.36 (KHTML, like Gecko) Chrome/90.0.4430.85 Safari/537.36"
45.151.122.139 - - [22/Mar/2026:14:47:20 -0400] "GET /wp-admin/css/colors/light/ HTTP/1.1" 200 893 "binance.com" "Mozilla/5.0 (Windows NT 10.0; Win64; x64) AppleWebKit/537.36 (KHTML, like Gecko) Chrome/90.0.4430.85 Safari/537.36"
45.151.122.139 - - [22/Mar/2026:14:47:28 -0400] "GET /wp-admin/css/colors/midnight/ HTTP/1.1" 200 894 "binance.com" "Mozilla/5.0 (Windows NT 10.0; Win64; x64) AppleWebKit/537.36 (KHTML, like Gecko) Chrome/90.0.4430.85 Safari/537.36"
45.151.122.139 - - [22/Mar/2026:14:47:56 -0400] "GET /wp-admin/css/colors/sunrise/%20 HTTP/1.1" 404 1251 "binance.com" "Mozilla/5.0 (Windows NT 10.0; Win64; x64) AppleWebKit/537.36 (KHTML, like Gecko) Chrome/90.0.4430.85 Safari/537.36"
45.151.122.139 - - [22/Mar/2026:14:48:14 -0400] "GET /wp-admin/js/ HTTP/1.1" 200 3562 "binance.com" "Mozilla/5.0 (Windows NT 10.0; Win64; x64) AppleWebKit/537.36 (KHTML, like Gecko) Chrome/90.0.4430.85 Safari/537.36"
45.151.122.139 - - [22/Mar/2026:14:48:23 -0400] "GET /wp-admin/js/widgets/ HTTP/1.1" 200 1454 "binance.com" "Mozilla/5.0 (Windows NT 10.0; Win64; x64) AppleWebKit/537.36 (KHTML, like Gecko) Chrome/90.0.4430.85 Safari/537.36"
45.151.122.139 - - [22/Mar/2026:14:48:31 -0400] "GET /wp-includes/ HTTP/1.1" 200 8478 "binance.com" "Mozilla/5.0 (Windows NT 10.0; Win64; x64) AppleWebKit/537.36 (KHTML, like Gecko) Chrome/90.0.4430.85 Safari/537.36"
45.151.122.139 - - [22/Mar/2026:14:48:44 -0400] "GET /wp-includes/ HTTP/1.1" 200 8390 "binance.com" "Mozilla/5.0 (Windows NT 10.0; Win64; x64) AppleWebKit/537.36 (KHTML, like Gecko) Chrome/90.0.4430.85 Safari/537.36"
57.141.2.32 - - [22/Mar/2026:14:49:17 -0400] "GET /90740-2/ HTTP/1.1" 404 1251 "-" "meta-externalagent/1.1 (+https://developers.facebook.com/docs/sharing/webmasters/crawler)"
34.208.80.94 - - [22/Mar/2026:14:49:26 -0400] "GET /?sucurianticache=1498590610 HTTP/1.1" 200 11153 "-" "Sucuri Uptime Monitor"
45.151.122.139 - - [22/Mar/2026:14:50:18 -0400] "GET /wp-includes/abilities.php HTTP/1.1" 200 0 "binance.com" "Mozilla/5.0 (Windows NT 10.0; Win64; x64) AppleWebKit/537.36 (KHTML, like Gecko) Chrome/90.0.4430.85 Safari/537.36"
45.151.122.139 - - [22/Mar/2026:14:50:32 -0400] "GET /wp-includes/block-editor.php HTTP/1.1" 200 0 "binance.com" "Mozilla/5.0 (Windows NT 10.0; Win64; x64) AppleWebKit/537.36 (KHTML, like Gecko) Chrome/90.0.4430.85 Safari/537.36"
45.151.122.139 - - [22/Mar/2026:14:50:39 -0400] "GET /wp-includes/block-template-utils.php HTTP/1.1" 200 0 "binance.com" "Mozilla/5.0 (Windows NT 10.0; Win64; x64) AppleWebKit/537.36 (KHTML, like Gecko) Chrome/90.0.4430.85 Safari/537.36"
45.151.122.139 - - [22/Mar/2026:14:47:37 -0400] "GET /wp-admin/css/colors/modern/ HTTP/1.1" 200 895 "binance.com" "Mozilla/5.0 (Windows NT 10.0; Win64; x64) AppleWebKit/537.36 (KHTML, like Gecko) Chrome/90.0.4430.85 Safari/537.36"
45.151.122.139 - - [22/Mar/2026:14:47:48 -0400] "GET /wp-admin/css/colors/ocean/ HTTP/1.1" 200 888 "binance.com" "Mozilla/5.0 (Windows NT 10.0; Win64; x64) AppleWebKit/537.36 (KHTML, like Gecko) Chrome/90.0.4430.85 Safari/537.36"
45.151.122.139 - - [22/Mar/2026:14:48:04 -0400] "GET /wp-admin/images/ HTTP/1.1" 200 2895 "binance.com" "Mozilla/5.0 (Windows NT 10.0; Win64; x64) AppleWebKit/537.36 (KHTML, like Gecko) Chrome/90.0.4430.85 Safari/537.36"
185.194.178.87 - - [22/Mar/2026:14:48:29 -0400] "POST /wp-login.php HTTP/1.1" 200 7799 "-" "Mozilla/5.0"
57.141.2.16 - - [22/Mar/2026:14:48:53 -0400] "GET /90720-2/ HTTP/1.1" 404 1251 "-" "meta-externalagent/1.1 (+https://developers.facebook.com/docs/sharing/webmasters/crawler)"
45.151.122.139 - - [22/Mar/2026:14:50:10 -0400] "GET /wp-includes/abilities-api.php HTTP/1.1" 200 0 "binance.com" "Mozilla/5.0 (Windows NT 10.0; Win64; x64) AppleWebKit/537.36 (KHTML, like Gecko) Chrome/90.0.4430.85 Safari/537.36"
45.151.122.139 - - [22/Mar/2026:14:50:25 -0400] "GET /wp-includes/block-bindings.php HTTP/1.1" 200 0 "binance.com" "Mozilla/5.0 (Windows NT 10.0; Win64; x64) AppleWebKit/537.36 (KHTML, like Gecko) Chrome/90.0.4430.85 Safari/537.36"
45.151.122.139 - - [22/Mar/2026:14:50:47 -0400] "GET /wp-includes/block-template.php HTTP/1.1" 200 0 "binance.com" "Mozilla/5.0 (Windows NT 10.0; Win64; x64) AppleWebKit/537.36 (KHTML, like Gecko) Chrome/90.0.4430.85 Safari/537.36"
45.151.122.139 - - [22/Mar/2026:14:51:03 -0400] "GET /wp-includes/class-wp-block-bindings-registry.php HTTP/1.1" 200 0 "binance.com" "Mozilla/5.0 (Windows NT 10.0; Win64; x64) AppleWebKit/537.36 (KHTML, like Gecko) Chrome/90.0.4430.85 Safari/537.36"
45.151.122.139 - - [22/Mar/2026:14:51:13 -0400] "GET /wp-includes/class-wp-block-bindings-source.php HTTP/1.1" 200 0 "binance.com" "Mozilla/5.0 (Windows NT 10.0; Win64; x64) AppleWebKit/537.36 (KHTML, like Gecko) Chrome/90.0.4430.85 Safari/537.36"
45.151.122.139 - - [22/Mar/2026:14:51:19 -0400] "GET /wp-includes/class-wp-block-editor-context.php HTTP/1.1" 200 0 "binance.com" "Mozilla/5.0 (Windows NT 10.0; Win64; x64) AppleWebKit/537.36 (KHTML, like Gecko) Chrome/90.0.4430.85 Safari/537.36"
45.151.122.139 - - [22/Mar/2026:14:51:26 -0400] "GET /wp-includes/class-wp-block-metadata-registry.php HTTP/1.1" 200 0 "binance.com" "Mozilla/5.0 (Windows NT 10.0; Win64; x64) AppleWebKit/537.36 (KHTML, like Gecko) Chrome/90.0.4430.85 Safari/537.36"
45.151.122.139 - - [22/Mar/2026:14:51:33 -0400] "GET /wp-includes/class-wp-block-parser-block.php HTTP/1.1" 200 0 "binance.com" "Mozilla/5.0 (Windows NT 10.0; Win64; x64) AppleWebKit/537.36 (KHTML, like Gecko) Chrome/90.0.4430.85 Safari/537.36"
77.75.76.168 - - [22/Mar/2026:14:50:41 -0400] "GET /90803-2/ HTTP/1.1" 404 1251 "-" "Mozilla/5.0 (compatible; SeznamBot/4.0; +https://o-seznam.cz/napoveda/vyhledavani/en/seznambot-crawler/)"
45.151.122.139 - - [22/Mar/2026:14:50:55 -0400] "GET /wp-includes/class-avif-info.php HTTP/1.1" 200 0 "binance.com" "Mozilla/5.0 (Windows NT 10.0; Win64; x64) AppleWebKit/537.36 (KHTML, like Gecko) Chrome/90.0.4430.85 Safari/537.36"
49.51.132.100 - - [22/Mar/2026:14:51:33 -0400] "GET /wp/?ND HTTP/1.1" 200 675 "-" "Mozilla/5.0 (iPhone; CPU iPhone OS 13_2_3 like Mac OS X) AppleWebKit/605.1.15 (KHTML, like Gecko) Version/13.0.3 Mobile/15E148 Safari/604.1"
45.151.122.139 - - [22/Mar/2026:14:51:40 -0400] "GET /wp-includes/class-wp-block-parser-frame.php HTTP/1.1" 200 0 "binance.com" "Mozilla/5.0 (Windows NT 10.0; Win64; x64) AppleWebKit/537.36 (KHTML, like Gecko) Chrome/90.0.4430.85 Safari/537.36"
45.151.122.139 - - [22/Mar/2026:14:51:57 -0400] "GET /wp-includes/class-wp-block-template.php HTTP/1.1" 200 0 "binance.com" "Mozilla/5.0 (Windows NT 10.0; Win64; x64) AppleWebKit/537.36 (KHTML, like Gecko) Chrome/90.0.4430.85 Safari/537.36"
144.76.32.241 - - [22/Mar/2026:14:52:00 -0400] "GET /robots.txt HTTP/1.1" 404 1251 "-" "Mozilla/5.0 (compatible; SERankingBacklinksBot/1.0; +https://seranking.com/backlinks-crawler)"
144.76.32.241 - - [22/Mar/2026:14:52:01 -0400] "GET /how-microblading-heals-day-by-day/ HTTP/1.1" 404 1251 "-" "Mozilla/5.0 (compatible; SERankingBacklinksBot/1.0; +https://seranking.com/backlinks-crawler)"
144.31.35.163 - - [22/Mar/2026:14:52:01 -0400] "GET /wp-json/wp/v2/pages/1948 HTTP/1.1" 404 1251 "-" "Mozilla/5.0 (Macintosh; Intel Mac OS X 10_15_7) AppleWebKit/537.36 (KHTML, like Gecko) Chrome/135.0.0.0 Safari/537.36"
45.151.122.139 - - [22/Mar/2026:14:52:05 -0400] "GET /wp-includes/class-wp-block-templates-registry.php HTTP/1.1" 200 0 "binance.com" "Mozilla/5.0 (Windows NT 10.0; Win64; x64) AppleWebKit/537.36 (KHTML, like Gecko) Chrome/90.0.4430.85 Safari/537.36"
45.151.122.139 - - [22/Mar/2026:14:52:28 -0400] "GET /wp-includes/class-wp-duotone.php HTTP/1.1" 200 0 "binance.com" "Mozilla/5.0 (Windows NT 10.0; Win64; x64) AppleWebKit/537.36 (KHTML, like Gecko) Chrome/90.0.4430.85 Safari/537.36"
188.166.233.57 - - [22/Mar/2026:14:52:28 -0400] "POST /wp-login.php HTTP/1.1" 200 2445 "https://coronamicroblading.com/wp-admin/" "Mozilla/5.0 (Windows NT 10.0; Win64; x64) AppleWebKit/537.36 (KHTML, like Gecko) Chrome/90.0.4430.85 Safari/537.36"
188.166.233.57 - - [22/Mar/2026:14:52:31 -0400] "GET /wp-admin/ HTTP/1.1" 200 3577 "https://www.google.com" "Mozilla/5.0 (Windows NT 10.0; Win64; x64) AppleWebKit/537.36 (KHTML, like Gecko) Chrome/90.0.4430.85 Safari/537.36"
45.151.122.139 - - [22/Mar/2026:14:52:36 -0400] "GET /wp-includes/class-wp-exception.php HTTP/1.1" 200 0 "binance.com" "Mozilla/5.0 (Windows NT 10.0; Win64; x64) AppleWebKit/537.36 (KHTML, like Gecko) Chrome/90.0.4430.85 Safari/537.36"
45.151.122.139 - - [22/Mar/2026:14:52:52 -0400] "GET /wp-includes/class-wp-navigation-fallback.php HTTP/1.1" 200 0 "binance.com" "Mozilla/5.0 (Windows NT 10.0; Win64; x64) AppleWebKit/537.36 (KHTML, like Gecko) Chrome/90.0.4430.85 Safari/537.36"
45.151.122.139 - - [22/Mar/2026:14:53:00 -0400] "GET /wp-includes/class-wp-phpmailer.php HTTP/1.1" 200 202 "binance.com" "Mozilla/5.0 (Windows NT 10.0; Win64; x64) AppleWebKit/537.36 (KHTML, like Gecko) Chrome/90.0.4430.85 Safari/537.36"
85.208.96.201 - - [22/Mar/2026:14:53:20 -0400] "GET /92602-2/ HTTP/1.1" 404 1251 "-" "Mozilla/5.0 (compatible; SemrushBot/7~bl; +http://www.semrush.com/bot.html)"
45.151.122.139 - - [22/Mar/2026:14:53:25 -0400] "GET /wp-includes/class-wp-scripts.php HTTP/1.1" 200 199 "binance.com" "Mozilla/5.0 (Windows NT 10.0; Win64; x64) AppleWebKit/537.36 (KHTML, like Gecko) Chrome/90.0.4430.85 Safari/537.36"
45.151.122.139 - - [22/Mar/2026:14:53:33 -0400] "GET /wp-includes/class-wp-speculation-rules.php HTTP/1.1" 200 0 "binance.com" "Mozilla/5.0 (Windows NT 10.0; Win64; x64) AppleWebKit/537.36 (KHTML, like Gecko) Chrome/90.0.4430.85 Safari/537.36"
45.151.122.139 - - [22/Mar/2026:14:53:49 -0400] "GET /wp-includes/class-wp-textdomain-registry.php HTTP/1.1" 200 0 "binance.com" "Mozilla/5.0 (Windows NT 10.0; Win64; x64) AppleWebKit/537.36 (KHTML, like Gecko) Chrome/90.0.4430.85 Safari/537.36"
45.151.122.139 - - [22/Mar/2026:14:54:05 -0400] "GET /wp-includes/class-wp-theme-json-resolver.php HTTP/1.1" 200 0 "binance.com" "Mozilla/5.0 (Windows NT 10.0; Win64; x64) AppleWebKit/537.36 (KHTML, like Gecko) Chrome/90.0.4430.85 Safari/537.36"
45.151.122.139 - - [22/Mar/2026:14:51:49 -0400] "GET /wp-includes/class-wp-block-processor.php HTTP/1.1" 200 0 "binance.com" "Mozilla/5.0 (Windows NT 10.0; Win64; x64) AppleWebKit/537.36 (KHTML, like Gecko) Chrome/90.0.4430.85 Safari/537.36"
143.20.253.21 - - [22/Mar/2026:14:52:00 -0400] "GET /wp-json/wp/v2/pages/1948 HTTP/1.1" 404 1251 "-" "Mozilla/5.0 (Macintosh; Intel Mac OS X 10_15_7) AppleWebKit/537.36 (KHTML, like Gecko) Chrome/135.0.0.0 Safari/537.36"
143.14.6.94 - - [22/Mar/2026:14:52:01 -0400] "GET /wp-json/wp/v2/pages/1948 HTTP/1.1" 404 1251 "-" "Mozilla/5.0 (Macintosh; Intel Mac OS X 10_15_7) AppleWebKit/537.36 (KHTML, like Gecko) Chrome/135.0.0.0 Safari/537.36"
45.151.122.139 - - [22/Mar/2026:14:52:13 -0400] "GET /wp-includes/class-wp-classic-to-block-menu-converter.php HTTP/1.1" 200 0 "binance.com" "Mozilla/5.0 (Windows NT 10.0; Win64; x64) AppleWebKit/537.36 (KHTML, like Gecko) Chrome/90.0.4430.85 Safari/537.36"
45.151.122.139 - - [22/Mar/2026:14:52:20 -0400] "GET /wp-includes/class-wp-dependencies.php HTTP/1.1" 200 0 "binance.com" "Mozilla/5.0 (Windows NT 10.0; Win64; x64) AppleWebKit/537.36 (KHTML, like Gecko) Chrome/90.0.4430.85 Safari/537.36"
68.65.123.232 - - [22/Mar/2026:14:52:31 -0400] "POST /wp-cron.php?doing_wp_cron=1774205551.1380140781402587890625 HTTP/1.1" 200 0 "-" "WordPress/6.9.4; https://www.coronamicroblading.com"
45.151.122.139 - - [22/Mar/2026:14:52:43 -0400] "GET /wp-includes/class-wp-http.php HTTP/1.1" 200 22 "binance.com" "Mozilla/5.0 (Windows NT 10.0; Win64; x64) AppleWebKit/537.36 (KHTML, like Gecko) Chrome/90.0.4430.85 Safari/537.36"
45.151.122.139 - - [22/Mar/2026:14:53:10 -0400] "GET /wp-includes/class-wp-plugin-dependencies.php HTTP/1.1" 200 0 "binance.com" "Mozilla/5.0 (Windows NT 10.0; Win64; x64) AppleWebKit/537.36 (KHTML, like Gecko) Chrome/90.0.4430.85 Safari/537.36"
45.151.122.139 - - [22/Mar/2026:14:53:17 -0400] "GET /wp-includes/class-wp-script-modules.php HTTP/1.1" 200 0 "binance.com" "Mozilla/5.0 (Windows NT 10.0; Win64; x64) AppleWebKit/537.36 (KHTML, like Gecko) Chrome/90.0.4430.85 Safari/537.36"
45.151.122.139 - - [22/Mar/2026:14:53:41 -0400] "GET /wp-includes/class-wp-styles.php HTTP/1.1" 200 199 "binance.com" "Mozilla/5.0 (Windows NT 10.0; Win64; x64) AppleWebKit/537.36 (KHTML, like Gecko) Chrome/90.0.4430.85 Safari/537.36"
45.151.122.139 - - [22/Mar/2026:14:53:57 -0400] "GET /wp-includes/class-wp-theme-json-data.php HTTP/1.1" 200 0 "binance.com" "Mozilla/5.0 (Windows NT 10.0; Win64; x64) AppleWebKit/537.36 (KHTML, like Gecko) Chrome/90.0.4430.85 Safari/537.36"
45.151.122.139 - - [22/Mar/2026:14:54:13 -0400] "GET /wp-includes/class-wp-theme-json-schema.php HTTP/1.1" 200 0 "binance.com" "Mozilla/5.0 (Windows NT 10.0; Win64; x64) AppleWebKit/537.36 (KHTML, like Gecko) Chrome/90.0.4430.85 Safari/537.36"
45.151.122.139 - - [22/Mar/2026:14:54:27 -0400] "GET /wp-includes/class-wp-token-map.php HTTP/1.1" 200 0 "binance.com" "Mozilla/5.0 (Windows NT 10.0; Win64; x64) AppleWebKit/537.36 (KHTML, like Gecko) Chrome/90.0.4430.85 Safari/537.36"
45.151.122.139 - - [22/Mar/2026:14:54:36 -0400] "GET /wp-includes/class-wp-url-pattern-prefixer.php HTTP/1.1" 200 0 "binance.com" "Mozilla/5.0 (Windows NT 10.0; Win64; x64) AppleWebKit/537.36 (KHTML, like Gecko) Chrome/90.0.4430.85 Safari/537.36"
45.151.122.139 - - [22/Mar/2026:14:54:45 -0400] "GET /wp-includes/class-wpdb.php HTTP/1.1" 200 0 "binance.com" "Mozilla/5.0 (Windows NT 10.0; Win64; x64) AppleWebKit/537.36 (KHTML, like Gecko) Chrome/90.0.4430.85 Safari/537.36"
45.151.122.139 - - [22/Mar/2026:14:54:52 -0400] "GET /wp-includes/compat-utf8.php HTTP/1.1" 200 0 "binance.com" "Mozilla/5.0 (Windows NT 10.0; Win64; x64) AppleWebKit/537.36 (KHTML, like Gecko) Chrome/90.0.4430.85 Safari/537.36"
45.151.122.139 - - [22/Mar/2026:14:55:25 -0400] "GET /wp-includes/https-migration.php HTTP/1.1" 200 0 "binance.com" "Mozilla/5.0 (Windows NT 10.0; Win64; x64) AppleWebKit/537.36 (KHTML, like Gecko) Chrome/90.0.4430.85 Safari/537.36"
45.151.122.139 - - [22/Mar/2026:14:54:18 -0400] "GET /wp-includes/class-wp-theme-json.php HTTP/1.1" 200 0 "binance.com" "Mozilla/5.0 (Windows NT 10.0; Win64; x64) AppleWebKit/537.36 (KHTML, like Gecko) Chrome/90.0.4430.85 Safari/537.36"
45.151.122.139 - - [22/Mar/2026:14:55:02 -0400] "GET /wp-includes/fonts.php HTTP/1.1" 200 0 "binance.com" "Mozilla/5.0 (Windows NT 10.0; Win64; x64) AppleWebKit/537.36 (KHTML, like Gecko) Chrome/90.0.4430.85 Safari/537.36"
95.217.28.60 - - [22/Mar/2026:14:55:04 -0400] "GET / HTTP/1.1" 200 11153 "-" "Mozilla/5.0 (Windows NT 10.0; Win64; x64) AppleWebKit/537.36 (KHTML, like Gecko) Chrome/131.0.0.0 Safari/537.36"
45.151.122.139 - - [22/Mar/2026:14:55:10 -0400] "GET /wp-includes/global-styles-and-settings.php HTTP/1.1" 200 0 "binance.com" "Mozilla/5.0 (Windows NT 10.0; Win64; x64) AppleWebKit/537.36 (KHTML, like Gecko) Chrome/90.0.4430.85 Safari/537.36"
45.151.122.139 - - [22/Mar/2026:14:55:17 -0400] "GET /wp-includes/https-detection.php HTTP/1.1" 200 0 "binance.com" "Mozilla/5.0 (Windows NT 10.0; Win64; x64) AppleWebKit/537.36 (KHTML, like Gecko) Chrome/90.0.4430.85 Safari/537.36"
45.151.122.139 - - [22/Mar/2026:14:55:50 -0400] "GET /wp-includes/speculative-loading.php HTTP/1.1" 200 0 "binance.com" "Mozilla/5.0 (Windows NT 10.0; Win64; x64) AppleWebKit/537.36 (KHTML, like Gecko) Chrome/90.0.4430.85 Safari/537.36"
45.151.122.139 - - [22/Mar/2026:14:55:58 -0400] "GET /wp-includes/style-engine.php HTTP/1.1" 200 0 "binance.com" "Mozilla/5.0 (Windows NT 10.0; Win64; x64) AppleWebKit/537.36 (KHTML, like Gecko) Chrome/90.0.4430.85 Safari/537.36"
45.151.122.139 - - [22/Mar/2026:14:56:16 -0400] "GET /wp-includes/theme-previews.php HTTP/1.1" 200 0 "binance.com" "Mozilla/5.0 (Windows NT 10.0; Win64; x64) AppleWebKit/537.36 (KHTML, like Gecko) Chrome/90.0.4430.85 Safari/537.36"
45.151.122.139 - - [22/Mar/2026:14:56:30 -0400] "GET /wp-includes/utf8.php HTTP/1.1" 200 196 "binance.com" "Mozilla/5.0 (Windows NT 10.0; Win64; x64) AppleWebKit/537.36 (KHTML, like Gecko) Chrome/90.0.4430.85 Safari/537.36"
45.151.122.139 - - [22/Mar/2026:14:56:41 -0400] "GET /wp-includes/ID3/ HTTP/1.1" 200 1581 "binance.com" "Mozilla/5.0 (Windows NT 10.0; Win64; x64) AppleWebKit/537.36 (KHTML, like Gecko) Chrome/90.0.4430.85 Safari/537.36"
45.151.122.139 - - [22/Mar/2026:14:57:11 -0400] "GET /wp-includes/IXR/ HTTP/1.1" 200 1331 "binance.com" "Mozilla/5.0 (Windows NT 10.0; Win64; x64) AppleWebKit/537.36 (KHTML, like Gecko) Chrome/90.0.4430.85 Safari/537.36"
45.151.122.139 - - [22/Mar/2026:14:57:43 -0400] "GET /wp-includes/PHPMailer/DSNConfigurator.php HTTP/1.1" 200 0 "binance.com" "Mozilla/5.0 (Windows NT 10.0; Win64; x64) AppleWebKit/537.36 (KHTML, like Gecko) Chrome/90.0.4430.85 Safari/537.36"
57.141.2.24 - - [22/Mar/2026:14:57:46 -0400] "GET /brea-ca/ HTTP/1.1" 404 1251 "-" "meta-externalagent/1.1 (+https://developers.facebook.com/docs/sharing/webmasters/crawler)"
45.151.122.139 - - [22/Mar/2026:14:58:00 -0400] "GET /wp-includes/PHPMailer/OAuthTokenProvider.php HTTP/1.1" 200 0 "binance.com" "Mozilla/5.0 (Windows NT 10.0; Win64; x64) AppleWebKit/537.36 (KHTML, like Gecko) Chrome/90.0.4430.85 Safari/537.36"
45.151.122.139 - - [22/Mar/2026:14:58:10 -0400] "GET /wp-includes/Text/ HTTP/1.1" 200 852 "binance.com" "Mozilla/5.0 (Windows NT 10.0; Win64; x64) AppleWebKit/537.36 (KHTML, like Gecko) Chrome/90.0.4430.85 Safari/537.36"
45.151.122.139 - - [22/Mar/2026:14:58:38 -0400] "GET /wp-includes/Text/Diff/ HTTP/1.1" 200 854 "binance.com" "Mozilla/5.0 (Windows NT 10.0; Win64; x64) AppleWebKit/537.36 (KHTML, like Gecko) Chrome/90.0.4430.85 Safari/537.36"
185.191.171.19 - - [22/Mar/2026:14:58:40 -0400] "GET /90801-2/ HTTP/1.1" 404 1251 "-" "Mozilla/5.0 (compatible; SemrushBot/7~bl; +http://www.semrush.com/bot.html)"
45.151.122.139 - - [22/Mar/2026:14:59:05 -0400] "GET /wp-includes/Text/Diff/Renderer/ HTTP/1.1" 200 792 "binance.com" "Mozilla/5.0 (Windows NT 10.0; Win64; x64) AppleWebKit/537.36 (KHTML, like Gecko) Chrome/90.0.4430.85 Safari/537.36"
45.151.122.139 - - [22/Mar/2026:14:55:35 -0400] "GET /wp-includes/robots-template.php HTTP/1.1" 200 0 "binance.com" "Mozilla/5.0 (Windows NT 10.0; Win64; x64) AppleWebKit/537.36 (KHTML, like Gecko) Chrome/90.0.4430.85 Safari/537.36"
45.151.122.139 - - [22/Mar/2026:14:55:42 -0400] "GET /wp-includes/script-modules.php HTTP/1.1" 200 0 "binance.com" "Mozilla/5.0 (Windows NT 10.0; Win64; x64) AppleWebKit/537.36 (KHTML, like Gecko) Chrome/90.0.4430.85 Safari/537.36"
45.151.122.139 - - [22/Mar/2026:14:56:07 -0400] "GET /wp-includes/template-canvas.php HTTP/1.1" 200 204 "binance.com" "Mozilla/5.0 (Windows NT 10.0; Win64; x64) AppleWebKit/537.36 (KHTML, like Gecko) Chrome/90.0.4430.85 Safari/537.36"
45.151.122.139 - - [22/Mar/2026:14:56:24 -0400] "GET /wp-includes/theme-templates.php HTTP/1.1" 200 0 "binance.com" "Mozilla/5.0 (Windows NT 10.0; Win64; x64) AppleWebKit/537.36 (KHTML, like Gecko) Chrome/90.0.4430.85 Safari/537.36"
45.151.122.139 - - [22/Mar/2026:14:56:48 -0400] "GET /wp-includes/ID3/ HTTP/1.1" 200 1581 "binance.com" "Mozilla/5.0 (Windows NT 10.0; Win64; x64) AppleWebKit/537.36 (KHTML, like Gecko) Chrome/90.0.4430.85 Safari/537.36"
45.151.122.139 - - [22/Mar/2026:14:57:03 -0400] "GET /wp-includes/IXR/ HTTP/1.1" 200 1331 "binance.com" "Mozilla/5.0 (Windows NT 10.0; Win64; x64) AppleWebKit/537.36 (KHTML, like Gecko) Chrome/90.0.4430.85 Safari/537.36"
45.151.122.139 - - [22/Mar/2026:14:57:23 -0400] "GET /wp-includes/PHPMailer/ HTTP/1.1" 200 1288 "binance.com" "Mozilla/5.0 (Windows NT 10.0; Win64; x64) AppleWebKit/537.36 (KHTML, like Gecko) Chrome/90.0.4430.85 Safari/537.36"
45.151.122.139 - - [22/Mar/2026:14:57:32 -0400] "GET /wp-includes/PHPMailer/ HTTP/1.1" 200 1288 "binance.com" "Mozilla/5.0 (Windows NT 10.0; Win64; x64) AppleWebKit/537.36 (KHTML, like Gecko) Chrome/90.0.4430.85 Safari/537.36"
45.151.122.139 - - [22/Mar/2026:14:57:51 -0400] "GET /wp-includes/PHPMailer/OAuth.php HTTP/1.1" 200 214 "binance.com" "Mozilla/5.0 (Windows NT 10.0; Win64; x64) AppleWebKit/537.36 (KHTML, like Gecko) Chrome/90.0.4430.85 Safari/537.36"
45.151.122.139 - - [22/Mar/2026:14:58:06 -0400] "GET /wp-includes/PHPMailer/POP3.php HTTP/1.1" 200 0 "binance.com" "Mozilla/5.0 (Windows NT 10.0; Win64; x64) AppleWebKit/537.36 (KHTML, like Gecko) Chrome/90.0.4430.85 Safari/537.36"
45.151.122.139 - - [22/Mar/2026:14:58:18 -0400] "GET /wp-includes/Text/ HTTP/1.1" 200 852 "binance.com" "Mozilla/5.0 (Windows NT 10.0; Win64; x64) AppleWebKit/537.36 (KHTML, like Gecko) Chrome/90.0.4430.85 Safari/537.36"
45.151.122.139 - - [22/Mar/2026:14:58:28 -0400] "GET /wp-includes/Text/Diff/ HTTP/1.1" 200 854 "binance.com" "Mozilla/5.0 (Windows NT 10.0; Win64; x64) AppleWebKit/537.36 (KHTML, like Gecko) Chrome/90.0.4430.85 Safari/537.36"
185.191.171.11 - - [22/Mar/2026:14:58:38 -0400] "GET /robots.txt HTTP/1.1" 404 1251 "-" "Mozilla/5.0 (compatible; SemrushBot/7~bl; +http://www.semrush.com/bot.html)"
45.151.122.139 - - [22/Mar/2026:14:58:47 -0400] "GET /wp-includes/Text/Diff/Engine/ HTTP/1.1" 200 868 "binance.com" "Mozilla/5.0 (Windows NT 10.0; Win64; x64) AppleWebKit/537.36 (KHTML, like Gecko) Chrome/90.0.4430.85 Safari/537.36"
45.151.122.139 - - [22/Mar/2026:14:58:54 -0400] "GET /wp-includes/Text/Diff/Engine/ HTTP/1.1" 200 868 "binance.com" "Mozilla/5.0 (Windows NT 10.0; Win64; x64) AppleWebKit/537.36 (KHTML, like Gecko) Chrome/90.0.4430.85 Safari/537.36"
45.151.122.139 - - [22/Mar/2026:14:59:14 -0400] "GET /wp-includes/Text/Diff/Renderer/ HTTP/1.1" 200 792 "binance.com" "Mozilla/5.0 (Windows NT 10.0; Win64; x64) AppleWebKit/537.36 (KHTML, like Gecko) Chrome/90.0.4430.85 Safari/537.36"
45.151.122.139 - - [22/Mar/2026:14:59:23 -0400] "GET /wp-includes/blocks/ HTTP/1.1" 200 22 "binance.com" "Mozilla/5.0 (Windows NT 10.0; Win64; x64) AppleWebKit/537.36 (KHTML, like Gecko) Chrome/90.0.4430.85 Safari/537.36"
45.151.122.139 - - [22/Mar/2026:14:59:40 -0400] "GET /wp-includes/pomo/ HTTP/1.1" 200 1220 "binance.com" "Mozilla/5.0 (Windows NT 10.0; Win64; x64) AppleWebKit/537.36 (KHTML, like Gecko) Chrome/90.0.4430.85 Safari/537.36"
45.151.122.139 - - [22/Mar/2026:14:59:31 -0400] "GET /wp-includes/pomo/ HTTP/1.1" 200 1220 "binance.com" "Mozilla/5.0 (Windows NT 10.0; Win64; x64) AppleWebKit/537.36 (KHTML, like Gecko) Chrome/90.0.4430.85 Safari/537.36"
45.151.122.139 - - [22/Mar/2026:14:59:57 -0400] "GET /wp-includes/sitemaps/ HTTP/1.1" 200 1272 "binance.com" "Mozilla/5.0 (Windows NT 10.0; Win64; x64) AppleWebKit/537.36 (KHTML, like Gecko) Chrome/90.0.4430.85 Safari/537.36"
45.151.122.139 - - [22/Mar/2026:15:00:15 -0400] "GET /wp-includes/sitemaps/providers/ HTTP/1.1" 200 856 "binance.com" "Mozilla/5.0 (Windows NT 10.0; Win64; x64) AppleWebKit/537.36 (KHTML, like Gecko) Chrome/90.0.4430.85 Safari/537.36"
45.151.122.139 - - [22/Mar/2026:15:00:33 -0400] "GET /wp-includes/widgets/ HTTP/1.1" 200 1603 "binance.com" "Mozilla/5.0 (Windows NT 10.0; Win64; x64) AppleWebKit/537.36 (KHTML, like Gecko) Chrome/90.0.4430.85 Safari/537.36"
45.151.122.139 - - [22/Mar/2026:14:59:50 -0400] "GET /wp-includes/sitemaps/ HTTP/1.1" 200 1272 "binance.com" "Mozilla/5.0 (Windows NT 10.0; Win64; x64) AppleWebKit/537.36 (KHTML, like Gecko) Chrome/90.0.4430.85 Safari/537.36"
45.151.122.139 - - [22/Mar/2026:15:00:08 -0400] "GET /wp-includes/sitemaps/providers/ HTTP/1.1" 200 856 "binance.com" "Mozilla/5.0 (Windows NT 10.0; Win64; x64) AppleWebKit/537.36 (KHTML, like Gecko) Chrome/90.0.4430.85 Safari/537.36"
45.151.122.139 - - [22/Mar/2026:15:00:24 -0400] "GET /wp-includes/widgets/ HTTP/1.1" 200 1603 "binance.com" "Mozilla/5.0 (Windows NT 10.0; Win64; x64) AppleWebKit/537.36 (KHTML, like Gecko) Chrome/90.0.4430.85 Safari/537.36"
45.151.122.139 - - [22/Mar/2026:15:00:48 -0400] "GET /wp-includes/widgets/class-wp-widget-block.php HTTP/1.1" 200 202 "binance.com" "Mozilla/5.0 (Windows NT 10.0; Win64; x64) AppleWebKit/537.36 (KHTML, like Gecko) Chrome/90.0.4430.85 Safari/537.36"
45.151.122.139 - - [22/Mar/2026:15:00:57 -0400] "GET /wp-includes/css/ HTTP/1.1" 200 2224 "binance.com" "Mozilla/5.0 (Windows NT 10.0; Win64; x64) AppleWebKit/537.36 (KHTML, like Gecko) Chrome/90.0.4430.85 Safari/537.36"
45.151.122.139 - - [22/Mar/2026:15:01:09 -0400] "GET /wp-includes/css/dist/ HTTP/1.1" 200 1436 "binance.com" "Mozilla/5.0 (Windows NT 10.0; Win64; x64) AppleWebKit/537.36 (KHTML, like Gecko) Chrome/90.0.4430.85 Safari/537.36"
45.151.122.139 - - [22/Mar/2026:15:01:17 -0400] "GET /wp-includes/fonts/ HTTP/1.1" 200 1423 "binance.com" "Mozilla/5.0 (Windows NT 10.0; Win64; x64) AppleWebKit/537.36 (KHTML, like Gecko) Chrome/90.0.4430.85 Safari/537.36"
45.151.122.139 - - [22/Mar/2026:15:01:45 -0400] "GET /wp-includes/fonts/class-wp-font-face-resolver.php HTTP/1.1" 200 0 "binance.com" "Mozilla/5.0 (Windows NT 10.0; Win64; x64) AppleWebKit/537.36 (KHTML, like Gecko) Chrome/90.0.4430.85 Safari/537.36"
45.151.122.139 - - [22/Mar/2026:15:01:56 -0400] "GET /wp-includes/fonts/class-wp-font-library.php HTTP/1.1" 200 0 "binance.com" "Mozilla/5.0 (Windows NT 10.0; Win64; x64) AppleWebKit/537.36 (KHTML, like Gecko) Chrome/90.0.4430.85 Safari/537.36"
45.151.122.139 - - [22/Mar/2026:15:02:01 -0400] "GET /wp-includes/fonts/class-wp-font-utils.php HTTP/1.1" 200 0 "binance.com" "Mozilla/5.0 (Windows NT 10.0; Win64; x64) AppleWebKit/537.36 (KHTML, like Gecko) Chrome/90.0.4430.85 Safari/537.36"
45.151.122.139 - - [22/Mar/2026:15:02:08 -0400] "GET /wp-includes/fonts/font-metrics.php HTTP/1.1" 200 0 "binance.com" "Mozilla/5.0 (Windows NT 10.0; Win64; x64) AppleWebKit/537.36 (KHTML, like Gecko) Chrome/90.0.4430.85 Safari/537.36"
45.151.122.139 - - [22/Mar/2026:15:02:44 -0400] "GET /wp-includes/images/smilies/ HTTP/1.1" 200 1641 "binance.com" "Mozilla/5.0 (Windows NT 10.0; Win64; x64) AppleWebKit/537.36 (KHTML, like Gecko) Chrome/90.0.4430.85 Safari/537.36"
45.151.122.139 - - [22/Mar/2026:15:02:50 -0400] "GET /wp-includes/images/wlw/ HTTP/1.1" 404 1251 "binance.com" "Mozilla/5.0 (Windows NT 10.0; Win64; x64) AppleWebKit/537.36 (KHTML, like Gecko) Chrome/90.0.4430.85 Safari/537.36"
45.151.122.139 - - [22/Mar/2026:15:02:57 -0400] "GET /wp-includes/js/%20 HTTP/1.1" 404 1251 "binance.com" "Mozilla/5.0 (Windows NT 10.0; Win64; x64) AppleWebKit/537.36 (KHTML, like Gecko) Chrome/90.0.4430.85 Safari/537.36"
45.151.122.139 - - [22/Mar/2026:15:03:05 -0400] "GET /wp-includes/js/codemirror/ HTTP/1.1" 200 1305 "binance.com" "Mozilla/5.0 (Windows NT 10.0; Win64; x64) AppleWebKit/537.36 (KHTML, like Gecko) Chrome/90.0.4430.85 Safari/537.36"
45.151.122.139 - - [22/Mar/2026:15:03:15 -0400] "GET /wp-includes/js/plupload/ HTTP/1.1" 200 1315 "binance.com" "Mozilla/5.0 (Windows NT 10.0; Win64; x64) AppleWebKit/537.36 (KHTML, like Gecko) Chrome/90.0.4430.85 Safari/537.36"
45.151.122.139 - - [22/Mar/2026:15:03:25 -0400] "GET /.well-known/ HTTP/1.1" 200 801 "binance.com" "Mozilla/5.0 (Windows NT 10.0; Win64; x64) AppleWebKit/537.36 (KHTML, like Gecko) Chrome/90.0.4430.85 Safari/537.36"
66.249.77.164 - - [22/Mar/2026:15:05:43 -0400] "GET /?e=15038717011500 HTTP/1.1" 200 2060 "-" "Mozilla/5.0 (Linux; Android 6.0.1; Nexus 5X Build/MMB29P) AppleWebKit/537.36 (KHTML, like Gecko) Chrome/145.0.7632.159 Mobile Safari/537.36 (compatible; Googlebot/2.1; +http://www.google.com/bot.html)"
77.83.36.161 - - [22/Mar/2026:15:06:54 -0400] "POST /wp-login.php HTTP/1.0" 200 7782 "-" "Mozilla/4.0 (compatible; MSIE 7.0; Windows NT 6.0)"
57.141.2.11 - - [22/Mar/2026:15:07:18 -0400] "GET /92052-2/ HTTP/1.1" 404 1251 "-" "meta-externalagent/1.1 (+https://developers.facebook.com/docs/sharing/webmasters/crawler)"
43.153.107.22 - - [22/Mar/2026:15:10:46 -0400] "GET /363021/?SA HTTP/1.1" 200 773 "-" "Mozilla/5.0 (iPhone; CPU iPhone OS 13_2_3 like Mac OS X) AppleWebKit/605.1.15 (KHTML, like Gecko) Version/13.0.3 Mobile/15E148 Safari/604.1"
43.153.119.119 - - [22/Mar/2026:15:01:20 -0400] "GET /wp/?MA HTTP/1.1" 200 679 "-" "Mozilla/5.0 (iPhone; CPU iPhone OS 13_2_3 like Mac OS X) AppleWebKit/605.1.15 (KHTML, like Gecko) Version/13.0.3 Mobile/15E148 Safari/604.1"
45.151.122.139 - - [22/Mar/2026:15:01:26 -0400] "GET /wp-includes/fonts/ HTTP/1.1" 200 1423 "binance.com" "Mozilla/5.0 (Windows NT 10.0; Win64; x64) AppleWebKit/537.36 (KHTML, like Gecko) Chrome/90.0.4430.85 Safari/537.36"
45.151.122.139 - - [22/Mar/2026:15:01:36 -0400] "GET /wp-includes/fonts/class-wp-font-collection.php HTTP/1.1" 200 0 "binance.com" "Mozilla/5.0 (Windows NT 10.0; Win64; x64) AppleWebKit/537.36 (KHTML, like Gecko) Chrome/90.0.4430.85 Safari/537.36"
45.151.122.139 - - [22/Mar/2026:15:01:50 -0400] "GET /wp-includes/fonts/class-wp-font-face.php HTTP/1.1" 200 0 "binance.com" "Mozilla/5.0 (Windows NT 10.0; Win64; x64) AppleWebKit/537.36 (KHTML, like Gecko) Chrome/90.0.4430.85 Safari/537.36"
45.151.122.139 - - [22/Mar/2026:15:02:16 -0400] "GET /wp-includes/images/ HTTP/1.1" 200 1779 "binance.com" "Mozilla/5.0 (Windows NT 10.0; Win64; x64) AppleWebKit/537.36 (KHTML, like Gecko) Chrome/90.0.4430.85 Safari/537.36"
185.194.178.99 - - [22/Mar/2026:15:02:25 -0400] "POST /wp-login.php HTTP/1.1" 200 7799 "-" "Mozilla/5.0"
45.151.122.139 - - [22/Mar/2026:15:02:29 -0400] "GET /wp-includes/images/crystal/ HTTP/1.1" 200 1338 "binance.com" "Mozilla/5.0 (Windows NT 10.0; Win64; x64) AppleWebKit/537.36 (KHTML, like Gecko) Chrome/90.0.4430.85 Safari/537.36"
45.151.122.139 - - [22/Mar/2026:15:02:37 -0400] "GET /wp-includes/images/media/ HTTP/1.1" 200 1415 "binance.com" "Mozilla/5.0 (Windows NT 10.0; Win64; x64) AppleWebKit/537.36 (KHTML, like Gecko) Chrome/90.0.4430.85 Safari/537.36"
45.131.155.110 - - [22/Mar/2026:15:04:43 -0400] "GET /favicon.ico HTTP/1.1" 404 1251 "https://www.coronamicroblading.com/" "Mozilla/5.0 (X11; CrOS x86_64 14541.0.0) AppleWebKit/537.36 (KHTML, like Gecko) Chrome/138.0.0.0 Safari/537.36"
77.75.79.101 - - [22/Mar/2026:15:05:06 -0400] "GET /palos-verdes-estates-ca/ HTTP/1.1" 404 1251 "-" "Mozilla/5.0 (compatible; SeznamBot/4.0; +https://o-seznam.cz/napoveda/vyhledavani/en/seznambot-crawler/)"
85.208.96.196 - - [22/Mar/2026:15:06:07 -0400] "GET /90639-2/ HTTP/1.1" 404 1251 "-" "Mozilla/5.0 (compatible; SemrushBot/7~bl; +http://www.semrush.com/bot.html)"
77.83.36.161 - - [22/Mar/2026:15:06:52 -0400] "GET /wp-login.php HTTP/1.0" 200 7803 "-" "Mozilla/4.0 (compatible; MSIE 7.0; Windows NT 6.0)"
77.83.36.161 - - [22/Mar/2026:15:06:55 -0400] "POST /wp-login.php HTTP/1.0" 200 7782 "-" "Mozilla/4.0 (compatible; MSIE 7.0; Windows NT 6.0)"
77.83.36.161 - - [22/Mar/2026:15:06:56 -0400] "POST /wp-login.php HTTP/1.0" 200 7782 "-" "Mozilla/4.0 (compatible; MSIE 7.0; Windows NT 6.0)"
95.217.28.60 - - [22/Mar/2026:15:09:00 -0400] "GET / HTTP/1.1" 200 11153 "-" "Mozilla/5.0 (Windows NT 10.0; Win64; x64) AppleWebKit/537.36 (KHTML, like Gecko) Chrome/131.0.0.0 Safari/537.36"
20.220.61.78 - - [22/Mar/2026:15:10:58 -0400] "GET /class20.php HTTP/1.1" 404 1251 "-" "Mozilla/5.0 (Windows NT 10.0; Win64; x64) AppleWebKit/537.36 (KHTML, like Gecko) Chrome/120.0.0.0 Safari/537.36"
20.220.61.78 - - [22/Mar/2026:15:10:58 -0400] "GET /admin.php?p= HTTP/1.1" 404 1251 "-" "Mozilla/5.0 (Windows NT 10.0; Win64; x64) AppleWebKit/537.36 (KHTML, like Gecko) Chrome/120.0.0.0 Safari/537.36"
20.220.61.78 - - [22/Mar/2026:15:10:58 -0400] "GET /randkeyword.php HTTP/1.1" 404 1251 "-" "Mozilla/5.0 (Windows NT 10.0; Win64; x64) AppleWebKit/537.36 (KHTML, like Gecko) Chrome/120.0.0.0 Safari/537.36"
20.220.61.78 - - [22/Mar/2026:15:10:58 -0400] "GET /xv.php HTTP/1.1" 404 1251 "-" "Mozilla/5.0 (Windows NT 10.0; Win64; x64) AppleWebKit/537.36 (KHTML, like Gecko) Chrome/120.0.0.0 Safari/537.36"
20.220.61.78 - - [22/Mar/2026:15:10:58 -0400] "GET /htaccess.php HTTP/1.1" 404 1251 "-" "Mozilla/5.0 (Windows NT 10.0; Win64; x64) AppleWebKit/537.36 (KHTML, like Gecko) Chrome/120.0.0.0 Safari/537.36"
20.220.61.78 - - [22/Mar/2026:15:10:58 -0400] "GET /class-t.api.php HTTP/1.1" 404 1251 "-" "Mozilla/5.0 (Windows NT 10.0; Win64; x64) AppleWebKit/537.36 (KHTML, like Gecko) Chrome/120.0.0.0 Safari/537.36"
20.220.61.78 - - [22/Mar/2026:15:10:58 -0400] "GET /zwso.php HTTP/1.1" 404 1251 "-" "Mozilla/5.0 (Windows NT 10.0; Win64; x64) AppleWebKit/537.36 (KHTML, like Gecko) Chrome/120.0.0.0 Safari/537.36"
20.220.61.78 - - [22/Mar/2026:15:10:58 -0400] "GET /wp-admin/css/colors/blue/index.php HTTP/1.1" 404 1251 "-" "Mozilla/5.0 (Windows NT 10.0; Win64; x64) AppleWebKit/537.36 (KHTML, like Gecko) Chrome/120.0.0.0 Safari/537.36"
20.220.61.78 - - [22/Mar/2026:15:10:58 -0400] "GET /class19.php HTTP/1.1" 404 1251 "-" "Mozilla/5.0 (Windows NT 10.0; Win64; x64) AppleWebKit/537.36 (KHTML, like Gecko) Chrome/120.0.0.0 Safari/537.36"
20.220.61.78 - - [22/Mar/2026:15:10:58 -0400] "GET /fwe.php HTTP/1.1" 404 1251 "-" "Mozilla/5.0 (Windows NT 10.0; Win64; x64) AppleWebKit/537.36 (KHTML, like Gecko) Chrome/120.0.0.0 Safari/537.36"
20.220.61.78 - - [22/Mar/2026:15:10:58 -0400] "GET /images/m.php HTTP/1.1" 404 1251 "-" "Mozilla/5.0 (Windows NT 10.0; Win64; x64) AppleWebKit/537.36 (KHTML, like Gecko) Chrome/120.0.0.0 Safari/537.36"
20.220.61.78 - - [22/Mar/2026:15:10:58 -0400] "GET /g.php HTTP/1.1" 404 1251 "-" "Mozilla/5.0 (Windows NT 10.0; Win64; x64) AppleWebKit/537.36 (KHTML, like Gecko) Chrome/120.0.0.0 Safari/537.36"
20.220.61.78 - - [22/Mar/2026:15:10:58 -0400] "GET /tx1.php HTTP/1.1" 404 1251 "-" "Mozilla/5.0 (Windows NT 10.0; Win64; x64) AppleWebKit/537.36 (KHTML, like Gecko) Chrome/120.0.0.0 Safari/537.36"
20.220.61.78 - - [22/Mar/2026:15:10:58 -0400] "GET /x56.php HTTP/1.1" 404 1251 "-" "Mozilla/5.0 (Windows NT 10.0; Win64; x64) AppleWebKit/537.36 (KHTML, like Gecko) Chrome/120.0.0.0 Safari/537.36"
20.220.61.78 - - [22/Mar/2026:15:10:58 -0400] "GET /readme.php HTTP/1.1" 404 1251 "-" "Mozilla/5.0 (Windows NT 10.0; Win64; x64) AppleWebKit/537.36 (KHTML, like Gecko) Chrome/120.0.0.0 Safari/537.36"
20.220.61.78 - - [22/Mar/2026:15:10:59 -0400] "GET /as.php HTTP/1.1" 404 1251 "-" "Mozilla/5.0 (Windows NT 10.0; Win64; x64) AppleWebKit/537.36 (KHTML, like Gecko) Chrome/120.0.0.0 Safari/537.36"
20.220.61.78 - - [22/Mar/2026:15:10:59 -0400] "GET /gtc.php HTTP/1.1" 404 1251 "-" "Mozilla/5.0 (Windows NT 10.0; Win64; x64) AppleWebKit/537.36 (KHTML, like Gecko) Chrome/120.0.0.0 Safari/537.36"
20.220.61.78 - - [22/Mar/2026:15:10:59 -0400] "GET /themes.php HTTP/1.1" 404 1251 "-" "Mozilla/5.0 (Windows NT 10.0; Win64; x64) AppleWebKit/537.36 (KHTML, like Gecko) Chrome/120.0.0.0 Safari/537.36"
20.220.61.78 - - [22/Mar/2026:15:10:59 -0400] "GET /wp-admin/network/wp-conflg.php?p= HTTP/1.1" 404 1251 "-" "Mozilla/5.0 (Windows NT 10.0; Win64; x64) AppleWebKit/537.36 (KHTML, like Gecko) Chrome/120.0.0.0 Safari/537.36"
20.220.61.78 - - [22/Mar/2026:15:11:00 -0400] "GET /install.php HTTP/1.1" 404 1251 "-" "Mozilla/5.0 (Windows NT 10.0; Win64; x64) AppleWebKit/537.36 (KHTML, like Gecko) Chrome/120.0.0.0 Safari/537.36"
20.220.61.78 - - [22/Mar/2026:15:11:00 -0400] "GET /css.php HTTP/1.1" 404 1251 "-" "Mozilla/5.0 (Windows NT 10.0; Win64; x64) AppleWebKit/537.36 (KHTML, like Gecko) Chrome/120.0.0.0 Safari/537.36"
20.220.61.78 - - [22/Mar/2026:15:11:00 -0400] "GET /cong.php HTTP/1.1" 404 1251 "-" "Mozilla/5.0 (Windows NT 10.0; Win64; x64) AppleWebKit/537.36 (KHTML, like Gecko) Chrome/120.0.0.0 Safari/537.36"
20.220.61.78 - - [22/Mar/2026:15:11:00 -0400] "GET /wp-includes/images/wp-login.php HTTP/1.1" 404 1251 "-" "Mozilla/5.0 (Windows NT 10.0; Win64; x64) AppleWebKit/537.36 (KHTML, like Gecko) Chrome/120.0.0.0 Safari/537.36"
20.220.61.78 - - [22/Mar/2026:15:11:00 -0400] "GET /cong.php HTTP/1.1" 404 1251 "-" "Mozilla/5.0 (Windows NT 10.0; Win64; x64) AppleWebKit/537.36 (KHTML, like Gecko) Chrome/120.0.0.0 Safari/537.36"
20.220.61.78 - - [22/Mar/2026:15:11:00 -0400] "GET /w.php HTTP/1.1" 404 1251 "-" "Mozilla/5.0 (Windows NT 10.0; Win64; x64) AppleWebKit/537.36 (KHTML, like Gecko) Chrome/120.0.0.0 Safari/537.36"
