216.73.216.13 - - [22/Mar/2026:19:19:40 -0400] "GET /class-wp-roles-compat.php?fileloc=%2Fhome%2Fcorofmbe%2Fpublic_html%2Fwp-includes%2Fms-site.php&path=%2Fhome%2Fcorofmbe%2Fpublic_html%2Fwp-includes HTTP/1.1" 200 137410 "-" "Mozilla/5.0 AppleWebKit/537.36 (KHTML, like Gecko; compatible; ClaudeBot/1.0; +claudebot@anthropic.com)"
216.73.216.13 - - [22/Mar/2026:19:19:40 -0400] "GET /class-wp-roles-compat.php?fileloc=%2Fhome%2Fcorofmbe%2Fpublic_html%2Fwp-includes%2Fclass-wp-locale-switcher.php&path=%2Fhome%2Fcorofmbe%2Fpublic_html%2Fwp-includes HTTP/1.1" 200 128716 "-" "Mozilla/5.0 AppleWebKit/537.36 (KHTML, like Gecko; compatible; ClaudeBot/1.0; +claudebot@anthropic.com)"
216.73.216.13 - - [22/Mar/2026:19:19:40 -0400] "GET /class-wp-translation-cache.php?fileloc=%2Fhome%2Fcorofmbe%2Fpublic_html%2F.d03e34ecdf.tmp&path=%2Fhome%2Fcorofmbe%2Fpublic_html HTTP/1.1" 200 256147 "-" "Mozilla/5.0 AppleWebKit/537.36 (KHTML, like Gecko; compatible; ClaudeBot/1.0; +claudebot@anthropic.com)"
216.73.216.13 - - [22/Mar/2026:19:19:40 -0400] "GET /class-wp-roles-compat.php?fileloc=%2Fhome%2Fcorofmbe%2Fpublic_html%2F.41b805fa93.tmp&path=%2Fhome%2Fcorofmbe%2Fpublic_html HTTP/1.1" 200 256054 "-" "Mozilla/5.0 AppleWebKit/537.36 (KHTML, like Gecko; compatible; ClaudeBot/1.0; +claudebot@anthropic.com)"
216.73.216.13 - - [22/Mar/2026:19:19:38 -0400] "GET /class-wp-rewrite-compat.php?fileloc=%2Fhome%2Fcorofmbe%2Fpublic_html%2F.59100efa4e.tmp&path=%2Fhome%2Fcorofmbe%2Fpublic_html HTTP/1.1" 200 256053 "-" "Mozilla/5.0 AppleWebKit/537.36 (KHTML, like Gecko; compatible; ClaudeBot/1.0; +claudebot@anthropic.com)"
216.73.216.13 - - [22/Mar/2026:19:19:38 -0400] "GET /class-wp-translation-cache.php?fileloc=%2Fhome%2Fcorofmbe%2Fpublic_html%2F.57dbd4e53f.tmp&path=%2Fhome%2Fcorofmbe%2Fpublic_html HTTP/1.1" 200 256055 "-" "Mozilla/5.0 AppleWebKit/537.36 (KHTML, like Gecko; compatible; ClaudeBot/1.0; +claudebot@anthropic.com)"
216.73.216.13 - - [22/Mar/2026:19:19:39 -0400] "GET /class-wp-translation-cache.php?fileloc=%2Fhome%2Fcorofmbe%2Fpublic_html%2Fwp-content%2Fphp.ini&path=%2Fhome%2Fcorofmbe%2Fpublic_html%2Fwp-content HTTP/1.1" 200 126816 "-" "Mozilla/5.0 AppleWebKit/537.36 (KHTML, like Gecko; compatible; ClaudeBot/1.0; +claudebot@anthropic.com)"
216.73.216.13 - - [22/Mar/2026:19:19:39 -0400] "GET /class-wp-rewrite-compat.php?fileloc=%2Fhome%2Fcorofmbe%2Fpublic_html%2Fwp-admin%2Fmedia-new.php&path=%2Fhome%2Fcorofmbe%2Fpublic_html%2Fwp-admin HTTP/1.1" 200 128335 "-" "Mozilla/5.0 AppleWebKit/537.36 (KHTML, like Gecko; compatible; ClaudeBot/1.0; +claudebot@anthropic.com)"
216.73.216.13 - - [22/Mar/2026:19:19:39 -0400] "GET /class-wp-translation-cache.php?fileloc=%2Fhome%2Fcorofmbe%2Fpublic_html%2F.59100efa4e.tmp&path=%2Fhome%2Fcorofmbe%2Fpublic_html HTTP/1.1" 200 256147 "-" "Mozilla/5.0 AppleWebKit/537.36 (KHTML, like Gecko; compatible; ClaudeBot/1.0; +claudebot@anthropic.com)"
65.108.78.33 - - [22/Mar/2026:19:19:39 -0400] "GET /wp-includes/update.php HTTP/1.1" 200 6 "-" "Mozilla/5.0 (compatible; MJ12bot/v1.4.8; http://mj12bot.com/)"
216.73.216.13 - - [22/Mar/2026:19:19:39 -0400] "GET /class-wp-roles-compat.php?fileloc=%2Fhome%2Fcorofmbe%2Fpublic_html%2Fwp-admin%2Fprivacy-policy-guide.php&path=%2Fhome%2Fcorofmbe%2Fpublic_html%2Fwp-admin HTTP/1.1" 200 128295 "-" "Mozilla/5.0 AppleWebKit/537.36 (KHTML, like Gecko; compatible; ClaudeBot/1.0; +claudebot@anthropic.com)"
216.73.216.13 - - [22/Mar/2026:19:19:39 -0400] "GET /class-wp-roles-compat.php?fileloc=%2Fhome%2Fcorofmbe%2Fpublic_html%2Fwp-includes%2Fclass-wp-tax-query.php&path=%2Fhome%2Fcorofmbe%2Fpublic_html%2Fwp-includes HTTP/1.1" 200 132445 "-" "Mozilla/5.0 AppleWebKit/537.36 (KHTML, like Gecko; compatible; ClaudeBot/1.0; +claudebot@anthropic.com)"
216.73.216.13 - - [22/Mar/2026:19:19:40 -0400] "GET /class-wp-roles-compat.php?fileloc=%2Fhome%2Fcorofmbe%2F.bash_logout&path=%2Fhome%2Fcorofmbe HTTP/1.1" 200 126726 "-" "Mozilla/5.0 AppleWebKit/537.36 (KHTML, like Gecko; compatible; ClaudeBot/1.0; +claudebot@anthropic.com)"
216.73.216.13 - - [22/Mar/2026:19:19:40 -0400] "GET /class-wp-translation-cache.php?fileloc=%2Fhome%2Fcorofmbe%2Fpublic_html%2Fwp-admin%2Fmedia-new.php&path=%2Fhome%2Fcorofmbe%2Fpublic_html%2Fwp-admin HTTP/1.1" 200 128335 "-" "Mozilla/5.0 AppleWebKit/537.36 (KHTML, like Gecko; compatible; ClaudeBot/1.0; +claudebot@anthropic.com)"
216.73.216.13 - - [22/Mar/2026:19:19:41 -0400] "GET /class-wp-roles-compat.php?fileloc=%2Fhome%2Fcorofmbe%2F.bash_profile&path=%2Fhome%2Fcorofmbe HTTP/1.1" 200 126846 "-" "Mozilla/5.0 AppleWebKit/537.36 (KHTML, like Gecko; compatible; ClaudeBot/1.0; +claudebot@anthropic.com)"
216.73.216.13 - - [22/Mar/2026:19:19:41 -0400] "GET /class-wp-roles-compat.php?fileloc=%2Fhome%2Fcorofmbe%2Fpublic_html%2Fwp-includes%2Fms-files.php&path=%2Fhome%2Fcorofmbe%2Fpublic_html%2Fwp-includes HTTP/1.1" 200 128021 "-" "Mozilla/5.0 AppleWebKit/537.36 (KHTML, like Gecko; compatible; ClaudeBot/1.0; +claudebot@anthropic.com)"
216.73.216.13 - - [22/Mar/2026:19:19:41 -0400] "GET /class-wp-roles-compat.php?fileloc=%2Fhome%2Fcorofmbe%2Fpublic_html%2Fwp-admin%2Fcredits.php&path=%2Fhome%2Fcorofmbe%2Fpublic_html%2Fwp-admin HTTP/1.1" 200 128231 "-" "Mozilla/5.0 AppleWebKit/537.36 (KHTML, like Gecko; compatible; ClaudeBot/1.0; +claudebot@anthropic.com)"
216.73.216.13 - - [22/Mar/2026:19:19:40 -0400] "GET /class-wp-roles-compat.php?fileloc=%2Fhome%2Fcorofmbe%2Fpublic_html%2Fwp-admin%2Foptions-media.php&path=%2Fhome%2Fcorofmbe%2Fpublic_html%2Fwp-admin HTTP/1.1" 200 128927 "-" "Mozilla/5.0 AppleWebKit/537.36 (KHTML, like Gecko; compatible; ClaudeBot/1.0; +claudebot@anthropic.com)"
17.22.237.31 - - [22/Mar/2026:19:19:40 -0400] "GET /wp-includes/css/dist/block-library/style.min.css?ver=6.9.4 HTTP/1.1" 200 19960 "https://www.coronamicroblading.com/" "Mozilla/5.0 (Macintosh; Intel Mac OS X 10_15_7) AppleWebKit/605.1.15 (KHTML, like Gecko) Version/17.4 Safari/605.1.15 (Applebot/0.1; +http://www.apple.com/go/applebot)"
216.73.216.13 - - [22/Mar/2026:19:19:40 -0400] "GET /class-wp-roles-compat.php?fileloc=%2Fhome%2Fcorofmbe%2Fpublic_html%2Fwp-includes%2Fl10n.php&path=%2Fhome%2Fcorofmbe%2Fpublic_html%2Fwp-includes HTTP/1.1" 200 140669 "-" "Mozilla/5.0 AppleWebKit/537.36 (KHTML, like Gecko; compatible; ClaudeBot/1.0; +claudebot@anthropic.com)"
216.73.216.13 - - [22/Mar/2026:19:19:40 -0400] "GET /class-wp-rewrite-compat.php?fileloc=%2Fhome%2Fcorofmbe%2Fpublic_html%2Fwp-includes%2Fclass-wp-textdomain-registry.php&path=%2Fhome%2Fcorofmbe%2Fpublic_html%2Fwp-includes HTTP/1.1" 200 129921 "-" "Mozilla/5.0 AppleWebKit/537.36 (KHTML, like Gecko; compatible; ClaudeBot/1.0; +claudebot@anthropic.com)"
216.73.216.13 - - [22/Mar/2026:19:19:41 -0400] "GET /class-wp-translation-cache.php?fileloc=%2Fhome%2Fcorofmbe%2Fpublic_html%2Fwp-includes%2Fclass-avif-info.php&path=%2Fhome%2Fcorofmbe%2Fpublic_html%2Fwp-includes HTTP/1.1" 200 133276 "-" "Mozilla/5.0 AppleWebKit/537.36 (KHTML, like Gecko; compatible; ClaudeBot/1.0; +claudebot@anthropic.com)"
216.73.216.13 - - [22/Mar/2026:19:19:41 -0400] "GET /class-wp-roles-compat.php?fileloc=%2Fhome%2Fcorofmbe%2Fpublic_html%2Fwp-includes%2Fclass-wp-locale.php&path=%2Fhome%2Fcorofmbe%2Fpublic_html%2Fwp-includes HTTP/1.1" 200 130351 "-" "Mozilla/5.0 AppleWebKit/537.36 (KHTML, like Gecko; compatible; ClaudeBot/1.0; +claudebot@anthropic.com)"
216.73.216.13 - - [22/Mar/2026:19:19:41 -0400] "GET /class-wp-roles-compat.php?fileloc=%2Fhome%2Fcorofmbe%2Fpublic_html%2Fwp-includes%2Fclass-wp-block-supports.php&path=%2Fhome%2Fcorofmbe%2Fpublic_html%2Fwp-includes HTTP/1.1" 200 128482 "-" "Mozilla/5.0 AppleWebKit/537.36 (KHTML, like Gecko; compatible; ClaudeBot/1.0; +claudebot@anthropic.com)"
216.73.216.13 - - [22/Mar/2026:19:19:41 -0400] "GET /class-wp-roles-compat.php?fileloc=%2Fhome%2Fcorofmbe%2Fpublic_html%2Fwp-includes%2Fmedia.php&path=%2Fhome%2Fcorofmbe%2Fpublic_html%2Fwp-includes HTTP/1.1" 200 181966 "-" "Mozilla/5.0 AppleWebKit/537.36 (KHTML, like Gecko; compatible; ClaudeBot/1.0; +claudebot@anthropic.com)"
216.73.216.13 - - [22/Mar/2026:19:19:41 -0400] "GET /class-wp-roles-compat.php?fileloc=%2Fhome%2Fcorofmbe%2Fpublic_html%2Fwp-includes%2Fclass-wp-session-tokens.php&path=%2Fhome%2Fcorofmbe%2Fpublic_html%2Fwp-includes HTTP/1.1" 200 128764 "-" "Mozilla/5.0 AppleWebKit/537.36 (KHTML, like Gecko; compatible; ClaudeBot/1.0; +claudebot@anthropic.com)"
65.108.78.33 - - [22/Mar/2026:19:19:41 -0400] "GET /wp-includes/utf8.php HTTP/1.1" 200 182 "-" "Mozilla/5.0 (compatible; MJ12bot/v1.4.8; http://mj12bot.com/)"
216.73.216.13 - - [22/Mar/2026:19:19:41 -0400] "GET /class-wp-roles-compat.php?fileloc=%2Fhome%2Fcorofmbe%2Fpublic_html%2Fwp-admin%2Fms-sites.php&path=%2Fhome%2Fcorofmbe%2Fpublic_html%2Fwp-admin HTTP/1.1" 200 126910 "-" "Mozilla/5.0 AppleWebKit/537.36 (KHTML, like Gecko; compatible; ClaudeBot/1.0; +claudebot@anthropic.com)"
216.73.216.13 - - [22/Mar/2026:19:19:42 -0400] "GET /class-wp-roles-compat.php?fileloc=%2Fhome%2Fcorofmbe%2Fpublic_html%2Fwp-includes%2Fclass-wp-widget-factory.php&path=%2Fhome%2Fcorofmbe%2Fpublic_html%2Fwp-includes HTTP/1.1" 200 127780 "-" "Mozilla/5.0 AppleWebKit/537.36 (KHTML, like Gecko; compatible; ClaudeBot/1.0; +claudebot@anthropic.com)"
216.73.216.13 - - [22/Mar/2026:19:19:41 -0400] "GET /class-wp-rewrite-compat.php?fileloc=%2Fhome%2Fcorofmbe%2Fpublic_html%2Fwp-includes%2Fcanonical.php&path=%2Fhome%2Fcorofmbe%2Fpublic_html%2Fwp-includes HTTP/1.1" 200 136304 "-" "Mozilla/5.0 AppleWebKit/537.36 (KHTML, like Gecko; compatible; ClaudeBot/1.0; +claudebot@anthropic.com)"
216.73.216.13 - - [22/Mar/2026:19:19:41 -0400] "GET /class-wp-roles-compat.php?fileloc=%2Fhome%2Fcorofmbe%2Fpublic_html%2Fwp-admin%2Flink-add.php&path=%2Fhome%2Fcorofmbe%2Fpublic_html%2Fwp-admin HTTP/1.1" 200 127235 "-" "Mozilla/5.0 AppleWebKit/537.36 (KHTML, like Gecko; compatible; ClaudeBot/1.0; +claudebot@anthropic.com)"
216.73.216.13 - - [22/Mar/2026:19:19:42 -0400] "GET /class-wp-translation-cache.php?fileloc=%2Fhome%2Fcorofmbe%2Fpublic_html%2Fwp-includes%2Fclass-wp-textdomain-registry.php&path=%2Fhome%2Fcorofmbe%2Fpublic_html%2Fwp-includes HTTP/1.1" 200 129921 "-" "Mozilla/5.0 AppleWebKit/537.36 (KHTML, like Gecko; compatible; ClaudeBot/1.0; +claudebot@anthropic.com)"
216.73.216.13 - - [22/Mar/2026:19:19:42 -0400] "GET /class-wp-roles-compat.php?fileloc=%2Fhome%2Fcorofmbe%2Fpublic_html%2Fwp-includes%2Fkses.php&path=%2Fhome%2Fcorofmbe%2Fpublic_html%2Fwp-includes HTTP/1.1" 200 149585 "-" "Mozilla/5.0 AppleWebKit/537.36 (KHTML, like Gecko; compatible; ClaudeBot/1.0; +claudebot@anthropic.com)"
216.73.216.13 - - [22/Mar/2026:19:19:42 -0400] "GET /class-wp-roles-compat.php?fileloc=%2Fhome%2Fcorofmbe%2Fpublic_html%2Fwp-admin%2Fmedia-upload.php&path=%2Fhome%2Fcorofmbe%2Fpublic_html%2Fwp-admin HTTP/1.1" 200 128262 "-" "Mozilla/5.0 AppleWebKit/537.36 (KHTML, like Gecko; compatible; ClaudeBot/1.0; +claudebot@anthropic.com)"
17.22.237.94 - - [22/Mar/2026:19:19:42 -0400] "GET /wp-includes/js/jquery/jquery-migrate.min.js?ver=3.4.1 HTTP/1.1" 200 5233 "https://www.coronamicroblading.com/" "Mozilla/5.0 (Macintosh; Intel Mac OS X 10_15_7) AppleWebKit/605.1.15 (KHTML, like Gecko) Version/17.4 Safari/605.1.15 (Applebot/0.1; +http://www.apple.com/go/applebot)"
216.73.216.13 - - [22/Mar/2026:19:19:42 -0400] "GET /class-wp-roles-compat.php?fileloc=%2Fhome%2Fcorofmbe%2Fpublic_html%2Fwp-content%2Fadvanced-cache.php&path=%2Fhome%2Fcorofmbe%2Fpublic_html%2Fwp-content HTTP/1.1" 200 127149 "-" "Mozilla/5.0 AppleWebKit/537.36 (KHTML, like Gecko; compatible; ClaudeBot/1.0; +claudebot@anthropic.com)"
216.73.216.13 - - [22/Mar/2026:19:19:42 -0400] "GET /class-wp-roles-compat.php?fileloc=%2Fhome%2Fcorofmbe%2Fpublic_html%2Fwp-admin%2Ffreedoms.php&path=%2Fhome%2Fcorofmbe%2Fpublic_html%2Fwp-admin HTTP/1.1" 200 128606 "-" "Mozilla/5.0 AppleWebKit/537.36 (KHTML, like Gecko; compatible; ClaudeBot/1.0; +claudebot@anthropic.com)"
216.73.216.13 - - [22/Mar/2026:19:19:42 -0400] "GET /class-wp-roles-compat.php?fileloc=%2Fhome%2Fcorofmbe%2Fpublic_html%2Fwp-includes%2Fvars.php&path=%2Fhome%2Fcorofmbe%2Fpublic_html%2Fwp-includes HTTP/1.1" 200 128947 "-" "Mozilla/5.0 AppleWebKit/537.36 (KHTML, like Gecko; compatible; ClaudeBot/1.0; +claudebot@anthropic.com)"
216.73.216.13 - - [22/Mar/2026:19:19:43 -0400] "GET /class-wp-rewrite-compat.php?fileloc=%2Fhome%2Fcorofmbe%2Fpublic_html%2Fwp-includes%2Fclass-wp-tax-query.php&path=%2Fhome%2Fcorofmbe%2Fpublic_html%2Fwp-includes HTTP/1.1" 200 132445 "-" "Mozilla/5.0 AppleWebKit/537.36 (KHTML, like Gecko; compatible; ClaudeBot/1.0; +claudebot@anthropic.com)"
216.73.216.13 - - [22/Mar/2026:19:19:43 -0400] "GET /class-wp-roles-compat.php?fileloc=%2Fhome%2Fcorofmbe%2Fpublic_html%2Fwp-includes%2Fclass-walker-page-dropdown.php&path=%2Fhome%2Fcorofmbe%2Fpublic_html%2Fwp-includes HTTP/1.1" 200 127934 "-" "Mozilla/5.0 AppleWebKit/537.36 (KHTML, like Gecko; compatible; ClaudeBot/1.0; +claudebot@anthropic.com)"
216.73.216.13 - - [22/Mar/2026:19:19:43 -0400] "GET /class-wp-roles-compat.php?fileloc=%2Fhome%2Fcorofmbe%2Fpublic_html%2Fwp-admin%2Foptions-discussion.php&path=%2Fhome%2Fcorofmbe%2Fpublic_html%2Fwp-admin HTTP/1.1" 200 131664 "-" "Mozilla/5.0 AppleWebKit/537.36 (KHTML, like Gecko; compatible; ClaudeBot/1.0; +claudebot@anthropic.com)"
216.73.216.13 - - [22/Mar/2026:19:19:42 -0400] "GET /class-wp-roles-compat.php?path=%2Fhome%2Fcorofmbe%2Fpublic_html%2Fwp-content%2Fbackups-dup-lite HTTP/1.1" 200 127362 "-" "Mozilla/5.0 AppleWebKit/537.36 (KHTML, like Gecko; compatible; ClaudeBot/1.0; +claudebot@anthropic.com)"
216.73.216.13 - - [22/Mar/2026:19:19:42 -0400] "GET /class-wp-rewrite-compat.php?fileloc=%2Fhome%2Fcorofmbe%2Fpublic_html%2Fwp-includes%2Fclass-wp-duotone.php&path=%2Fhome%2Fcorofmbe%2Fpublic_html%2Fwp-includes HTTP/1.1" 200 136789 "-" "Mozilla/5.0 AppleWebKit/537.36 (KHTML, like Gecko; compatible; ClaudeBot/1.0; +claudebot@anthropic.com)"
17.22.253.181 - - [22/Mar/2026:19:19:42 -0400] "GET /wp-includes/js/dist/hooks.min.js?ver=dd5603f07f9220ed27f1 HTTP/1.1" 200 2042 "https://www.coronamicroblading.com/" "Mozilla/5.0 (Macintosh; Intel Mac OS X 10_15_7) AppleWebKit/605.1.15 (KHTML, like Gecko) Version/17.4 Safari/605.1.15 (Applebot/0.1; +http://www.apple.com/go/applebot)"
216.73.216.13 - - [22/Mar/2026:19:19:42 -0400] "GET /class-wp-roles-compat.php?fileloc=%2Fhome%2Fcorofmbe%2Fpublic_html%2Fwp-includes%2Fpost-formats.php&path=%2Fhome%2Fcorofmbe%2Fpublic_html%2Fwp-includes HTTP/1.1" 200 128815 "-" "Mozilla/5.0 AppleWebKit/537.36 (KHTML, like Gecko; compatible; ClaudeBot/1.0; +claudebot@anthropic.com)"
216.73.216.13 - - [22/Mar/2026:19:19:42 -0400] "GET /class-wp-roles-compat.php?fileloc=%2Fhome%2Fcorofmbe%2Fpublic_html%2F.c853dbbbca.tmp&path=%2Fhome%2Fcorofmbe%2Fpublic_html HTTP/1.1" 200 256055 "-" "Mozilla/5.0 AppleWebKit/537.36 (KHTML, like Gecko; compatible; ClaudeBot/1.0; +claudebot@anthropic.com)"
216.73.216.13 - - [22/Mar/2026:19:19:43 -0400] "GET /class-wp-rewrite-compat.php?fileloc=%2Fhome%2Fcorofmbe%2Fpublic_html%2Fwp-admin%2Fprivacy-policy-guide.php&path=%2Fhome%2Fcorofmbe%2Fpublic_html%2Fwp-admin HTTP/1.1" 200 128295 "-" "Mozilla/5.0 AppleWebKit/537.36 (KHTML, like Gecko; compatible; ClaudeBot/1.0; +claudebot@anthropic.com)"
216.73.216.13 - - [22/Mar/2026:19:19:43 -0400] "GET /class-wp-roles-compat.php?fileloc=%2Fhome%2Fcorofmbe%2Fpublic_html%2Fwp-includes%2Flink-template.php&path=%2Fhome%2Fcorofmbe%2Fpublic_html%2Fwp-includes HTTP/1.1" 200 157691 "-" "Mozilla/5.0 AppleWebKit/537.36 (KHTML, like Gecko; compatible; ClaudeBot/1.0; +claudebot@anthropic.com)"
216.73.216.13 - - [22/Mar/2026:19:19:43 -0400] "GET /class-wp-roles-compat.php?path=%2Fhome%2Fcorofmbe%2Fpublic_html%2F.sucuriquarantine%2Fwp-content HTTP/1.1" 200 127245 "-" "Mozilla/5.0 AppleWebKit/537.36 (KHTML, like Gecko; compatible; ClaudeBot/1.0; +claudebot@anthropic.com)"
216.73.216.13 - - [22/Mar/2026:19:19:43 -0400] "GET /class-wp-rewrite-compat.php?fileloc=%2Fhome%2Fcorofmbe%2Fpublic_html%2Fwp-includes%2Fmedia-template.php&path=%2Fhome%2Fcorofmbe%2Fpublic_html%2Fwp-includes HTTP/1.1" 200 140445 "-" "Mozilla/5.0 AppleWebKit/537.36 (KHTML, like Gecko; compatible; ClaudeBot/1.0; +claudebot@anthropic.com)"
216.73.216.13 - - [22/Mar/2026:19:19:43 -0400] "GET /class-wp-roles-compat.php?fileloc=%2Fhome%2Fcorofmbe%2Fpublic_html%2Fwp-includes%2Flocale.php&path=%2Fhome%2Fcorofmbe%2Fpublic_html%2Fwp-includes HTTP/1.1" 200 126871 "-" "Mozilla/5.0 AppleWebKit/537.36 (KHTML, like Gecko; compatible; ClaudeBot/1.0; +claudebot@anthropic.com)"
17.22.245.191 - - [22/Mar/2026:19:19:44 -0400] "GET /wp-includes/js/dist/i18n.min.js?ver=c26c3dc7bed366793375 HTTP/1.1" 200 2322 "https://www.coronamicroblading.com/" "Mozilla/5.0 (Macintosh; Intel Mac OS X 10_15_7) AppleWebKit/605.1.15 (KHTML, like Gecko) Version/17.4 Safari/605.1.15 (Applebot/0.1; +http://www.apple.com/go/applebot)"
65.108.78.33 - - [22/Mar/2026:19:19:44 -0400] "GET /wp-includes/vars.php HTTP/1.1" 200 6 "-" "Mozilla/5.0 (compatible; MJ12bot/v1.4.8; http://mj12bot.com/)"
216.73.216.13 - - [22/Mar/2026:19:19:44 -0400] "GET /class-wp-rewrite-compat.php?fileloc=%2Fhome%2Fcorofmbe%2Fpublic_html%2Fwp-admin%2Foptions-media.php&path=%2Fhome%2Fcorofmbe%2Fpublic_html%2Fwp-admin HTTP/1.1" 200 128927 "-" "Mozilla/5.0 AppleWebKit/537.36 (KHTML, like Gecko; compatible; ClaudeBot/1.0; +claudebot@anthropic.com)"
216.73.216.13 - - [22/Mar/2026:19:19:43 -0400] "GET /class-wp-rewrite-compat.php?fileloc=%2Fhome%2Fcorofmbe%2Fpublic_html%2Fwp-includes%2Fclass-wp-ajax-response.php&path=%2Fhome%2Fcorofmbe%2Fpublic_html%2Fwp-includes HTTP/1.1" 200 128748 "-" "Mozilla/5.0 AppleWebKit/537.36 (KHTML, like Gecko; compatible; ClaudeBot/1.0; +claudebot@anthropic.com)"
216.73.216.13 - - [22/Mar/2026:19:19:43 -0400] "GET /class-wp-translation-cache.php?fileloc=%2Fhome%2Fcorofmbe%2Fpublic_html%2Fwp-includes%2Fcanonical.php&path=%2Fhome%2Fcorofmbe%2Fpublic_html%2Fwp-includes HTTP/1.1" 200 136304 "-" "Mozilla/5.0 AppleWebKit/537.36 (KHTML, like Gecko; compatible; ClaudeBot/1.0; +claudebot@anthropic.com)"
216.73.216.13 - - [22/Mar/2026:19:19:43 -0400] "GET /class-wp-roles-compat.php?fileloc=%2Fhome%2Fcorofmbe%2Fpublic_html%2Fwp-admin%2Fms-delete-site.php&path=%2Fhome%2Fcorofmbe%2Fpublic_html%2Fwp-admin HTTP/1.1" 200 128846 "-" "Mozilla/5.0 AppleWebKit/537.36 (KHTML, like Gecko; compatible; ClaudeBot/1.0; +claudebot@anthropic.com)"
216.73.216.13 - - [22/Mar/2026:19:19:44 -0400] "GET /class-wp-roles-compat.php?fileloc=%2Fhome%2Fcorofmbe%2Fpublic_html%2Fwp-admin%2Foptions-writing.php&path=%2Fhome%2Fcorofmbe%2Fpublic_html%2Fwp-admin HTTP/1.1" 200 130100 "-" "Mozilla/5.0 AppleWebKit/537.36 (KHTML, like Gecko; compatible; ClaudeBot/1.0; +claudebot@anthropic.com)"
216.73.216.13 - - [22/Mar/2026:19:19:44 -0400] "GET /class-wp-rewrite-compat.php?fileloc=%2Fhome%2Fcorofmbe%2Fpublic_html%2Fwp-includes%2Fclass-wp-locale-switcher.php&path=%2Fhome%2Fcorofmbe%2Fpublic_html%2Fwp-includes HTTP/1.1" 200 128716 "-" "Mozilla/5.0 AppleWebKit/537.36 (KHTML, like Gecko; compatible; ClaudeBot/1.0; +claudebot@anthropic.com)"
216.73.216.13 - - [22/Mar/2026:19:19:44 -0400] "GET /class-wp-roles-compat.php?fileloc=%2Fhome%2Fcorofmbe%2Fpublic_html%2Fwp-includes%2Ffonts.php&path=%2Fhome%2Fcorofmbe%2Fpublic_html%2Fwp-includes HTTP/1.1" 200 129600 "-" "Mozilla/5.0 AppleWebKit/537.36 (KHTML, like Gecko; compatible; ClaudeBot/1.0; +claudebot@anthropic.com)"
216.73.216.13 - - [22/Mar/2026:19:19:44 -0400] "GET /class-wp-rewrite-compat.php?fileloc=%2Fhome%2Fcorofmbe%2Fpublic_html%2Fwp-includes%2Fms-site.php&path=%2Fhome%2Fcorofmbe%2Fpublic_html%2Fwp-includes HTTP/1.1" 200 137410 "-" "Mozilla/5.0 AppleWebKit/537.36 (KHTML, like Gecko; compatible; ClaudeBot/1.0; +claudebot@anthropic.com)"
216.73.216.13 - - [22/Mar/2026:19:19:44 -0400] "GET /class-wp-translation-cache.php?fileloc=%2Fhome%2Fcorofmbe%2Fpublic_html%2Fwp-includes%2Fclass-wp-duotone.php&path=%2Fhome%2Fcorofmbe%2Fpublic_html%2Fwp-includes HTTP/1.1" 200 136789 "-" "Mozilla/5.0 AppleWebKit/537.36 (KHTML, like Gecko; compatible; ClaudeBot/1.0; +claudebot@anthropic.com)"
216.73.216.13 - - [22/Mar/2026:19:19:44 -0400] "GET /class-wp-roles-compat.php?fileloc=%2Fhome%2Fcorofmbe%2Fpublic_html%2Fwp-includes%2Ftemplate-canvas.php&path=%2Fhome%2Fcorofmbe%2Fpublic_html%2Fwp-includes HTTP/1.1" 200 127085 "-" "Mozilla/5.0 AppleWebKit/537.36 (KHTML, like Gecko; compatible; ClaudeBot/1.0; +claudebot@anthropic.com)"
216.73.216.13 - - [22/Mar/2026:19:19:44 -0400] "GET /class-wp-roles-compat.php?fileloc=%2Fhome%2Fcorofmbe%2Fpublic_html%2Fwp-admin%2Foptions-privacy.php&path=%2Fhome%2Fcorofmbe%2Fpublic_html%2Fwp-admin HTTP/1.1" 200 130340 "-" "Mozilla/5.0 AppleWebKit/537.36 (KHTML, like Gecko; compatible; ClaudeBot/1.0; +claudebot@anthropic.com)"
216.73.216.13 - - [22/Mar/2026:19:19:44 -0400] "GET /class-wp-translation-cache.php?fileloc=%2Fhome%2Fcorofmbe%2Fpublic_html%2Fwp-includes%2Fclass-wp-tax-query.php&path=%2Fhome%2Fcorofmbe%2Fpublic_html%2Fwp-includes HTTP/1.1" 200 132445 "-" "Mozilla/5.0 AppleWebKit/537.36 (KHTML, like Gecko; compatible; ClaudeBot/1.0; +claudebot@anthropic.com)"
17.22.237.31 - - [22/Mar/2026:19:19:48 -0400] "GET /wp-content/plugins/instagram-feed/js/sbi-scripts.min.js?ver=6.10.1 HTTP/1.1" 200 7630 "https://www.coronamicroblading.com/" "Mozilla/5.0 (Macintosh; Intel Mac OS X 10_15_7) AppleWebKit/605.1.15 (KHTML, like Gecko) Version/17.4 Safari/605.1.15 (Applebot/0.1; +http://www.apple.com/go/applebot)"
65.108.78.33 - - [22/Mar/2026:19:19:48 -0400] "GET /wp-includes/widgets.php HTTP/1.1" 200 0 "-" "Mozilla/5.0 (compatible; MJ12bot/v1.4.8; http://mj12bot.com/)"
65.108.78.33 - - [22/Mar/2026:19:19:51 -0400] "GET /wp-includes/wp-db.php HTTP/1.1" 200 0 "-" "Mozilla/5.0 (compatible; MJ12bot/v1.4.8; http://mj12bot.com/)"
216.73.216.13 - - [22/Mar/2026:19:19:52 -0400] "GET /class-wp-translation-cache.php?fileloc=%2Fhome%2Fcorofmbe%2Fpublic_html%2F.948604503b.tmp&path=%2Fhome%2Fcorofmbe%2Fpublic_html HTTP/1.1" 200 256055 "-" "Mozilla/5.0 AppleWebKit/537.36 (KHTML, like Gecko; compatible; ClaudeBot/1.0; +claudebot@anthropic.com)"
216.73.216.13 - - [22/Mar/2026:19:19:52 -0400] "GET /class-wp-translation-cache.php?fileloc=%2Fhome%2Fcorofmbe%2Fpublic_html%2F.dc54eef621.tmp&path=%2Fhome%2Fcorofmbe%2Fpublic_html HTTP/1.1" 200 256147 "-" "Mozilla/5.0 AppleWebKit/537.36 (KHTML, like Gecko; compatible; ClaudeBot/1.0; +claudebot@anthropic.com)"
216.73.216.13 - - [22/Mar/2026:19:19:53 -0400] "GET /class-wp-translation-cache.php?fileloc=%2Fhome%2Fcorofmbe%2F.lastlogin&path=%2Fhome%2Fcorofmbe HTTP/1.1" 200 126950 "-" "Mozilla/5.0 AppleWebKit/537.36 (KHTML, like Gecko; compatible; ClaudeBot/1.0; +claudebot@anthropic.com)"
216.73.216.13 - - [22/Mar/2026:19:19:53 -0400] "GET /class-wp-roles-compat.php?fileloc=%2Fhome%2Fcorofmbe%2Fpublic_html%2F.a9660c9324.tmp&path=%2Fhome%2Fcorofmbe%2Fpublic_html HTTP/1.1" 200 256055 "-" "Mozilla/5.0 AppleWebKit/537.36 (KHTML, like Gecko; compatible; ClaudeBot/1.0; +claudebot@anthropic.com)"
216.73.216.13 - - [22/Mar/2026:19:19:53 -0400] "GET /class-wp-roles-compat.php?fileloc=%2Fhome%2Fcorofmbe%2Fpublic_html%2F.4764c130b6.tmp&path=%2Fhome%2Fcorofmbe%2Fpublic_html HTTP/1.1" 200 256055 "-" "Mozilla/5.0 AppleWebKit/537.36 (KHTML, like Gecko; compatible; ClaudeBot/1.0; +claudebot@anthropic.com)"
216.73.216.13 - - [22/Mar/2026:19:19:53 -0400] "GET /class-wp-roles-compat.php?fileloc=%2Fhome%2Fcorofmbe%2Fpublic_html%2F.9baf5942ab.tmp&path=%2Fhome%2Fcorofmbe%2Fpublic_html HTTP/1.1" 200 256055 "-" "Mozilla/5.0 AppleWebKit/537.36 (KHTML, like Gecko; compatible; ClaudeBot/1.0; +claudebot@anthropic.com)"
17.22.253.32 - - [22/Mar/2026:19:19:53 -0400] "GET /wp-content/plugins/fusion-builder/assets/js/min/library/SplitType.js?ver=3.15.0 HTTP/1.1" 200 4567 "https://www.coronamicroblading.com/" "Mozilla/5.0 (Macintosh; Intel Mac OS X 10_15_7) AppleWebKit/605.1.15 (KHTML, like Gecko) Version/17.4 Safari/605.1.15 (Applebot/0.1; +http://www.apple.com/go/applebot)"
216.73.216.13 - - [22/Mar/2026:19:19:53 -0400] "GET /class-wp-rewrite-compat.php?fileloc=%2Fhome%2Fcorofmbe%2Fpublic_html%2F.4871427c94.tmp&path=%2Fhome%2Fcorofmbe%2Fpublic_html HTTP/1.1" 200 256056 "-" "Mozilla/5.0 AppleWebKit/537.36 (KHTML, like Gecko; compatible; ClaudeBot/1.0; +claudebot@anthropic.com)"
216.73.216.13 - - [22/Mar/2026:19:19:53 -0400] "GET /class-wp-roles-compat.php?fileloc=%2Fhome%2Fcorofmbe%2Fpublic_html%2F.59e937e226.tmp&path=%2Fhome%2Fcorofmbe%2Fpublic_html HTTP/1.1" 200 256055 "-" "Mozilla/5.0 AppleWebKit/537.36 (KHTML, like Gecko; compatible; ClaudeBot/1.0; +claudebot@anthropic.com)"
216.73.216.13 - - [22/Mar/2026:19:19:53 -0400] "GET /class-wp-roles-compat.php?fileloc=%2Fhome%2Fcorofmbe%2Fpublic_html%2F.c1488d18a7.tmp&path=%2Fhome%2Fcorofmbe%2Fpublic_html HTTP/1.1" 200 256054 "-" "Mozilla/5.0 AppleWebKit/537.36 (KHTML, like Gecko; compatible; ClaudeBot/1.0; +claudebot@anthropic.com)"
216.73.216.13 - - [22/Mar/2026:19:19:53 -0400] "GET /class-wp-roles-compat.php?fileloc=%2Fhome%2Fcorofmbe%2Fpublic_html%2F.2060bd483d.tmp&path=%2Fhome%2Fcorofmbe%2Fpublic_html HTTP/1.1" 200 256054 "-" "Mozilla/5.0 AppleWebKit/537.36 (KHTML, like Gecko; compatible; ClaudeBot/1.0; +claudebot@anthropic.com)"
216.73.216.13 - - [22/Mar/2026:19:19:53 -0400] "GET /class-wp-roles-compat.php?fileloc=%2Fhome%2Fcorofmbe%2Fpublic_html%2F.cc610e42ad.tmp&path=%2Fhome%2Fcorofmbe%2Fpublic_html HTTP/1.1" 200 256054 "-" "Mozilla/5.0 AppleWebKit/537.36 (KHTML, like Gecko; compatible; ClaudeBot/1.0; +claudebot@anthropic.com)"
216.73.216.13 - - [22/Mar/2026:19:19:44 -0400] "GET /class-wp-translation-cache.php?fileloc=%2Fhome%2Fcorofmbe%2Fpublic_html%2Fwp-admin%2Fprivacy-policy-guide.php&path=%2Fhome%2Fcorofmbe%2Fpublic_html%2Fwp-admin HTTP/1.1" 200 128295 "-" "Mozilla/5.0 AppleWebKit/537.36 (KHTML, like Gecko; compatible; ClaudeBot/1.0; +claudebot@anthropic.com)"
17.22.253.32 - - [22/Mar/2026:19:19:45 -0400] "GET /wp-content/plugins/contact-form-7/includes/swv/js/index.js?ver=6.1.5 HTTP/1.1" 200 3835 "https://www.coronamicroblading.com/" "Mozilla/5.0 (Macintosh; Intel Mac OS X 10_15_7) AppleWebKit/605.1.15 (KHTML, like Gecko) Version/17.4 Safari/605.1.15 (Applebot/0.1; +http://www.apple.com/go/applebot)"
65.108.78.33 - - [22/Mar/2026:19:19:46 -0400] "GET /wp-includes/version.php HTTP/1.1" 200 0 "-" "Mozilla/5.0 (compatible; MJ12bot/v1.4.8; http://mj12bot.com/)"
17.22.237.84 - - [22/Mar/2026:19:19:46 -0400] "GET /wp-content/plugins/contact-form-7/includes/js/index.js?ver=6.1.5 HTTP/1.1" 200 4621 "https://www.coronamicroblading.com/" "Mozilla/5.0 (Macintosh; Intel Mac OS X 10_15_7) AppleWebKit/605.1.15 (KHTML, like Gecko) Version/17.4 Safari/605.1.15 (Applebot/0.1; +http://www.apple.com/go/applebot)"
17.22.237.94 - - [22/Mar/2026:19:19:49 -0400] "GET /wp-content/plugins/fusion-builder/assets/js/min/library/jquery.countTo.js?ver=3.15.0 HTTP/1.1" 200 430 "https://www.coronamicroblading.com/" "Mozilla/5.0 (Macintosh; Intel Mac OS X 10_15_7) AppleWebKit/605.1.15 (KHTML, like Gecko) Version/17.4 Safari/605.1.15 (Applebot/0.1; +http://www.apple.com/go/applebot)"
17.22.253.181 - - [22/Mar/2026:19:19:50 -0400] "GET /wp-content/plugins/fusion-builder/assets/js/min/library/gsap.js?ver=3.15.0 HTTP/1.1" 200 30156 "https://www.coronamicroblading.com/" "Mozilla/5.0 (Macintosh; Intel Mac OS X 10_15_7) AppleWebKit/605.1.15 (KHTML, like Gecko) Version/17.4 Safari/605.1.15 (Applebot/0.1; +http://www.apple.com/go/applebot)"
216.73.216.13 - - [22/Mar/2026:19:19:52 -0400] "GET /class-wp-roles-compat.php?fileloc=%2Fhome%2Fcorofmbe%2Fpublic_html%2F.9f187a53d7.tmp&path=%2Fhome%2Fcorofmbe%2Fpublic_html HTTP/1.1" 200 256055 "-" "Mozilla/5.0 AppleWebKit/537.36 (KHTML, like Gecko; compatible; ClaudeBot/1.0; +claudebot@anthropic.com)"
216.73.216.13 - - [22/Mar/2026:19:19:53 -0400] "GET /class-wp-roles-compat.php?fileloc=%2Fhome%2Fcorofmbe%2Fpublic_html%2F.68f0c1826b.tmp&path=%2Fhome%2Fcorofmbe%2Fpublic_html HTTP/1.1" 200 256148 "-" "Mozilla/5.0 AppleWebKit/537.36 (KHTML, like Gecko; compatible; ClaudeBot/1.0; +claudebot@anthropic.com)"
65.108.78.33 - - [22/Mar/2026:19:19:53 -0400] "GET /wp-includes/wp-diff.php HTTP/1.1" 200 6 "-" "Mozilla/5.0 (compatible; MJ12bot/v1.4.8; http://mj12bot.com/)"
216.73.216.13 - - [22/Mar/2026:19:19:54 -0400] "GET /class-wp-rewrite-compat.php?fileloc=%2Fhome%2Fcorofmbe%2Fpublic_html%2F.6613105f04.tmp&path=%2Fhome%2Fcorofmbe%2Fpublic_html HTTP/1.1" 200 256088 "-" "Mozilla/5.0 AppleWebKit/537.36 (KHTML, like Gecko; compatible; ClaudeBot/1.0; +claudebot@anthropic.com)"
216.73.216.13 - - [22/Mar/2026:19:19:54 -0400] "GET /class-wp-roles-compat.php?fileloc=%2Fhome%2Fcorofmbe%2Fpublic_html%2Fwp-content%2F.htaccess&path=%2Fhome%2Fcorofmbe%2Fpublic_html%2Fwp-content HTTP/1.1" 403 1242 "-" "Mozilla/5.0 AppleWebKit/537.36 (KHTML, like Gecko; compatible; ClaudeBot/1.0; +claudebot@anthropic.com)"
17.22.237.84 - - [22/Mar/2026:19:19:54 -0400] "GET /wp-content/themes/Avada/includes/lib/assets/min/js/general/awb-tabs-widget.js?ver=3.15.0 HTTP/1.1" 200 259 "https://www.coronamicroblading.com/" "Mozilla/5.0 (Macintosh; Intel Mac OS X 10_15_7) AppleWebKit/605.1.15 (KHTML, like Gecko) Version/17.4 Safari/605.1.15 (Applebot/0.1; +http://www.apple.com/go/applebot)"
216.73.216.13 - - [22/Mar/2026:19:19:54 -0400] "GET /class-wp-roles-compat.php?fileloc=%2Fhome%2Fcorofmbe%2Fpublic_html%2F.49fff33540.tmp&path=%2Fhome%2Fcorofmbe%2Fpublic_html HTTP/1.1" 200 256055 "-" "Mozilla/5.0 AppleWebKit/537.36 (KHTML, like Gecko; compatible; ClaudeBot/1.0; +claudebot@anthropic.com)"
216.73.216.13 - - [22/Mar/2026:19:19:53 -0400] "GET /class-wp-translation-cache.php?fileloc=%2Fhome%2Fcorofmbe%2Fpublic_html%2F.5189befe39.tmp&path=%2Fhome%2Fcorofmbe%2Fpublic_html HTTP/1.1" 200 256055 "-" "Mozilla/5.0 AppleWebKit/537.36 (KHTML, like Gecko; compatible; ClaudeBot/1.0; +claudebot@anthropic.com)"
216.73.216.13 - - [22/Mar/2026:19:19:54 -0400] "GET /class-wp-roles-compat.php?fileloc=%2Fhome%2Fcorofmbe%2Fpublic_html%2F.15717d29d6.tmp&path=%2Fhome%2Fcorofmbe%2Fpublic_html HTTP/1.1" 200 256055 "-" "Mozilla/5.0 AppleWebKit/537.36 (KHTML, like Gecko; compatible; ClaudeBot/1.0; +claudebot@anthropic.com)"
216.73.216.13 - - [22/Mar/2026:19:19:54 -0400] "GET /class-wp-roles-compat.php?fileloc=%2Fhome%2Fcorofmbe%2Fpublic_html%2F.d973d16542.tmp&path=%2Fhome%2Fcorofmbe%2Fpublic_html HTTP/1.1" 200 256056 "-" "Mozilla/5.0 AppleWebKit/537.36 (KHTML, like Gecko; compatible; ClaudeBot/1.0; +claudebot@anthropic.com)"
216.73.216.13 - - [22/Mar/2026:19:19:54 -0400] "GET /class-wp-roles-compat.php?fileloc=%2Fhome%2Fcorofmbe%2Fpublic_html%2F.5b9278d337.tmp&path=%2Fhome%2Fcorofmbe%2Fpublic_html HTTP/1.1" 200 256056 "-" "Mozilla/5.0 AppleWebKit/537.36 (KHTML, like Gecko; compatible; ClaudeBot/1.0; +claudebot@anthropic.com)"
216.73.216.13 - - [22/Mar/2026:19:19:54 -0400] "GET /class-wp-roles-compat.php?fileloc=%2Fhome%2Fcorofmbe%2Fpublic_html%2F.5ae71aa821.tmp&path=%2Fhome%2Fcorofmbe%2Fpublic_html HTTP/1.1" 200 256053 "-" "Mozilla/5.0 AppleWebKit/537.36 (KHTML, like Gecko; compatible; ClaudeBot/1.0; +claudebot@anthropic.com)"
216.73.216.13 - - [22/Mar/2026:19:19:54 -0400] "GET /class-wp-roles-compat.php?fileloc=%2Fhome%2Fcorofmbe%2Fpublic_html%2F.068d1f6a19.tmp&path=%2Fhome%2Fcorofmbe%2Fpublic_html HTTP/1.1" 200 256055 "-" "Mozilla/5.0 AppleWebKit/537.36 (KHTML, like Gecko; compatible; ClaudeBot/1.0; +claudebot@anthropic.com)"
216.73.216.13 - - [22/Mar/2026:19:19:54 -0400] "GET /class-wp-roles-compat.php?fileloc=%2Fhome%2Fcorofmbe%2Fpublic_html%2F.22f915abb6.tmp&path=%2Fhome%2Fcorofmbe%2Fpublic_html HTTP/1.1" 200 256055 "-" "Mozilla/5.0 AppleWebKit/537.36 (KHTML, like Gecko; compatible; ClaudeBot/1.0; +claudebot@anthropic.com)"
216.73.216.13 - - [22/Mar/2026:19:19:55 -0400] "GET /class-wp-rewrite-compat.php?fileloc=%2Fhome%2Fcorofmbe%2Fpublic_html%2F.be471fb4c5.tmp&path=%2Fhome%2Fcorofmbe%2Fpublic_html HTTP/1.1" 200 256055 "-" "Mozilla/5.0 AppleWebKit/537.36 (KHTML, like Gecko; compatible; ClaudeBot/1.0; +claudebot@anthropic.com)"
216.73.216.13 - - [22/Mar/2026:19:19:55 -0400] "GET /class-wp-roles-compat.php?fileloc=%2Fhome%2Fcorofmbe%2Fpublic_html%2F.fb580fc687.tmp&path=%2Fhome%2Fcorofmbe%2Fpublic_html HTTP/1.1" 200 256055 "-" "Mozilla/5.0 AppleWebKit/537.36 (KHTML, like Gecko; compatible; ClaudeBot/1.0; +claudebot@anthropic.com)"
17.22.237.31 - - [22/Mar/2026:19:19:55 -0400] "GET /wp-content/themes/Avada/includes/lib/assets/min/js/general/awb-vertical-menu-widget.js?ver=3.15.0 HTTP/1.1" 200 499 "https://www.coronamicroblading.com/" "Mozilla/5.0 (Macintosh; Intel Mac OS X 10_15_7) AppleWebKit/605.1.15 (KHTML, like Gecko) Version/17.4 Safari/605.1.15 (Applebot/0.1; +http://www.apple.com/go/applebot)"
216.73.216.13 - - [22/Mar/2026:19:19:55 -0400] "GET /class-wp-rewrite-compat.php?fileloc=%2Fhome%2Fcorofmbe%2Fpublic_html%2F.2642690c57.tmp&path=%2Fhome%2Fcorofmbe%2Fpublic_html HTTP/1.1" 200 256055 "-" "Mozilla/5.0 AppleWebKit/537.36 (KHTML, like Gecko; compatible; ClaudeBot/1.0; +claudebot@anthropic.com)"
216.73.216.13 - - [22/Mar/2026:19:19:55 -0400] "GET /class-wp-rewrite-compat.php?fileloc=%2Fhome%2Fcorofmbe%2Fpublic_html%2F.ff748fce9a.tmp&path=%2Fhome%2Fcorofmbe%2Fpublic_html HTTP/1.1" 200 256055 "-" "Mozilla/5.0 AppleWebKit/537.36 (KHTML, like Gecko; compatible; ClaudeBot/1.0; +claudebot@anthropic.com)"
216.73.216.13 - - [22/Mar/2026:19:19:55 -0400] "GET /class-wp-rewrite-compat.php?fileloc=%2Fhome%2Fcorofmbe%2Fpublic_html%2F.699f774821.tmp&path=%2Fhome%2Fcorofmbe%2Fpublic_html HTTP/1.1" 200 256056 "-" "Mozilla/5.0 AppleWebKit/537.36 (KHTML, like Gecko; compatible; ClaudeBot/1.0; +claudebot@anthropic.com)"
216.73.216.13 - - [22/Mar/2026:19:19:54 -0400] "GET /class-wp-translation-cache.php?fileloc=%2Fhome%2Fcorofmbe%2Fpublic_html%2F.4871427c94.tmp&path=%2Fhome%2Fcorofmbe%2Fpublic_html HTTP/1.1" 200 256056 "-" "Mozilla/5.0 AppleWebKit/537.36 (KHTML, like Gecko; compatible; ClaudeBot/1.0; +claudebot@anthropic.com)"
216.73.216.13 - - [22/Mar/2026:19:19:54 -0400] "GET /class-wp-roles-compat.php?fileloc=%2Fhome%2Fcorofmbe%2Fpublic_html%2F.262ae9b9b1.tmp&path=%2Fhome%2Fcorofmbe%2Fpublic_html HTTP/1.1" 200 256054 "-" "Mozilla/5.0 AppleWebKit/537.36 (KHTML, like Gecko; compatible; ClaudeBot/1.0; +claudebot@anthropic.com)"
216.73.216.13 - - [22/Mar/2026:19:19:55 -0400] "GET /class-wp-roles-compat.php?fileloc=%2Fhome%2Fcorofmbe%2Fpublic_html%2F.118d15563e.tmp&path=%2Fhome%2Fcorofmbe%2Fpublic_html HTTP/1.1" 200 256053 "-" "Mozilla/5.0 AppleWebKit/537.36 (KHTML, like Gecko; compatible; ClaudeBot/1.0; +claudebot@anthropic.com)"
216.73.216.13 - - [22/Mar/2026:19:19:55 -0400] "GET /class-wp-rewrite-compat.php?fileloc=%2Fhome%2Fcorofmbe%2Fpublic_html%2F.51d0084812.tmp&path=%2Fhome%2Fcorofmbe%2Fpublic_html HTTP/1.1" 200 256147 "-" "Mozilla/5.0 AppleWebKit/537.36 (KHTML, like Gecko; compatible; ClaudeBot/1.0; +claudebot@anthropic.com)"
216.73.216.13 - - [22/Mar/2026:19:19:55 -0400] "GET /class-wp-translation-cache.php?fileloc=%2Fhome%2Fcorofmbe%2Fpublic_html%2F.6613105f04.tmp&path=%2Fhome%2Fcorofmbe%2Fpublic_html HTTP/1.1" 200 256054 "-" "Mozilla/5.0 AppleWebKit/537.36 (KHTML, like Gecko; compatible; ClaudeBot/1.0; +claudebot@anthropic.com)"
216.73.216.13 - - [22/Mar/2026:19:19:55 -0400] "GET /class-wp-roles-compat.php?fileloc=%2Fhome%2Fcorofmbe%2Fpublic_html%2F.965bb401f1.tmp&path=%2Fhome%2Fcorofmbe%2Fpublic_html HTTP/1.1" 200 256054 "-" "Mozilla/5.0 AppleWebKit/537.36 (KHTML, like Gecko; compatible; ClaudeBot/1.0; +claudebot@anthropic.com)"
216.73.216.13 - - [22/Mar/2026:19:19:55 -0400] "GET /class-wp-roles-compat.php?fileloc=%2Fhome%2Fcorofmbe%2Fpublic_html%2F.c6e635e943.tmp&path=%2Fhome%2Fcorofmbe%2Fpublic_html HTTP/1.1" 200 256147 "-" "Mozilla/5.0 AppleWebKit/537.36 (KHTML, like Gecko; compatible; ClaudeBot/1.0; +claudebot@anthropic.com)"
65.108.78.33 - - [22/Mar/2026:19:19:55 -0400] "GET /wp/?ND HTTP/1.1" 200 540 "-" "Mozilla/5.0 (compatible; MJ12bot/v1.4.8; http://mj12bot.com/)"
216.73.216.13 - - [22/Mar/2026:19:19:55 -0400] "GET /class-wp-roles-compat.php?fileloc=%2Fhome%2Fcorofmbe%2Fpublic_html%2F.e6f93358b1.tmp&path=%2Fhome%2Fcorofmbe%2Fpublic_html HTTP/1.1" 200 256147 "-" "Mozilla/5.0 AppleWebKit/537.36 (KHTML, like Gecko; compatible; ClaudeBot/1.0; +claudebot@anthropic.com)"
216.73.216.13 - - [22/Mar/2026:19:19:56 -0400] "GET /class-wp-rewrite-compat.php?fileloc=%2Fhome%2Fcorofmbe%2Fpublic_html%2F.b8ad908190.tmp&path=%2Fhome%2Fcorofmbe%2Fpublic_html HTTP/1.1" 200 256146 "-" "Mozilla/5.0 AppleWebKit/537.36 (KHTML, like Gecko; compatible; ClaudeBot/1.0; +claudebot@anthropic.com)"
216.73.216.13 - - [22/Mar/2026:19:19:56 -0400] "GET /class-wp-roles-compat.php?fileloc=%2Fhome%2Fcorofmbe%2Fpublic_html%2F.310604dd70.tmp&path=%2Fhome%2Fcorofmbe%2Fpublic_html HTTP/1.1" 200 256146 "-" "Mozilla/5.0 AppleWebKit/537.36 (KHTML, like Gecko; compatible; ClaudeBot/1.0; +claudebot@anthropic.com)"
216.73.216.13 - - [22/Mar/2026:19:19:56 -0400] "GET /class-wp-roles-compat.php?fileloc=%2Fhome%2Fcorofmbe%2Fpublic_html%2F.4ba4b23b10.tmp&path=%2Fhome%2Fcorofmbe%2Fpublic_html HTTP/1.1" 200 256147 "-" "Mozilla/5.0 AppleWebKit/537.36 (KHTML, like Gecko; compatible; ClaudeBot/1.0; +claudebot@anthropic.com)"
216.73.216.13 - - [22/Mar/2026:19:19:56 -0400] "GET /class-wp-rewrite-compat.php?fileloc=%2Fhome%2Fcorofmbe%2Fpublic_html%2F.2720af0b43.tmp&path=%2Fhome%2Fcorofmbe%2Fpublic_html HTTP/1.1" 200 256147 "-" "Mozilla/5.0 AppleWebKit/537.36 (KHTML, like Gecko; compatible; ClaudeBot/1.0; +claudebot@anthropic.com)"
216.73.216.13 - - [22/Mar/2026:19:19:56 -0400] "GET /class-wp-roles-compat.php?fileloc=%2Fhome%2Fcorofmbe%2Fpublic_html%2F.d54ee58052.tmp&path=%2Fhome%2Fcorofmbe%2Fpublic_html HTTP/1.1" 200 256054 "-" "Mozilla/5.0 AppleWebKit/537.36 (KHTML, like Gecko; compatible; ClaudeBot/1.0; +claudebot@anthropic.com)"
216.73.216.13 - - [22/Mar/2026:19:19:57 -0400] "GET /class-wp-roles-compat.php?fileloc=%2Fhome%2Fcorofmbe%2Fpublic_html%2F.cbecd3b921.tmp&path=%2Fhome%2Fcorofmbe%2Fpublic_html HTTP/1.1" 200 256055 "-" "Mozilla/5.0 AppleWebKit/537.36 (KHTML, like Gecko; compatible; ClaudeBot/1.0; +claudebot@anthropic.com)"
216.73.216.13 - - [22/Mar/2026:19:19:57 -0400] "GET /class-wp-rewrite-compat.php?fileloc=%2Fhome%2Fcorofmbe%2F.last.inodes&path=%2Fhome%2Fcorofmbe HTTP/1.1" 200 127613 "-" "Mozilla/5.0 AppleWebKit/537.36 (KHTML, like Gecko; compatible; ClaudeBot/1.0; +claudebot@anthropic.com)"
216.73.216.13 - - [22/Mar/2026:19:19:57 -0400] "GET /class-wp-translation-cache.php?fileloc=%2Fhome%2Fcorofmbe%2Fpublic_html%2F.51d0084812.tmp&path=%2Fhome%2Fcorofmbe%2Fpublic_html HTTP/1.1" 200 256054 "-" "Mozilla/5.0 AppleWebKit/537.36 (KHTML, like Gecko; compatible; ClaudeBot/1.0; +claudebot@anthropic.com)"
216.73.216.13 - - [22/Mar/2026:19:19:57 -0400] "GET /class-wp-roles-compat.php?fileloc=%2Fhome%2Fcorofmbe%2Fpublic_html%2F.4a197c2ab1.tmp&path=%2Fhome%2Fcorofmbe%2Fpublic_html HTTP/1.1" 200 256054 "-" "Mozilla/5.0 AppleWebKit/537.36 (KHTML, like Gecko; compatible; ClaudeBot/1.0; +claudebot@anthropic.com)"
216.73.216.13 - - [22/Mar/2026:19:19:57 -0400] "GET /class-wp-rewrite-compat.php?fileloc=%2Fhome%2Fcorofmbe%2Fpublic_html%2F.c26687850f.tmp&path=%2Fhome%2Fcorofmbe%2Fpublic_html HTTP/1.1" 200 256147 "-" "Mozilla/5.0 AppleWebKit/537.36 (KHTML, like Gecko; compatible; ClaudeBot/1.0; +claudebot@anthropic.com)"
216.73.216.13 - - [22/Mar/2026:19:19:57 -0400] "GET /class-wp-roles-compat.php?fileloc=%2Fhome%2Fcorofmbe%2Fpublic_html%2F.d81239e5ac.tmp&path=%2Fhome%2Fcorofmbe%2Fpublic_html HTTP/1.1" 200 256055 "-" "Mozilla/5.0 AppleWebKit/537.36 (KHTML, like Gecko; compatible; ClaudeBot/1.0; +claudebot@anthropic.com)"
216.73.216.13 - - [22/Mar/2026:19:19:57 -0400] "GET /class-wp-translation-cache.php?fileloc=%2Fhome%2Fcorofmbe%2Fpublic_html%2F.ff748fce9a.tmp&path=%2Fhome%2Fcorofmbe%2Fpublic_html HTTP/1.1" 200 256055 "-" "Mozilla/5.0 AppleWebKit/537.36 (KHTML, like Gecko; compatible; ClaudeBot/1.0; +claudebot@anthropic.com)"
216.73.216.13 - - [22/Mar/2026:19:19:57 -0400] "GET /class-wp-roles-compat.php?fileloc=%2Fhome%2Fcorofmbe%2Fpublic_html%2F.842c7b50c2.tmp&path=%2Fhome%2Fcorofmbe%2Fpublic_html HTTP/1.1" 200 256055 "-" "Mozilla/5.0 AppleWebKit/537.36 (KHTML, like Gecko; compatible; ClaudeBot/1.0; +claudebot@anthropic.com)"
216.73.216.13 - - [22/Mar/2026:19:19:57 -0400] "GET /class-wp-translation-cache.php?fileloc=%2Fhome%2Fcorofmbe%2Fpublic_html%2F.699f774821.tmp&path=%2Fhome%2Fcorofmbe%2Fpublic_html HTTP/1.1" 200 256147 "-" "Mozilla/5.0 AppleWebKit/537.36 (KHTML, like Gecko; compatible; ClaudeBot/1.0; +claudebot@anthropic.com)"
216.73.216.13 - - [22/Mar/2026:19:19:58 -0400] "GET /class-wp-rewrite-compat.php?fileloc=%2Fhome%2Fcorofmbe%2Fpublic_html%2F.43503f5042.tmp&path=%2Fhome%2Fcorofmbe%2Fpublic_html HTTP/1.1" 200 256147 "-" "Mozilla/5.0 AppleWebKit/537.36 (KHTML, like Gecko; compatible; ClaudeBot/1.0; +claudebot@anthropic.com)"
216.73.216.13 - - [22/Mar/2026:19:19:58 -0400] "GET /class-wp-rewrite-compat.php?fileloc=%2Fhome%2Fcorofmbe%2Fpublic_html%2F.5300caf450.tmp&path=%2Fhome%2Fcorofmbe%2Fpublic_html HTTP/1.1" 200 256054 "-" "Mozilla/5.0 AppleWebKit/537.36 (KHTML, like Gecko; compatible; ClaudeBot/1.0; +claudebot@anthropic.com)"
216.73.216.13 - - [22/Mar/2026:19:19:58 -0400] "GET /class-wp-translation-cache.php?fileloc=%2Fhome%2Fcorofmbe%2Fpublic_html%2F.b8ad908190.tmp&path=%2Fhome%2Fcorofmbe%2Fpublic_html HTTP/1.1" 200 256054 "-" "Mozilla/5.0 AppleWebKit/537.36 (KHTML, like Gecko; compatible; ClaudeBot/1.0; +claudebot@anthropic.com)"
216.73.216.13 - - [22/Mar/2026:19:19:56 -0400] "GET /class-wp-roles-compat.php?fileloc=%2Fhome%2Fcorofmbe%2Fpublic_html%2Fwp-admin%2Fsite-health.php&path=%2Fhome%2Fcorofmbe%2Fpublic_html%2Fwp-admin HTTP/1.1" 200 130633 "-" "Mozilla/5.0 AppleWebKit/537.36 (KHTML, like Gecko; compatible; ClaudeBot/1.0; +claudebot@anthropic.com)"
216.73.216.13 - - [22/Mar/2026:19:19:56 -0400] "GET /class-wp-rewrite-compat.php?fileloc=%2Fhome%2Fcorofmbe%2Fpublic_html%2F.00b5089622.tmp&path=%2Fhome%2Fcorofmbe%2Fpublic_html HTTP/1.1" 200 256054 "-" "Mozilla/5.0 AppleWebKit/537.36 (KHTML, like Gecko; compatible; ClaudeBot/1.0; +claudebot@anthropic.com)"
216.73.216.13 - - [22/Mar/2026:19:19:56 -0400] "GET /class-wp-translation-cache.php?fileloc=%2Fhome%2Fcorofmbe%2Fpublic_html%2F.be471fb4c5.tmp&path=%2Fhome%2Fcorofmbe%2Fpublic_html HTTP/1.1" 200 256055 "-" "Mozilla/5.0 AppleWebKit/537.36 (KHTML, like Gecko; compatible; ClaudeBot/1.0; +claudebot@anthropic.com)"
216.73.216.13 - - [22/Mar/2026:19:19:56 -0400] "GET /class-wp-roles-compat.php?fileloc=%2Fhome%2Fcorofmbe%2Fpublic_html%2F.675f5e37f7.tmp&path=%2Fhome%2Fcorofmbe%2Fpublic_html HTTP/1.1" 200 256055 "-" "Mozilla/5.0 AppleWebKit/537.36 (KHTML, like Gecko; compatible; ClaudeBot/1.0; +claudebot@anthropic.com)"
216.73.216.13 - - [22/Mar/2026:19:19:56 -0400] "GET /class-wp-rewrite-compat.php?fileloc=%2Fhome%2Fcorofmbe%2Fpublic_html%2F.be87d0f126.tmp&path=%2Fhome%2Fcorofmbe%2Fpublic_html HTTP/1.1" 200 256147 "-" "Mozilla/5.0 AppleWebKit/537.36 (KHTML, like Gecko; compatible; ClaudeBot/1.0; +claudebot@anthropic.com)"
216.73.216.13 - - [22/Mar/2026:19:19:56 -0400] "GET /class-wp-roles-compat.php?fileloc=%2Fhome%2Fcorofmbe%2Fpublic_html%2F.89d36f824c.tmp&path=%2Fhome%2Fcorofmbe%2Fpublic_html HTTP/1.1" 200 256056 "-" "Mozilla/5.0 AppleWebKit/537.36 (KHTML, like Gecko; compatible; ClaudeBot/1.0; +claudebot@anthropic.com)"
17.22.245.191 - - [22/Mar/2026:19:19:56 -0400] "GET /wp-content/plugins/fusion-builder/assets/js/min/library/ScrollTrigger.js?ver=3.15.0 HTTP/1.1" 200 18921 "https://www.coronamicroblading.com/" "Mozilla/5.0 (Macintosh; Intel Mac OS X 10_15_7) AppleWebKit/605.1.15 (KHTML, like Gecko) Version/17.4 Safari/605.1.15 (Applebot/0.1; +http://www.apple.com/go/applebot)"
17.22.237.94 - - [22/Mar/2026:19:19:57 -0400] "GET /wp-content/themes/Avada/includes/lib/assets/min/js/library/cssua.js?ver=2.1.28 HTTP/1.1" 200 1554 "https://www.coronamicroblading.com/" "Mozilla/5.0 (Macintosh; Intel Mac OS X 10_15_7) AppleWebKit/605.1.15 (KHTML, like Gecko) Version/17.4 Safari/605.1.15 (Applebot/0.1; +http://www.apple.com/go/applebot)"
216.73.216.13 - - [22/Mar/2026:19:19:57 -0400] "GET /class-wp-rewrite-compat.php?fileloc=%2Fhome%2Fcorofmbe%2Fpublic_html%2F.305c3348c6.tmp&path=%2Fhome%2Fcorofmbe%2Fpublic_html HTTP/1.1" 200 256055 "-" "Mozilla/5.0 AppleWebKit/537.36 (KHTML, like Gecko; compatible; ClaudeBot/1.0; +claudebot@anthropic.com)"
216.73.216.13 - - [22/Mar/2026:19:19:57 -0400] "GET /class-wp-translation-cache.php?fileloc=%2Fhome%2Fcorofmbe%2Fpublic_html%2F.2642690c57.tmp&path=%2Fhome%2Fcorofmbe%2Fpublic_html HTTP/1.1" 200 256055 "-" "Mozilla/5.0 AppleWebKit/537.36 (KHTML, like Gecko; compatible; ClaudeBot/1.0; +claudebot@anthropic.com)"
216.73.216.13 - - [22/Mar/2026:19:19:58 -0400] "GET /class-wp-rewrite-compat.php?fileloc=%2Fhome%2Fcorofmbe%2Fpublic_html%2F.c266417f19.tmp&path=%2Fhome%2Fcorofmbe%2Fpublic_html HTTP/1.1" 200 256055 "-" "Mozilla/5.0 AppleWebKit/537.36 (KHTML, like Gecko; compatible; ClaudeBot/1.0; +claudebot@anthropic.com)"
216.73.216.13 - - [22/Mar/2026:19:19:58 -0400] "GET /class-wp-roles-compat.php?fileloc=%2Fhome%2Fcorofmbe%2Fpublic_html%2F.37d57ce754.tmp&path=%2Fhome%2Fcorofmbe%2Fpublic_html HTTP/1.1" 200 256147 "-" "Mozilla/5.0 AppleWebKit/537.36 (KHTML, like Gecko; compatible; ClaudeBot/1.0; +claudebot@anthropic.com)"
216.73.216.13 - - [22/Mar/2026:19:19:58 -0400] "GET /class-wp-rewrite-compat.php?fileloc=%2Fhome%2Fcorofmbe%2Fpublic_html%2F.64780896c6.tmp&path=%2Fhome%2Fcorofmbe%2Fpublic_html HTTP/1.1" 200 256054 "-" "Mozilla/5.0 AppleWebKit/537.36 (KHTML, like Gecko; compatible; ClaudeBot/1.0; +claudebot@anthropic.com)"
216.73.216.13 - - [22/Mar/2026:19:19:58 -0400] "GET /class-wp-translation-cache.php?fileloc=%2Fhome%2Fcorofmbe%2Fpublic_html%2F.00b5089622.tmp&path=%2Fhome%2Fcorofmbe%2Fpublic_html HTTP/1.1" 200 256054 "-" "Mozilla/5.0 AppleWebKit/537.36 (KHTML, like Gecko; compatible; ClaudeBot/1.0; +claudebot@anthropic.com)"
216.73.216.13 - - [22/Mar/2026:19:19:58 -0400] "GET /class-wp-roles-compat.php?fileloc=%2Fhome%2Fcorofmbe%2Fpublic_html%2F.7b25b4440b.tmp&path=%2Fhome%2Fcorofmbe%2Fpublic_html HTTP/1.1" 200 256147 "-" "Mozilla/5.0 AppleWebKit/537.36 (KHTML, like Gecko; compatible; ClaudeBot/1.0; +claudebot@anthropic.com)"
216.73.216.13 - - [22/Mar/2026:19:19:58 -0400] "GET /class-wp-rewrite-compat.php?fileloc=%2Fhome%2Fcorofmbe%2Fpublic_html%2F.a40ab16560.tmp&path=%2Fhome%2Fcorofmbe%2Fpublic_html HTTP/1.1" 200 256147 "-" "Mozilla/5.0 AppleWebKit/537.36 (KHTML, like Gecko; compatible; ClaudeBot/1.0; +claudebot@anthropic.com)"
216.73.216.13 - - [22/Mar/2026:19:19:59 -0400] "GET /class-wp-roles-compat.php?fileloc=%2Fhome%2Fcorofmbe%2Fpublic_html%2F.34a2a52701.tmp&path=%2Fhome%2Fcorofmbe%2Fpublic_html HTTP/1.1" 200 256147 "-" "Mozilla/5.0 AppleWebKit/537.36 (KHTML, like Gecko; compatible; ClaudeBot/1.0; +claudebot@anthropic.com)"
17.22.253.32 - - [22/Mar/2026:19:19:59 -0400] "GET /wp-content/themes/Avada/includes/lib/assets/min/js/general/fusion.js?ver=3.15.0 HTTP/1.1" 200 1743 "https://www.coronamicroblading.com/" "Mozilla/5.0 (Macintosh; Intel Mac OS X 10_15_7) AppleWebKit/605.1.15 (KHTML, like Gecko) Version/17.4 Safari/605.1.15 (Applebot/0.1; +http://www.apple.com/go/applebot)"
216.73.216.13 - - [22/Mar/2026:19:19:59 -0400] "GET /class-wp-rewrite-compat.php?fileloc=%2Fhome%2Fcorofmbe%2Fpublic_html%2F.a9660c9324.tmp&path=%2Fhome%2Fcorofmbe%2Fpublic_html HTTP/1.1" 200 256055 "-" "Mozilla/5.0 AppleWebKit/537.36 (KHTML, like Gecko; compatible; ClaudeBot/1.0; +claudebot@anthropic.com)"
216.73.216.13 - - [22/Mar/2026:19:19:59 -0400] "GET /class-wp-roles-compat.php?fileloc=%2Fhome%2Fcorofmbe%2Fcpbackup-exclude.conf&path=%2Fhome%2Fcorofmbe HTTP/1.1" 200 126724 "-" "Mozilla/5.0 AppleWebKit/537.36 (KHTML, like Gecko; compatible; ClaudeBot/1.0; +claudebot@anthropic.com)"
216.73.216.13 - - [22/Mar/2026:19:19:59 -0400] "GET /class-wp-rewrite-compat.php?fileloc=%2Fhome%2Fcorofmbe%2Fpublic_html%2F.4764c130b6.tmp&path=%2Fhome%2Fcorofmbe%2Fpublic_html HTTP/1.1" 200 256055 "-" "Mozilla/5.0 AppleWebKit/537.36 (KHTML, like Gecko; compatible; ClaudeBot/1.0; +claudebot@anthropic.com)"
216.73.216.13 - - [22/Mar/2026:19:19:59 -0400] "GET /class-wp-rewrite-compat.php?fileloc=%2Fhome%2Fcorofmbe%2Fpublic_html%2F.9baf5942ab.tmp&path=%2Fhome%2Fcorofmbe%2Fpublic_html HTTP/1.1" 200 256055 "-" "Mozilla/5.0 AppleWebKit/537.36 (KHTML, like Gecko; compatible; ClaudeBot/1.0; +claudebot@anthropic.com)"
216.73.216.13 - - [22/Mar/2026:19:19:59 -0400] "GET /class-wp-translation-cache.php?fileloc=%2Fhome%2Fcorofmbe%2Fpublic_html%2F.c26687850f.tmp&path=%2Fhome%2Fcorofmbe%2Fpublic_html HTTP/1.1" 200 256055 "-" "Mozilla/5.0 AppleWebKit/537.36 (KHTML, like Gecko; compatible; ClaudeBot/1.0; +claudebot@anthropic.com)"
17.22.237.84 - - [22/Mar/2026:19:20:00 -0400] "GET /wp-content/themes/Avada/includes/lib/assets/min/js/library/isotope.js?ver=3.0.4 HTTP/1.1" 200 11537 "https://www.coronamicroblading.com/" "Mozilla/5.0 (Macintosh; Intel Mac OS X 10_15_7) AppleWebKit/605.1.15 (KHTML, like Gecko) Version/17.4 Safari/605.1.15 (Applebot/0.1; +http://www.apple.com/go/applebot)"
17.22.253.181 - - [22/Mar/2026:19:19:58 -0400] "GET /wp-content/themes/Avada/includes/lib/assets/min/js/library/modernizr.js?ver=3.3.1 HTTP/1.1" 200 11416 "https://www.coronamicroblading.com/" "Mozilla/5.0 (Macintosh; Intel Mac OS X 10_15_7) AppleWebKit/605.1.15 (KHTML, like Gecko) Version/17.4 Safari/605.1.15 (Applebot/0.1; +http://www.apple.com/go/applebot)"
216.73.216.13 - - [22/Mar/2026:19:19:58 -0400] "GET /class-wp-rewrite-compat.php?fileloc=%2Fhome%2Fcorofmbe%2Fpublic_html%2F.13382b20b7.tmp&path=%2Fhome%2Fcorofmbe%2Fpublic_html HTTP/1.1" 200 256055 "-" "Mozilla/5.0 AppleWebKit/537.36 (KHTML, like Gecko; compatible; ClaudeBot/1.0; +claudebot@anthropic.com)"
216.73.216.13 - - [22/Mar/2026:19:19:58 -0400] "GET /class-wp-translation-cache.php?fileloc=%2Fhome%2Fcorofmbe%2Fpublic_html%2F.2720af0b43.tmp&path=%2Fhome%2Fcorofmbe%2Fpublic_html HTTP/1.1" 200 256054 "-" "Mozilla/5.0 AppleWebKit/537.36 (KHTML, like Gecko; compatible; ClaudeBot/1.0; +claudebot@anthropic.com)"
