35.162.140.124 - - [22/Mar/2026:18:10:29 -0400] "GET /wp-content/plugins/contact-form-7/includes/swv/js/index.js?ver=6.1.5 HTTP/1.1" 200 3835 "https://sucuri.net" "Mozilla/5.0 (Windows NT 6.3; WOW64; Trident/7.0; rv:11.0) like Gecko"
35.162.140.124 - - [22/Mar/2026:18:10:30 -0400] "GET /wp-content/plugins/contact-form-7/includes/js/index.js?ver=6.1.5 HTTP/1.1" 200 4621 "https://sucuri.net" "Mozilla/5.0 (Windows NT 6.3; WOW64; Trident/7.0; rv:11.0) like Gecko"
35.162.140.124 - - [22/Mar/2026:18:10:30 -0400] "GET /gallery/ HTTP/1.1" 404 1251 "https://www.bing.com/?s=bing" "Mozilla/5.0 (Windows NT 6.1) AppleWebKit/537.36 (KHTML, like Gecko) Chrome/67.0.3396.99 Safari/537.36"
35.162.140.124 - - [22/Mar/2026:18:10:30 -0400] "GET /faq/ HTTP/1.1" 404 1251 "https://www.facebook.com/" "Mozilla/5.0 (Windows NT 10.0; Win64; x64; rv:61.0) Gecko/20100101 Firefox/61.0"
35.162.140.124 - - [22/Mar/2026:18:10:30 -0400] "GET /aftercare/ HTTP/1.1" 404 1251 "-" "Mozilla/5.0 (iPad; CPU OS 11_4_1 like Mac OS X) AppleWebKit/605.1.15 (KHTML, like Gecko) Version/11.0 Mobile/15E148 Safari/604.1"
35.162.140.124 - - [22/Mar/2026:18:10:30 -0400] "GET /book-now/ HTTP/1.1" 404 1251 "https://www.facebook.com/" "Mozilla/5.0 (Macintosh; Intel Mac OS X 10_13_6) AppleWebKit/605.1.15 (KHTML, like Gecko) Version/11.1.2 Safari/605.1.15"
103.149.93.160 - - [22/Mar/2026:18:10:38 -0400] "POST /wp-comments-post.php HTTP/1.1" 409 1211 "https://www.coronamicroblading.com/?p=2898" "Mozilla/5.0 (Windows NT 10.0; Win64; x64) AppleWebKit/537.36 (KHTML, like Gecko) Chrome/120.0.0.0 Safari/537.36"
167.114.139.181 - - [22/Mar/2026:18:12:25 -0400] "GET /90212-2/ HTTP/1.1" 404 1251 "-" "Mozilla/5.0 (compatible; AhrefsBot/7.0; +http://ahrefs.com/robot/)"
185.191.171.12 - - [22/Mar/2026:18:13:15 -0400] "GET /92543-2/ HTTP/1.1" 404 1251 "-" "Mozilla/5.0 (compatible; SemrushBot/7~bl; +http://www.semrush.com/bot.html)"
142.44.233.196 - - [22/Mar/2026:18:14:55 -0400] "GET /category/uncategorized/page/33/ HTTP/1.1" 404 1251 "-" "Mozilla/5.0 (compatible; AhrefsBot/7.0; +http://ahrefs.com/robot/)"
85.208.96.196 - - [22/Mar/2026:18:17:42 -0400] "GET /forest-falls-ca/ HTTP/1.1" 404 1251 "-" "Mozilla/5.0 (compatible; SemrushBot/7~bl; +http://www.semrush.com/bot.html)"
15.235.98.68 - - [22/Mar/2026:18:17:45 -0400] "GET /redondo-beach-ca/ HTTP/1.1" 404 1251 "-" "Mozilla/5.0 (compatible; AhrefsBot/7.0; +http://ahrefs.com/robot/)"
35.162.140.124 - - [22/Mar/2026:18:10:29 -0400] "GET /wp-includes/js/dist/hooks.min.js?ver=dd5603f07f9220ed27f1 HTTP/1.1" 200 2042 "https://sucuri.net" "Mozilla/5.0 (Windows NT 6.3; WOW64; Trident/7.0; rv:11.0) like Gecko"
35.162.140.124 - - [22/Mar/2026:18:10:29 -0400] "GET /wp-includes/js/dist/i18n.min.js?ver=c26c3dc7bed366793375 HTTP/1.1" 200 2322 "https://sucuri.net" "Mozilla/5.0 (Windows NT 6.3; WOW64; Trident/7.0; rv:11.0) like Gecko"
35.162.140.124 - - [22/Mar/2026:18:10:30 -0400] "GET /about-me/ HTTP/1.1" 404 1251 "-" "Mozilla/5.0 (compatible; Googlebot/2.1; +http://www.google.com/bot.html)"
35.162.140.124 - - [22/Mar/2026:18:10:30 -0400] "GET /services/ HTTP/1.1" 404 1251 "-" "Mozilla/5.0 (iPhone; CPU iPhone OS 11_4_1 like Mac OS X) AppleWebKit/605.1.15 (KHTML, like Gecko) Version/11.0 Mobile/15E148 Safari/604.1"
35.162.140.124 - - [22/Mar/2026:18:10:30 -0400] "GET /wp-content/themes/Avada/ HTTP/1.1" 200 48 "http://sucuri.net" "Mozilla/5.0 (Windows NT 6.3; WOW64; Trident/7.0; rv:11.0) like Gecko"
35.162.140.124 - - [22/Mar/2026:18:10:30 -0400] "GET /wp-includes/css/ HTTP/1.1" 200 2217 "-" "Mozilla/5.0 (Windows NT 6.3; WOW64; Trident/7.0; rv:11.0) like Gecko"
35.162.140.124 - - [22/Mar/2026:18:10:29 -0400] "GET / HTTP/1.1" 200 34644 "http://www.coronamicroblading.com/" "Mozilla/5.0 (iPad; CPU OS 11_4_1 like Mac OS X) AppleWebKit/605.1.15 (KHTML, like Gecko) Version/11.0 Mobile/15E148 Safari/604.1"
35.162.140.124 - - [22/Mar/2026:18:10:29 -0400] "GET / HTTP/1.1" 200 21793 "https://www.google.com/images/url" "Mozilla/5.0 (compatible; Googlebot/2.1; +http://www.google.com/bot.html)"
5.133.192.212 - - [22/Mar/2026:18:11:33 -0400] "GET / HTTP/1.1" 200 34636 "http://www.coronamicroblading.com" "Mozilla/5.0 (Linux; Android 12; SAMSUNG SM-A415F) AppleWebKit/537.36 (KHTML, like Gecko) SamsungBrowser/23.0 Chrome/115.0.0.0 Mobile Safari/537.3"
185.191.171.10 - - [22/Mar/2026:18:14:20 -0400] "GET /92844-2/ HTTP/1.1" 404 1251 "-" "Mozilla/5.0 (compatible; SemrushBot/7~bl; +http://www.semrush.com/bot.html)"
43.130.60.195 - - [22/Mar/2026:18:16:37 -0400] "GET / HTTP/1.1" 200 34636 "http://www.coronamicroblading.com" "Mozilla/5.0 (iPhone; CPU iPhone OS 13_2_3 like Mac OS X) AppleWebKit/605.1.15 (KHTML, like Gecko) Version/13.0.3 Mobile/15E148 Safari/604.1"
57.141.2.6 - - [22/Mar/2026:18:17:21 -0400] "GET /92883-2/ HTTP/1.1" 404 1251 "-" "meta-externalagent/1.1 (+https://developers.facebook.com/docs/sharing/webmasters/crawler)"
136.144.35.218 - - [22/Mar/2026:18:18:18 -0400] "POST /wp-login.php HTTP/1.1" 200 6970 "-" "Mozilla/5.0"
185.191.171.3 - - [22/Mar/2026:18:20:04 -0400] "GET /category/uncategorized/page/38/ HTTP/1.1" 404 1251 "-" "Mozilla/5.0 (compatible; SemrushBot/7~bl; +http://www.semrush.com/bot.html)"
176.36.146.80 - - [22/Mar/2026:18:21:23 -0400] "GET /contact/ HTTP/1.0" 404 1251 "https://coronamicroblading.com/contact/" "Mozilla/5.0 (Windows NT 10.0; Win64; x64) AppleWebKit/537.36 (KHTML, like Gecko) Chrome/130.0.0.0 Safari/537.36"
176.36.146.80 - - [22/Mar/2026:18:21:27 -0400] "GET / HTTP/1.0" 200 160319 "https://www.coronamicroblading.com/" "Mozilla/5.0 (Windows NT 10.0; Win64; x64) AppleWebKit/537.36 (KHTML, like Gecko) Chrome/130.0.0.0 Safari/537.36"
176.36.146.80 - - [22/Mar/2026:18:21:30 -0400] "GET / HTTP/1.0" 200 160324 "https://www.coronamicroblading.com/" "Mozilla/5.0 (Windows NT 10.0; Win64; x64) AppleWebKit/537.36 (KHTML, like Gecko) Chrome/130.0.0.0 Safari/537.36"
176.36.146.80 - - [22/Mar/2026:18:21:31 -0400] "GET /contacts/ HTTP/1.0" 404 1251 "https://www.coronamicroblading.com/contacts/" "Mozilla/5.0 (Windows NT 10.0; Win64; x64) AppleWebKit/537.36 (KHTML, like Gecko) Chrome/130.0.0.0 Safari/537.36"
176.36.146.80 - - [22/Mar/2026:18:21:32 -0400] "GET / HTTP/1.0" 200 160304 "https://www.coronamicroblading.com/" "Mozilla/5.0 (Windows NT 10.0; Win64; x64) AppleWebKit/537.36 (KHTML, like Gecko) Chrome/130.0.0.0 Safari/537.36"
176.36.146.80 - - [22/Mar/2026:18:21:34 -0400] "GET /contacts/ HTTP/1.0" 404 1251 "https://www.coronamicroblading.com/contacts/" "Mozilla/5.0 (Windows NT 10.0; Win64; x64) AppleWebKit/537.36 (KHTML, like Gecko) Chrome/130.0.0.0 Safari/537.36"
176.36.146.80 - - [22/Mar/2026:18:21:34 -0400] "GET / HTTP/1.0" 200 160304 "https://www.coronamicroblading.com/" "Mozilla/5.0 (Windows NT 10.0; Win64; x64) AppleWebKit/537.36 (KHTML, like Gecko) Chrome/130.0.0.0 Safari/537.36"
95.217.28.60 - - [22/Mar/2026:18:21:37 -0400] "GET / HTTP/1.1" 200 160304 "-" "Mozilla/5.0 (Windows NT 10.0; Win64; x64) AppleWebKit/537.36 (KHTML, like Gecko) Chrome/131.0.0.0 Safari/537.36"
51.222.95.142 - - [22/Mar/2026:18:27:51 -0400] "GET /mount-wilson-ca/ HTTP/1.1" 404 1251 "-" "Mozilla/5.0 (compatible; AhrefsBot/7.0; +http://ahrefs.com/robot/)"
114.119.136.75 - - [22/Mar/2026:18:28:07 -0400] "GET /92649-2/ HTTP/1.1" 404 1251 "https://www.coronamicroblading.com/category/uncategorized/page/39/" "Mozilla/5.0 (Linux; Android 7.0;) AppleWebKit/537.36 (KHTML, like Gecko) Mobile Safari/537.36 (compatible; PetalBot;+https://webmaster.petalsearch.com/site/petalbot)"
77.75.78.163 - - [22/Mar/2026:18:29:32 -0400] "GET /90080-2/ HTTP/1.1" 404 1251 "-" "Mozilla/5.0 (compatible; SeznamBot/4.0; +https://o-seznam.cz/napoveda/vyhledavani/en/seznambot-crawler/)"
185.191.171.16 - - [22/Mar/2026:18:29:53 -0400] "GET /lennox-ca/ HTTP/1.1" 404 1251 "-" "Mozilla/5.0 (compatible; SemrushBot/7~bl; +http://www.semrush.com/bot.html)"
75.119.148.223 - - [22/Mar/2026:18:30:13 -0400] "GET /wp-content/uploads/2026/03/ HTTP/1.1" 200 693 "binance.com" "Mozilla/5.0 (Windows NT 10.0; Win64; x64) AppleWebKit/537.36 (KHTML, like Gecko) Chrome/90.0.4430.85 Safari/537.36"
142.44.220.11 - - [22/Mar/2026:18:30:25 -0400] "GET /91611-2/ HTTP/1.1" 404 1251 "-" "Mozilla/5.0 (compatible; AhrefsBot/7.0; +http://ahrefs.com/robot/)"
75.119.148.223 - - [22/Mar/2026:18:30:55 -0400] "GET /wp-content/uploads/ HTTP/1.1" 200 1474 "binance.com" "Mozilla/5.0 (Windows NT 10.0; Win64; x64) AppleWebKit/537.36 (KHTML, like Gecko) Chrome/90.0.4430.85 Safari/537.36"
75.119.148.223 - - [22/Mar/2026:18:31:11 -0400] "GET /wp-content/uploads/wp-cache-stats.php HTTP/1.1" 403 1242 "binance.com" "Mozilla/5.0 (Windows NT 10.0; Win64; x64) AppleWebKit/537.36 (KHTML, like Gecko) Chrome/90.0.4430.85 Safari/537.36"
114.119.140.186 - - [22/Mar/2026:18:31:26 -0400] "GET /90099-2 HTTP/1.1" 404 1251 "https://www.coronamicroblading.com/sitemap" "Mozilla/5.0 (Linux; Android 7.0;) AppleWebKit/537.36 (KHTML, like Gecko) Mobile Safari/537.36 (compatible; PetalBot;+https://webmaster.petalsearch.com/site/petalbot)"
77.75.78.163 - - [22/Mar/2026:18:19:24 -0400] "GET /gardena-ca/ HTTP/1.1" 404 1251 "-" "Mozilla/5.0 (compatible; SeznamBot/4.0; +https://o-seznam.cz/napoveda/vyhledavani/en/seznambot-crawler/)"
54.39.203.129 - - [22/Mar/2026:18:20:10 -0400] "GET /91605-2/ HTTP/1.1" 404 1251 "-" "Mozilla/5.0 (compatible; AhrefsBot/7.0; +http://ahrefs.com/robot/)"
176.36.146.80 - - [22/Mar/2026:18:21:23 -0400] "GET / HTTP/1.0" 301 0 "https://coronamicroblading.com/" "Mozilla/5.0 (Windows NT 10.0; Win64; x64) AppleWebKit/537.36 (KHTML, like Gecko) Chrome/130.0.0.0 Safari/537.36"
176.36.146.80 - - [22/Mar/2026:18:21:29 -0400] "GET /contact/ HTTP/1.0" 404 1251 "https://www.coronamicroblading.com/contact/" "Mozilla/5.0 (Windows NT 10.0; Win64; x64) AppleWebKit/537.36 (KHTML, like Gecko) Chrome/130.0.0.0 Safari/537.36"
176.36.146.80 - - [22/Mar/2026:18:21:36 -0400] "GET /contacts/ HTTP/1.0" 404 1251 "https://www.coronamicroblading.com/contacts/" "Mozilla/5.0 (Windows NT 10.0; Win64; x64) AppleWebKit/537.36 (KHTML, like Gecko) Chrome/130.0.0.0 Safari/537.36"
176.36.146.80 - - [22/Mar/2026:18:21:37 -0400] "GET / HTTP/1.0" 200 160314 "https://www.coronamicroblading.com/" "Mozilla/5.0 (Windows NT 10.0; Win64; x64) AppleWebKit/537.36 (KHTML, like Gecko) Chrome/130.0.0.0 Safari/537.36"
54.39.0.151 - - [22/Mar/2026:18:22:31 -0400] "GET /los-angeles-county/ HTTP/1.1" 404 1251 "-" "Mozilla/5.0 (compatible; AhrefsBot/7.0; +http://ahrefs.com/robot/)"
15.235.96.59 - - [22/Mar/2026:18:25:01 -0400] "GET /91804-2/ HTTP/1.1" 404 1251 "-" "Mozilla/5.0 (compatible; AhrefsBot/7.0; +http://ahrefs.com/robot/)"
114.119.137.91 - - [22/Mar/2026:18:26:36 -0400] "GET /92688-2 HTTP/1.1" 404 1251 "https://www.coronamicroblading.com/2018/08/page/36" "Mozilla/5.0 (Linux; Android 7.0;) AppleWebKit/537.36 (KHTML, like Gecko) Mobile Safari/537.36 (compatible; PetalBot;+https://webmaster.petalsearch.com/site/petalbot)"
114.119.136.75 - - [22/Mar/2026:18:29:30 -0400] "GET /91510-2/ HTTP/1.1" 404 1251 "https://www.coronamicroblading.com/category/uncategorized/page/66" "Mozilla/5.0 (Linux; Android 7.0;) AppleWebKit/537.36 (KHTML, like Gecko) Mobile Safari/537.36 (compatible; PetalBot;+https://webmaster.petalsearch.com/site/petalbot)"
75.119.148.223 - - [22/Mar/2026:18:29:58 -0400] "GET /wp-admin/css/ HTTP/1.1" 200 3364 "binance.com" "Mozilla/5.0 (Windows NT 10.0; Win64; x64) AppleWebKit/537.36 (KHTML, like Gecko) Chrome/90.0.4430.85 Safari/537.36"
75.119.148.223 - - [22/Mar/2026:18:30:27 -0400] "GET /wp-content/uploads/2026/02/ HTTP/1.1" 200 692 "binance.com" "Mozilla/5.0 (Windows NT 10.0; Win64; x64) AppleWebKit/537.36 (KHTML, like Gecko) Chrome/90.0.4430.85 Safari/537.36"
75.119.148.223 - - [22/Mar/2026:18:30:41 -0400] "GET /wp-content/uploads/ HTTP/1.1" 200 1474 "binance.com" "Mozilla/5.0 (Windows NT 10.0; Win64; x64) AppleWebKit/537.36 (KHTML, like Gecko) Chrome/90.0.4430.85 Safari/537.36"
75.119.148.223 - - [22/Mar/2026:18:31:44 -0400] "GET /wp-content/upgrade/ HTTP/1.1" 200 840 "binance.com" "Mozilla/5.0 (Windows NT 10.0; Win64; x64) AppleWebKit/537.36 (KHTML, like Gecko) Chrome/90.0.4430.85 Safari/537.36"
75.119.148.223 - - [22/Mar/2026:18:32:21 -0400] "GET /wp-content/languages/ HTTP/1.1" 200 787 "binance.com" "Mozilla/5.0 (Windows NT 10.0; Win64; x64) AppleWebKit/537.36 (KHTML, like Gecko) Chrome/90.0.4430.85 Safari/537.36"
75.119.148.223 - - [22/Mar/2026:18:32:34 -0400] "GET /wp-content/languages/wp-locale-handler.php HTTP/1.1" 200 0 "binance.com" "Mozilla/5.0 (Windows NT 10.0; Win64; x64) AppleWebKit/537.36 (KHTML, like Gecko) Chrome/90.0.4430.85 Safari/537.36"
54.39.6.179 - - [22/Mar/2026:18:32:50 -0400] "GET /palos-verdes-estates-ca/ HTTP/1.1" 404 1251 "-" "Mozilla/5.0 (compatible; AhrefsBot/7.0; +http://ahrefs.com/robot/)"
75.119.148.223 - - [22/Mar/2026:18:33:00 -0400] "GET /wp-admin/includes/ HTTP/1.1" 200 3912 "binance.com" "Mozilla/5.0 (Windows NT 10.0; Win64; x64) AppleWebKit/537.36 (KHTML, like Gecko) Chrome/90.0.4430.85 Safari/537.36"
75.119.148.223 - - [22/Mar/2026:18:33:52 -0400] "GET /wp-admin/maint/ HTTP/1.1" 200 773 "binance.com" "Mozilla/5.0 (Windows NT 10.0; Win64; x64) AppleWebKit/537.36 (KHTML, like Gecko) Chrome/90.0.4430.85 Safari/537.36"
185.191.171.6 - - [22/Mar/2026:18:33:54 -0400] "GET /91615-2/ HTTP/1.1" 404 1251 "-" "Mozilla/5.0 (compatible; SemrushBot/7~bl; +http://www.semrush.com/bot.html)"
68.65.123.232 - - [22/Mar/2026:18:34:09 -0400] "POST /wp-cron.php?doing_wp_cron=1774218849.5466530323028564453125 HTTP/1.1" 200 0 "-" "WordPress/6.9.4; https://www.coronamicroblading.com"
75.119.148.223 - - [22/Mar/2026:18:34:07 -0400] "GET /wp-admin/network/ HTTP/1.1" 302 0 "binance.com" "Mozilla/5.0 (Windows NT 10.0; Win64; x64) AppleWebKit/537.36 (KHTML, like Gecko) Chrome/90.0.4430.85 Safari/537.36"
75.119.148.223 - - [22/Mar/2026:18:34:36 -0400] "GET /wp-admin/user/ HTTP/1.1" 302 0 "binance.com" "Mozilla/5.0 (Windows NT 10.0; Win64; x64) AppleWebKit/537.36 (KHTML, like Gecko) Chrome/90.0.4430.85 Safari/537.36"
75.119.148.223 - - [22/Mar/2026:18:34:42 -0400] "GET /wp-login.php?redirect_to=https%3A%2F%2Fcoronamicroblading.com%2Fwp-admin%2Fuser%2F&reauth=1 HTTP/1.1" 200 2085 "binance.com" "Mozilla/5.0 (Windows NT 10.0; Win64; x64) AppleWebKit/537.36 (KHTML, like Gecko) Chrome/90.0.4430.85 Safari/537.36"
75.119.148.223 - - [22/Mar/2026:18:35:21 -0400] "GET /wp-admin/css/colors/ HTTP/1.1" 200 1293 "binance.com" "Mozilla/5.0 (Windows NT 10.0; Win64; x64) AppleWebKit/537.36 (KHTML, like Gecko) Chrome/90.0.4430.85 Safari/537.36"
75.119.148.223 - - [22/Mar/2026:18:35:34 -0400] "GET /wp-admin/css/colors/blue/ HTTP/1.1" 200 888 "binance.com" "Mozilla/5.0 (Windows NT 10.0; Win64; x64) AppleWebKit/537.36 (KHTML, like Gecko) Chrome/90.0.4430.85 Safari/537.36"
75.119.148.223 - - [22/Mar/2026:18:31:27 -0400] "GET /wp-content/upgrade/ HTTP/1.1" 200 840 "binance.com" "Mozilla/5.0 (Windows NT 10.0; Win64; x64) AppleWebKit/537.36 (KHTML, like Gecko) Chrome/90.0.4430.85 Safari/537.36"
85.208.96.203 - - [22/Mar/2026:18:31:35 -0400] "GET /91801-2/ HTTP/1.1" 404 1251 "-" "Mozilla/5.0 (compatible; SemrushBot/7~bl; +http://www.semrush.com/bot.html)"
75.119.148.223 - - [22/Mar/2026:18:31:57 -0400] "GET /wp-content/upgrade/wp-update-verify.php HTTP/1.1" 200 0 "binance.com" "Mozilla/5.0 (Windows NT 10.0; Win64; x64) AppleWebKit/537.36 (KHTML, like Gecko) Chrome/90.0.4430.85 Safari/537.36"
75.119.148.223 - - [22/Mar/2026:18:32:09 -0400] "GET /wp-content/languages/ HTTP/1.1" 200 787 "binance.com" "Mozilla/5.0 (Windows NT 10.0; Win64; x64) AppleWebKit/537.36 (KHTML, like Gecko) Chrome/90.0.4430.85 Safari/537.36"
47.128.115.121 - - [22/Mar/2026:18:32:11 -0400] "GET /91615-2/ HTTP/1.1" 404 1251 "-" "Mozilla/5.0 (Linux; Android 5.0) AppleWebKit/537.36 (KHTML, like Gecko) Mobile Safari/537.36 (compatible; Bytespider; spider-feedback@bytedance.com)"
75.119.148.223 - - [22/Mar/2026:18:32:48 -0400] "GET /wp-admin/includes/ HTTP/1.1" 200 3912 "binance.com" "Mozilla/5.0 (Windows NT 10.0; Win64; x64) AppleWebKit/537.36 (KHTML, like Gecko) Chrome/90.0.4430.85 Safari/537.36"
75.119.148.223 - - [22/Mar/2026:18:33:39 -0400] "GET /wp-admin/maint/ HTTP/1.1" 200 773 "binance.com" "Mozilla/5.0 (Windows NT 10.0; Win64; x64) AppleWebKit/537.36 (KHTML, like Gecko) Chrome/90.0.4430.85 Safari/537.36"
75.119.148.223 - - [22/Mar/2026:18:34:16 -0400] "GET /wp-login.php?redirect_to=https%3A%2F%2Fcoronamicroblading.com%2Fwp-admin%2Fnetwork%2F&reauth=1 HTTP/1.1" 200 2088 "binance.com" "Mozilla/5.0 (Windows NT 10.0; Win64; x64) AppleWebKit/537.36 (KHTML, like Gecko) Chrome/90.0.4430.85 Safari/537.36"
75.119.148.223 - - [22/Mar/2026:18:35:01 -0400] "GET /wp-admin/css/ HTTP/1.1" 200 3350 "binance.com" "Mozilla/5.0 (Windows NT 10.0; Win64; x64) AppleWebKit/537.36 (KHTML, like Gecko) Chrome/90.0.4430.85 Safari/537.36"
148.113.128.15 - - [22/Mar/2026:18:35:13 -0400] "GET /91383-2/ HTTP/1.1" 404 1251 "-" "Mozilla/5.0 (compatible; AhrefsBot/7.0; +http://ahrefs.com/robot/)"
75.119.148.223 - - [22/Mar/2026:18:35:53 -0400] "GET /wp-admin/css/colors/coffee/ HTTP/1.1" 200 885 "binance.com" "Mozilla/5.0 (Windows NT 10.0; Win64; x64) AppleWebKit/537.36 (KHTML, like Gecko) Chrome/90.0.4430.85 Safari/537.36"
75.119.148.223 - - [22/Mar/2026:18:36:21 -0400] "GET /wp-admin/css/colors/light/ HTTP/1.1" 200 889 "binance.com" "Mozilla/5.0 (Windows NT 10.0; Win64; x64) AppleWebKit/537.36 (KHTML, like Gecko) Chrome/90.0.4430.85 Safari/537.36"
75.119.148.223 - - [22/Mar/2026:18:36:34 -0400] "GET /wp-admin/css/colors/midnight/ HTTP/1.1" 200 890 "binance.com" "Mozilla/5.0 (Windows NT 10.0; Win64; x64) AppleWebKit/537.36 (KHTML, like Gecko) Chrome/90.0.4430.85 Safari/537.36"
75.119.148.223 - - [22/Mar/2026:18:36:49 -0400] "GET /wp-admin/css/colors/modern/ HTTP/1.1" 200 891 "binance.com" "Mozilla/5.0 (Windows NT 10.0; Win64; x64) AppleWebKit/537.36 (KHTML, like Gecko) Chrome/90.0.4430.85 Safari/537.36"
15.235.98.0 - - [22/Mar/2026:18:37:25 -0400] "GET /buena-park-ca/ HTTP/1.1" 404 1251 "-" "Mozilla/5.0 (compatible; AhrefsBot/7.0; +http://ahrefs.com/robot/)"
69.171.231.10 - - [22/Mar/2026:18:37:33 -0400] "GET /favicon.ico HTTP/1.1" 404 1251 "-" "facebookexternalhit/1.1 (+http://www.facebook.com/externalhit_uatext.php)"
75.119.148.223 - - [22/Mar/2026:18:37:42 -0400] "GET /wp-admin/js/ HTTP/1.1" 200 3559 "binance.com" "Mozilla/5.0 (Windows NT 10.0; Win64; x64) AppleWebKit/537.36 (KHTML, like Gecko) Chrome/90.0.4430.85 Safari/537.36"
75.119.148.223 - - [22/Mar/2026:18:38:02 -0400] "GET /wp-admin/js/widgets/ HTTP/1.1" 200 1451 "binance.com" "Mozilla/5.0 (Windows NT 10.0; Win64; x64) AppleWebKit/537.36 (KHTML, like Gecko) Chrome/90.0.4430.85 Safari/537.36"
75.119.148.223 - - [22/Mar/2026:18:38:15 -0400] "GET /wp-includes/ HTTP/1.1" 200 8465 "binance.com" "Mozilla/5.0 (Windows NT 10.0; Win64; x64) AppleWebKit/537.36 (KHTML, like Gecko) Chrome/90.0.4430.85 Safari/537.36"
34.168.222.202 - - [22/Mar/2026:18:38:30 -0400] "HEAD /blog/ HTTP/1.1" 404 0 "http://www.coronamicroblading.com/blog/" "Mozilla/5.0 (Macintosh; Intel Mac OS X 15_0) AppleWebKit/537.36 (KHTML, like Gecko) Chrome/125.0.6422.141 Safari/537.36"
34.168.222.202 - - [22/Mar/2026:18:38:30 -0400] "HEAD /backup/ HTTP/1.1" 404 0 "http://www.coronamicroblading.com/backup/" "Mozilla/5.0 (Linux; Android 11; RMX2195) AppleWebKit/537.36 (KHTML, like Gecko) Chrome/120.0.6099.210 Mobile Safari/537.36 OPR/75.2.3995.72468"
34.168.222.202 - - [22/Mar/2026:18:38:30 -0400] "HEAD /wordpress/ HTTP/1.1" 404 0 "http://www.coronamicroblading.com/wordpress/" "Mozilla/5.0 (Linux; Android 13; Pixel 7a) AppleWebKit/537.36 (KHTML, like Gecko) Chrome/124.0.6367.82 Mobile Safari/537.36"
75.119.148.223 - - [22/Mar/2026:18:38:48 -0400] "GET /wp-includes/ HTTP/1.1" 200 8434 "binance.com" "Mozilla/5.0 (Windows NT 10.0; Win64; x64) AppleWebKit/537.36 (KHTML, like Gecko) Chrome/90.0.4430.85 Safari/537.36"
185.191.171.16 - - [22/Mar/2026:18:39:34 -0400] "GET /90042-2/ HTTP/1.1" 404 1251 "-" "Mozilla/5.0 (compatible; SemrushBot/7~bl; +http://www.semrush.com/bot.html)"
75.119.148.223 - - [22/Mar/2026:18:39:43 -0400] "GET /wp-includes/abilities-api.php HTTP/1.1" 200 0 "binance.com" "Mozilla/5.0 (Windows NT 10.0; Win64; x64) AppleWebKit/537.36 (KHTML, like Gecko) Chrome/90.0.4430.85 Safari/537.36"
75.119.148.223 - - [22/Mar/2026:18:39:53 -0400] "GET /wp-includes/abilities.php HTTP/1.1" 200 0 "binance.com" "Mozilla/5.0 (Windows NT 10.0; Win64; x64) AppleWebKit/537.36 (KHTML, like Gecko) Chrome/90.0.4430.85 Safari/537.36"
36.41.75.167 - - [22/Mar/2026:18:39:57 -0400] "GET / HTTP/1.1" 200 34902 "http://www.coronamicroblading.com" "Mozilla/5.0 (iPhone; CPU iPhone OS 13_2_3 like Mac OS X) AppleWebKit/605.1.15 (KHTML, like Gecko) Version/13.0.3 Mobile/15E148 Safari/604.1"
85.208.96.208 - - [22/Mar/2026:18:39:59 -0400] "GET /cabazon-ca/ HTTP/1.1" 404 1251 "-" "Mozilla/5.0 (compatible; SemrushBot/7~bl; +http://www.semrush.com/bot.html)"
75.119.148.223 - - [22/Mar/2026:18:36:06 -0400] "GET /wp-admin/css/colors/ectoplasm/ HTTP/1.1" 200 890 "binance.com" "Mozilla/5.0 (Windows NT 10.0; Win64; x64) AppleWebKit/537.36 (KHTML, like Gecko) Chrome/90.0.4430.85 Safari/537.36"
75.119.148.223 - - [22/Mar/2026:18:37:01 -0400] "GET /wp-admin/css/colors/ocean/ HTTP/1.1" 200 885 "binance.com" "Mozilla/5.0 (Windows NT 10.0; Win64; x64) AppleWebKit/537.36 (KHTML, like Gecko) Chrome/90.0.4430.85 Safari/537.36"
75.119.148.223 - - [22/Mar/2026:18:37:15 -0400] "GET /wp-admin/css/colors/sunrise/%20 HTTP/1.1" 404 1251 "binance.com" "Mozilla/5.0 (Windows NT 10.0; Win64; x64) AppleWebKit/537.36 (KHTML, like Gecko) Chrome/90.0.4430.85 Safari/537.36"
75.119.148.223 - - [22/Mar/2026:18:37:26 -0400] "GET /wp-admin/images/ HTTP/1.1" 200 2892 "binance.com" "Mozilla/5.0 (Windows NT 10.0; Win64; x64) AppleWebKit/537.36 (KHTML, like Gecko) Chrome/90.0.4430.85 Safari/537.36"
69.171.231.26 - - [22/Mar/2026:18:37:26 -0400] "GET /colton-ca/ HTTP/1.1" 404 1251 "-" "meta-externalagent/1.1 (+https://developers.facebook.com/docs/sharing/webmasters/crawler)"
57.141.2.45 - - [22/Mar/2026:18:37:28 -0400] "GET /aliso-viejo-ca/ HTTP/1.1" 404 1251 "-" "meta-externalagent/1.1 (+https://developers.facebook.com/docs/sharing/webmasters/crawler)"
57.141.2.43 - - [22/Mar/2026:18:38:00 -0400] "GET /whittier-ca/ HTTP/1.1" 404 1251 "-" "meta-externalagent/1.1 (+https://developers.facebook.com/docs/sharing/webmasters/crawler)"
34.168.222.202 - - [22/Mar/2026:18:38:27 -0400] "HEAD / HTTP/1.1" 200 0 "http://www.coronamicroblading.com/" "Mozilla/5.0 (Macintosh; Intel Mac OS X 15_0) AppleWebKit/537.36 (KHTML, like Gecko) Chrome/125.0.6422.141 Safari/537.36"
34.168.222.202 - - [22/Mar/2026:18:38:30 -0400] "HEAD /wp/ HTTP/1.1" 200 0 "http://www.coronamicroblading.com/wp/" "Mozilla/5.0 (Linux; Android 12; TECNO CK6n) AppleWebKit/537.36 (KHTML, like Gecko) Chrome/125.0.6422.50 Mobile Safari/537.36"
34.168.222.202 - - [22/Mar/2026:18:38:30 -0400] "HEAD /new/ HTTP/1.1" 404 0 "http://www.coronamicroblading.com/new/" "Mozilla/5.0 (Windows NT 10.0; Win64; x64) AppleWebKit/537.36 (KHTML, like Gecko) Chrome/127.0.6534.42 Safari/537.36"
34.168.222.202 - - [22/Mar/2026:18:38:30 -0400] "HEAD /old/ HTTP/1.1" 404 0 "http://www.coronamicroblading.com/old/" "Mozilla/5.0 (Windows NT 10.0; Win64; x64) AppleWebKit/537.36 (KHTML, like Gecko) Chrome/125.0.6422.112 Safari/537.36 Brave/1.63.120"
52.167.144.191 - - [22/Mar/2026:18:39:26 -0400] "GET /menifee-ca/ HTTP/1.1" 404 1251 "-" "Mozilla/5.0 AppleWebKit/537.36 (KHTML, like Gecko; compatible; bingbot/2.0; +http://www.bing.com/bingbot.htm) Chrome/116.0.1938.76 Safari/537.36"
51.222.168.4 - - [22/Mar/2026:18:39:51 -0400] "GET /92333-2/ HTTP/1.1" 404 1251 "-" "Mozilla/5.0 (compatible; AhrefsBot/7.0; +http://ahrefs.com/robot/)"
68.65.123.232 - - [22/Mar/2026:18:39:58 -0400] "POST /wp-cron.php?doing_wp_cron=1774219198.7007360458374023437500 HTTP/1.1" 200 0 "-" "WordPress/6.9.4; https://www.coronamicroblading.com"
75.119.148.223 - - [22/Mar/2026:18:40:08 -0400] "GET /wp-includes/block-bindings.php HTTP/1.1" 200 0 "binance.com" "Mozilla/5.0 (Windows NT 10.0; Win64; x64) AppleWebKit/537.36 (KHTML, like Gecko) Chrome/90.0.4430.85 Safari/537.36"
75.119.148.223 - - [22/Mar/2026:18:40:26 -0400] "GET /wp-includes/block-editor.php HTTP/1.1" 200 0 "binance.com" "Mozilla/5.0 (Windows NT 10.0; Win64; x64) AppleWebKit/537.36 (KHTML, like Gecko) Chrome/90.0.4430.85 Safari/537.36"
3.216.210.239 - - [22/Mar/2026:18:40:31 -0400] "GET /robots.txt HTTP/1.1" 404 1251 "-" "Mozilla/5.0 (Macintosh; Intel Mac OS X 10_10_1) AppleWebKit/600.2.5 (KHTML, like Gecko) Version/8.0.2 Safari/600.2.5 (Gort)"
75.119.148.223 - - [22/Mar/2026:18:40:52 -0400] "GET /wp-includes/block-template.php HTTP/1.1" 200 0 "binance.com" "Mozilla/5.0 (Windows NT 10.0; Win64; x64) AppleWebKit/537.36 (KHTML, like Gecko) Chrome/90.0.4430.85 Safari/537.36"
75.119.148.223 - - [22/Mar/2026:18:40:39 -0400] "GET /wp-includes/block-template-utils.php HTTP/1.1" 200 0 "binance.com" "Mozilla/5.0 (Windows NT 10.0; Win64; x64) AppleWebKit/537.36 (KHTML, like Gecko) Chrome/90.0.4430.85 Safari/537.36"
104.207.57.142 - - [22/Mar/2026:18:41:34 -0400] "GET /contact/ HTTP/1.1" 404 1251 "-" "Mozilla/5.0 (Windows NT 10.0; WOW64; x64) AppleWebKit/537.36 (KHTML, like Gecko) Chrome/114.0.0.0 Safari/537.36 OPR/89.0.4447.51"
104.207.57.142 - - [22/Mar/2026:18:41:34 -0400] "GET / HTTP/1.1" 200 30490 "-" "Mozilla/5.0 (Windows NT 10.0; WOW64; x64) AppleWebKit/537.36 (KHTML, like Gecko) Chrome/114.0.0.0 Safari/537.36 OPR/89.0.4447.51"
104.207.57.142 - - [22/Mar/2026:18:41:36 -0400] "GET /contact/ HTTP/1.1" 404 1251 "https://www.coronamicroblading.com/contact/" "Mozilla/5.0 (Windows NT 10.0; WOW64; x64) AppleWebKit/537.36 (KHTML, like Gecko) Chrome/114.0.0.0 Safari/537.36 OPR/89.0.4447.51"
104.207.57.142 - - [22/Mar/2026:18:41:37 -0400] "GET /contacts/ HTTP/1.1" 404 1251 "https://www.coronamicroblading.com/contact/" "Mozilla/5.0 (Windows NT 10.0; WOW64; x64) AppleWebKit/537.36 (KHTML, like Gecko) Chrome/114.0.0.0 Safari/537.36 OPR/89.0.4447.51"
75.119.148.223 - - [22/Mar/2026:18:41:39 -0400] "GET /wp-includes/class-wp-block-editor-context.php HTTP/1.1" 200 0 "binance.com" "Mozilla/5.0 (Windows NT 10.0; Win64; x64) AppleWebKit/537.36 (KHTML, like Gecko) Chrome/90.0.4430.85 Safari/537.36"
75.119.148.223 - - [22/Mar/2026:18:42:18 -0400] "GET /wp-includes/class-wp-block-parser-frame.php HTTP/1.1" 200 0 "binance.com" "Mozilla/5.0 (Windows NT 10.0; Win64; x64) AppleWebKit/537.36 (KHTML, like Gecko) Chrome/90.0.4430.85 Safari/537.36"
75.119.148.223 - - [22/Mar/2026:18:42:27 -0400] "GET /wp-includes/class-wp-block-processor.php HTTP/1.1" 200 0 "binance.com" "Mozilla/5.0 (Windows NT 10.0; Win64; x64) AppleWebKit/537.36 (KHTML, like Gecko) Chrome/90.0.4430.85 Safari/537.36"
75.119.148.223 - - [22/Mar/2026:18:43:02 -0400] "GET /wp-includes/class-wp-classic-to-block-menu-converter.php HTTP/1.1" 200 0 "binance.com" "Mozilla/5.0 (Windows NT 10.0; Win64; x64) AppleWebKit/537.36 (KHTML, like Gecko) Chrome/90.0.4430.85 Safari/537.36"
75.119.148.223 - - [22/Mar/2026:18:43:13 -0400] "GET /wp-includes/class-wp-dependencies.php HTTP/1.1" 200 0 "binance.com" "Mozilla/5.0 (Windows NT 10.0; Win64; x64) AppleWebKit/537.36 (KHTML, like Gecko) Chrome/90.0.4430.85 Safari/537.36"
75.119.148.223 - - [22/Mar/2026:18:43:24 -0400] "GET /wp-includes/class-wp-duotone.php HTTP/1.1" 200 0 "binance.com" "Mozilla/5.0 (Windows NT 10.0; Win64; x64) AppleWebKit/537.36 (KHTML, like Gecko) Chrome/90.0.4430.85 Safari/537.36"
35.87.215.248 - - [22/Mar/2026:18:43:25 -0400] "GET /?rnd=1774219404995 HTTP/1.1" 200 34634 "http://www.coronamicroblading.com/?rnd=1774219404995" "Sucuri-UptimeMonitoring"
185.191.171.8 - - [22/Mar/2026:18:44:15 -0400] "GET /92546-2/ HTTP/1.1" 404 1251 "-" "Mozilla/5.0 (compatible; SemrushBot/7~bl; +http://www.semrush.com/bot.html)"
77.75.78.163 - - [22/Mar/2026:18:44:25 -0400] "GET /mission-hills-ca/ HTTP/1.1" 404 1251 "-" "Mozilla/5.0 (compatible; SeznamBot/4.0; +https://o-seznam.cz/napoveda/vyhledavani/en/seznambot-crawler/)"
75.119.148.223 - - [22/Mar/2026:18:44:30 -0400] "GET /wp-includes/class-wp-plugin-dependencies.php HTTP/1.1" 200 0 "binance.com" "Mozilla/5.0 (Windows NT 10.0; Win64; x64) AppleWebKit/537.36 (KHTML, like Gecko) Chrome/90.0.4430.85 Safari/537.36"
75.119.148.223 - - [22/Mar/2026:18:44:40 -0400] "GET /wp-includes/class-wp-script-modules.php HTTP/1.1" 200 0 "binance.com" "Mozilla/5.0 (Windows NT 10.0; Win64; x64) AppleWebKit/537.36 (KHTML, like Gecko) Chrome/90.0.4430.85 Safari/537.36"
77.83.36.161 - - [22/Mar/2026:18:44:52 -0400] "GET /wp-login.php HTTP/1.0" 200 6496 "-" "Mozilla/4.0 (compatible; MSIE 7.0; Windows NT 6.0)"
77.83.36.161 - - [22/Mar/2026:18:44:54 -0400] "POST /wp-login.php HTTP/1.0" 200 6839 "-" "Mozilla/4.0 (compatible; MSIE 7.0; Windows NT 6.0)"
75.119.148.223 - - [22/Mar/2026:18:41:06 -0400] "GET /wp-includes/class-avif-info.php HTTP/1.1" 200 0 "binance.com" "Mozilla/5.0 (Windows NT 10.0; Win64; x64) AppleWebKit/537.36 (KHTML, like Gecko) Chrome/90.0.4430.85 Safari/537.36"
75.119.148.223 - - [22/Mar/2026:18:41:17 -0400] "GET /wp-includes/class-wp-block-bindings-registry.php HTTP/1.1" 200 0 "binance.com" "Mozilla/5.0 (Windows NT 10.0; Win64; x64) AppleWebKit/537.36 (KHTML, like Gecko) Chrome/90.0.4430.85 Safari/537.36"
75.119.148.223 - - [22/Mar/2026:18:41:28 -0400] "GET /wp-includes/class-wp-block-bindings-source.php HTTP/1.1" 200 0 "binance.com" "Mozilla/5.0 (Windows NT 10.0; Win64; x64) AppleWebKit/537.36 (KHTML, like Gecko) Chrome/90.0.4430.85 Safari/537.36"
47.128.114.57 - - [22/Mar/2026:18:41:36 -0400] "GET /robots.txt HTTP/1.1" 404 1251 "-" "Mozilla/5.0 (Linux; Android 5.0) AppleWebKit/537.36 (KHTML, like Gecko) Mobile Safari/537.36 (compatible; Bytespider; spider-feedback@bytedance.com)"
75.119.148.223 - - [22/Mar/2026:18:41:51 -0400] "GET /wp-includes/class-wp-block-metadata-registry.php HTTP/1.1" 200 0 "binance.com" "Mozilla/5.0 (Windows NT 10.0; Win64; x64) AppleWebKit/537.36 (KHTML, like Gecko) Chrome/90.0.4430.85 Safari/537.36"
75.119.148.223 - - [22/Mar/2026:18:42:05 -0400] "GET /wp-includes/class-wp-block-parser-block.php HTTP/1.1" 200 0 "binance.com" "Mozilla/5.0 (Windows NT 10.0; Win64; x64) AppleWebKit/537.36 (KHTML, like Gecko) Chrome/90.0.4430.85 Safari/537.36"
15.235.27.124 - - [22/Mar/2026:18:42:12 -0400] "GET /91129-2/ HTTP/1.1" 404 1251 "-" "Mozilla/5.0 (compatible; AhrefsBot/7.0; +http://ahrefs.com/robot/)"
75.119.148.223 - - [22/Mar/2026:18:42:40 -0400] "GET /wp-includes/class-wp-block-template.php HTTP/1.1" 200 0 "binance.com" "Mozilla/5.0 (Windows NT 10.0; Win64; x64) AppleWebKit/537.36 (KHTML, like Gecko) Chrome/90.0.4430.85 Safari/537.36"
75.119.148.223 - - [22/Mar/2026:18:42:50 -0400] "GET /wp-includes/class-wp-block-templates-registry.php HTTP/1.1" 200 0 "binance.com" "Mozilla/5.0 (Windows NT 10.0; Win64; x64) AppleWebKit/537.36 (KHTML, like Gecko) Chrome/90.0.4430.85 Safari/537.36"
75.119.148.223 - - [22/Mar/2026:18:43:35 -0400] "GET /wp-includes/class-wp-exception.php HTTP/1.1" 200 0 "binance.com" "Mozilla/5.0 (Windows NT 10.0; Win64; x64) AppleWebKit/537.36 (KHTML, like Gecko) Chrome/90.0.4430.85 Safari/537.36"
75.119.148.223 - - [22/Mar/2026:18:43:45 -0400] "GET /wp-includes/class-wp-http.php HTTP/1.1" 200 22 "binance.com" "Mozilla/5.0 (Windows NT 10.0; Win64; x64) AppleWebKit/537.36 (KHTML, like Gecko) Chrome/90.0.4430.85 Safari/537.36"
85.208.96.209 - - [22/Mar/2026:18:43:54 -0400] "GET /robots.txt HTTP/1.1" 404 1251 "-" "Mozilla/5.0 (compatible; SemrushBot/7~bl; +http://www.semrush.com/bot.html)"
75.119.148.223 - - [22/Mar/2026:18:44:00 -0400] "GET /wp-includes/class-wp-navigation-fallback.php HTTP/1.1" 200 0 "binance.com" "Mozilla/5.0 (Windows NT 10.0; Win64; x64) AppleWebKit/537.36 (KHTML, like Gecko) Chrome/90.0.4430.85 Safari/537.36"
75.119.148.223 - - [22/Mar/2026:18:44:16 -0400] "GET /wp-includes/class-wp-phpmailer.php HTTP/1.1" 200 202 "binance.com" "Mozilla/5.0 (Windows NT 10.0; Win64; x64) AppleWebKit/537.36 (KHTML, like Gecko) Chrome/90.0.4430.85 Safari/537.36"
51.161.65.129 - - [22/Mar/2026:18:44:41 -0400] "GET /90213-2/ HTTP/1.1" 404 1251 "-" "Mozilla/5.0 (compatible; AhrefsBot/7.0; +http://ahrefs.com/robot/)"
77.83.36.161 - - [22/Mar/2026:18:44:53 -0400] "POST /wp-login.php HTTP/1.0" 200 6839 "-" "Mozilla/4.0 (compatible; MSIE 7.0; Windows NT 6.0)"
77.83.36.161 - - [22/Mar/2026:18:44:54 -0400] "POST /wp-login.php HTTP/1.0" 200 6839 "-" "Mozilla/4.0 (compatible; MSIE 7.0; Windows NT 6.0)"
75.119.148.223 - - [22/Mar/2026:18:46:02 -0400] "GET /wp-includes/class-wp-theme-json-resolver.php HTTP/1.1" 200 0 "binance.com" "Mozilla/5.0 (Windows NT 10.0; Win64; x64) AppleWebKit/537.36 (KHTML, like Gecko) Chrome/90.0.4430.85 Safari/537.36"
75.119.148.223 - - [22/Mar/2026:18:44:55 -0400] "GET /wp-includes/class-wp-scripts.php HTTP/1.1" 200 199 "binance.com" "Mozilla/5.0 (Windows NT 10.0; Win64; x64) AppleWebKit/537.36 (KHTML, like Gecko) Chrome/90.0.4430.85 Safari/537.36"
75.119.148.223 - - [22/Mar/2026:18:45:10 -0400] "GET /wp-includes/class-wp-speculation-rules.php HTTP/1.1" 200 0 "binance.com" "Mozilla/5.0 (Windows NT 10.0; Win64; x64) AppleWebKit/537.36 (KHTML, like Gecko) Chrome/90.0.4430.85 Safari/537.36"
75.119.148.223 - - [22/Mar/2026:18:45:22 -0400] "GET /wp-includes/class-wp-styles.php HTTP/1.1" 200 199 "binance.com" "Mozilla/5.0 (Windows NT 10.0; Win64; x64) AppleWebKit/537.36 (KHTML, like Gecko) Chrome/90.0.4430.85 Safari/537.36"
75.119.148.223 - - [22/Mar/2026:18:45:37 -0400] "GET /wp-includes/class-wp-textdomain-registry.php HTTP/1.1" 200 0 "binance.com" "Mozilla/5.0 (Windows NT 10.0; Win64; x64) AppleWebKit/537.36 (KHTML, like Gecko) Chrome/90.0.4430.85 Safari/537.36"
75.119.148.223 - - [22/Mar/2026:18:45:50 -0400] "GET /wp-includes/class-wp-theme-json-data.php HTTP/1.1" 200 0 "binance.com" "Mozilla/5.0 (Windows NT 10.0; Win64; x64) AppleWebKit/537.36 (KHTML, like Gecko) Chrome/90.0.4430.85 Safari/537.36"
51.161.37.3 - - [22/Mar/2026:18:47:13 -0400] "GET /bryn-mawr-ca/ HTTP/1.1" 404 1251 "-" "Mozilla/5.0 (compatible; AhrefsBot/7.0; +http://ahrefs.com/robot/)"
75.119.148.223 - - [22/Mar/2026:18:47:27 -0400] "GET /wp-includes/fonts.php HTTP/1.1" 200 0 "binance.com" "Mozilla/5.0 (Windows NT 10.0; Win64; x64) AppleWebKit/537.36 (KHTML, like Gecko) Chrome/90.0.4430.85 Safari/537.36"
75.119.148.223 - - [22/Mar/2026:18:47:42 -0400] "GET /wp-includes/global-styles-and-settings.php HTTP/1.1" 200 0 "binance.com" "Mozilla/5.0 (Windows NT 10.0; Win64; x64) AppleWebKit/537.36 (KHTML, like Gecko) Chrome/90.0.4430.85 Safari/537.36"
75.119.148.223 - - [22/Mar/2026:18:48:14 -0400] "GET /wp-includes/robots-template.php HTTP/1.1" 200 0 "binance.com" "Mozilla/5.0 (Windows NT 10.0; Win64; x64) AppleWebKit/537.36 (KHTML, like Gecko) Chrome/90.0.4430.85 Safari/537.36"
75.119.148.223 - - [22/Mar/2026:18:48:25 -0400] "GET /wp-includes/script-modules.php HTTP/1.1" 200 0 "binance.com" "Mozilla/5.0 (Windows NT 10.0; Win64; x64) AppleWebKit/537.36 (KHTML, like Gecko) Chrome/90.0.4430.85 Safari/537.36"
75.119.148.223 - - [22/Mar/2026:18:48:42 -0400] "GET /wp-includes/speculative-loading.php HTTP/1.1" 200 0 "binance.com" "Mozilla/5.0 (Windows NT 10.0; Win64; x64) AppleWebKit/537.36 (KHTML, like Gecko) Chrome/90.0.4430.85 Safari/537.36"
75.119.148.223 - - [22/Mar/2026:18:48:54 -0400] "GET /wp-includes/style-engine.php HTTP/1.1" 200 0 "binance.com" "Mozilla/5.0 (Windows NT 10.0; Win64; x64) AppleWebKit/537.36 (KHTML, like Gecko) Chrome/90.0.4430.85 Safari/537.36"
75.119.148.223 - - [22/Mar/2026:18:49:05 -0400] "GET /wp-includes/template-canvas.php HTTP/1.1" 200 204 "binance.com" "Mozilla/5.0 (Windows NT 10.0; Win64; x64) AppleWebKit/537.36 (KHTML, like Gecko) Chrome/90.0.4430.85 Safari/537.36"
66.249.77.164 - - [22/Mar/2026:18:49:20 -0400] "GET /?ND HTTP/1.1" 200 16791 "-" "Mozilla/5.0 (Linux; Android 6.0.1; Nexus 5X Build/MMB29P) AppleWebKit/537.36 (KHTML, like Gecko) Chrome/145.0.7632.159 Mobile Safari/537.36 (compatible; Googlebot/2.1; +http://www.google.com/bot.html)"
148.113.130.74 - - [22/Mar/2026:18:49:46 -0400] "GET /91504-2/ HTTP/1.1" 404 1251 "-" "Mozilla/5.0 (compatible; AhrefsBot/7.0; +http://ahrefs.com/robot/)"
75.119.148.223 - - [22/Mar/2026:18:49:52 -0400] "GET /wp-includes/theme-previews.php HTTP/1.1" 200 0 "binance.com" "Mozilla/5.0 (Windows NT 10.0; Win64; x64) AppleWebKit/537.36 (KHTML, like Gecko) Chrome/90.0.4430.85 Safari/537.36"
75.119.148.223 - - [22/Mar/2026:18:50:27 -0400] "GET /wp-includes/ID3/ HTTP/1.1" 200 1577 "binance.com" "Mozilla/5.0 (Windows NT 10.0; Win64; x64) AppleWebKit/537.36 (KHTML, like Gecko) Chrome/90.0.4430.85 Safari/537.36"
75.119.148.223 - - [22/Mar/2026:18:46:13 -0400] "GET /wp-includes/class-wp-theme-json-schema.php HTTP/1.1" 200 0 "binance.com" "Mozilla/5.0 (Windows NT 10.0; Win64; x64) AppleWebKit/537.36 (KHTML, like Gecko) Chrome/90.0.4430.85 Safari/537.36"
75.119.148.223 - - [22/Mar/2026:18:46:26 -0400] "GET /wp-includes/class-wp-theme-json.php HTTP/1.1" 200 0 "binance.com" "Mozilla/5.0 (Windows NT 10.0; Win64; x64) AppleWebKit/537.36 (KHTML, like Gecko) Chrome/90.0.4430.85 Safari/537.36"
75.119.148.223 - - [22/Mar/2026:18:46:38 -0400] "GET /wp-includes/class-wp-token-map.php HTTP/1.1" 200 0 "binance.com" "Mozilla/5.0 (Windows NT 10.0; Win64; x64) AppleWebKit/537.36 (KHTML, like Gecko) Chrome/90.0.4430.85 Safari/537.36"
75.119.148.223 - - [22/Mar/2026:18:46:48 -0400] "GET /wp-includes/class-wp-url-pattern-prefixer.php HTTP/1.1" 200 0 "binance.com" "Mozilla/5.0 (Windows NT 10.0; Win64; x64) AppleWebKit/537.36 (KHTML, like Gecko) Chrome/90.0.4430.85 Safari/537.36"
75.119.148.223 - - [22/Mar/2026:18:46:58 -0400] "GET /wp-includes/class-wpdb.php HTTP/1.1" 200 0 "binance.com" "Mozilla/5.0 (Windows NT 10.0; Win64; x64) AppleWebKit/537.36 (KHTML, like Gecko) Chrome/90.0.4430.85 Safari/537.36"
75.119.148.223 - - [22/Mar/2026:18:47:13 -0400] "GET /wp-includes/compat-utf8.php HTTP/1.1" 200 0 "binance.com" "Mozilla/5.0 (Windows NT 10.0; Win64; x64) AppleWebKit/537.36 (KHTML, like Gecko) Chrome/90.0.4430.85 Safari/537.36"
75.119.148.223 - - [22/Mar/2026:18:47:53 -0400] "GET /wp-includes/https-detection.php HTTP/1.1" 200 0 "binance.com" "Mozilla/5.0 (Windows NT 10.0; Win64; x64) AppleWebKit/537.36 (KHTML, like Gecko) Chrome/90.0.4430.85 Safari/537.36"
75.119.148.223 - - [22/Mar/2026:18:48:03 -0400] "GET /wp-includes/https-migration.php HTTP/1.1" 200 0 "binance.com" "Mozilla/5.0 (Windows NT 10.0; Win64; x64) AppleWebKit/537.36 (KHTML, like Gecko) Chrome/90.0.4430.85 Safari/537.36"
114.119.140.186 - - [22/Mar/2026:18:49:25 -0400] "GET /92885-2 HTTP/1.1" 404 1251 "https://www.coronamicroblading.com/92885-2" "Mozilla/5.0 (Linux; Android 7.0;) AppleWebKit/537.36 (KHTML, like Gecko) Mobile Safari/537.36 (compatible; PetalBot;+https://webmaster.petalsearch.com/site/petalbot)"
75.119.148.223 - - [22/Mar/2026:18:50:02 -0400] "GET /wp-includes/theme-templates.php HTTP/1.1" 200 0 "binance.com" "Mozilla/5.0 (Windows NT 10.0; Win64; x64) AppleWebKit/537.36 (KHTML, like Gecko) Chrome/90.0.4430.85 Safari/537.36"
75.119.148.223 - - [22/Mar/2026:18:50:14 -0400] "GET /wp-includes/utf8.php HTTP/1.1" 200 196 "binance.com" "Mozilla/5.0 (Windows NT 10.0; Win64; x64) AppleWebKit/537.36 (KHTML, like Gecko) Chrome/90.0.4430.85 Safari/537.36"
75.119.148.223 - - [22/Mar/2026:18:50:41 -0400] "GET /wp-includes/ID3/ HTTP/1.1" 200 1577 "binance.com" "Mozilla/5.0 (Windows NT 10.0; Win64; x64) AppleWebKit/537.36 (KHTML, like Gecko) Chrome/90.0.4430.85 Safari/537.36"
75.119.148.223 - - [22/Mar/2026:18:51:03 -0400] "GET /wp-includes/IXR/ HTTP/1.1" 200 1327 "binance.com" "Mozilla/5.0 (Windows NT 10.0; Win64; x64) AppleWebKit/537.36 (KHTML, like Gecko) Chrome/90.0.4430.85 Safari/537.36"
75.119.148.223 - - [22/Mar/2026:18:51:17 -0400] "GET /wp-includes/IXR/ HTTP/1.1" 200 1327 "binance.com" "Mozilla/5.0 (Windows NT 10.0; Win64; x64) AppleWebKit/537.36 (KHTML, like Gecko) Chrome/90.0.4430.85 Safari/537.36"
75.119.148.223 - - [22/Mar/2026:18:51:30 -0400] "GET /wp-includes/PHPMailer/ HTTP/1.1" 200 1285 "binance.com" "Mozilla/5.0 (Windows NT 10.0; Win64; x64) AppleWebKit/537.36 (KHTML, like Gecko) Chrome/90.0.4430.85 Safari/537.36"
75.119.148.223 - - [22/Mar/2026:18:51:43 -0400] "GET /wp-includes/PHPMailer/ HTTP/1.1" 200 1285 "binance.com" "Mozilla/5.0 (Windows NT 10.0; Win64; x64) AppleWebKit/537.36 (KHTML, like Gecko) Chrome/90.0.4430.85 Safari/537.36"
54.39.6.177 - - [22/Mar/2026:18:52:01 -0400] "GET /92371-2/ HTTP/1.1" 404 1251 "-" "Mozilla/5.0 (compatible; AhrefsBot/7.0; +http://ahrefs.com/robot/)"
75.119.148.223 - - [22/Mar/2026:18:52:01 -0400] "GET /wp-includes/PHPMailer/DSNConfigurator.php HTTP/1.1" 200 0 "binance.com" "Mozilla/5.0 (Windows NT 10.0; Win64; x64) AppleWebKit/537.36 (KHTML, like Gecko) Chrome/90.0.4430.85 Safari/537.36"
75.119.148.223 - - [22/Mar/2026:18:52:11 -0400] "GET /wp-includes/PHPMailer/OAuth.php HTTP/1.1" 200 214 "binance.com" "Mozilla/5.0 (Windows NT 10.0; Win64; x64) AppleWebKit/537.36 (KHTML, like Gecko) Chrome/90.0.4430.85 Safari/537.36"
114.119.140.186 - - [22/Mar/2026:18:52:05 -0400] "GET /90004-2/ HTTP/1.1" 404 1251 "https://www.coronamicroblading.com/90004-2" "Mozilla/5.0 (Linux; Android 7.0;) AppleWebKit/537.36 (KHTML, like Gecko) Mobile Safari/537.36 (compatible; PetalBot;+https://webmaster.petalsearch.com/site/petalbot)"
66.249.77.165 - - [22/Mar/2026:18:52:38 -0400] "GET /?MA HTTP/1.1" 200 17154 "-" "Mozilla/5.0 (Linux; Android 6.0.1; Nexus 5X Build/MMB29P) AppleWebKit/537.36 (KHTML, like Gecko) Chrome/145.0.7632.159 Mobile Safari/537.36 (compatible; Googlebot/2.1; +http://www.google.com/bot.html)"
75.119.148.223 - - [22/Mar/2026:18:52:39 -0400] "GET /wp-includes/PHPMailer/POP3.php HTTP/1.1" 200 0 "binance.com" "Mozilla/5.0 (Windows NT 10.0; Win64; x64) AppleWebKit/537.36 (KHTML, like Gecko) Chrome/90.0.4430.85 Safari/537.36"
75.119.148.223 - - [22/Mar/2026:18:52:51 -0400] "GET /wp-includes/Text/ HTTP/1.1" 200 848 "binance.com" "Mozilla/5.0 (Windows NT 10.0; Win64; x64) AppleWebKit/537.36 (KHTML, like Gecko) Chrome/90.0.4430.85 Safari/537.36"
75.119.148.223 - - [22/Mar/2026:18:53:05 -0400] "GET /wp-includes/Text/ HTTP/1.1" 200 848 "binance.com" "Mozilla/5.0 (Windows NT 10.0; Win64; x64) AppleWebKit/537.36 (KHTML, like Gecko) Chrome/90.0.4430.85 Safari/537.36"
114.119.151.1 - - [22/Mar/2026:18:53:06 -0400] "GET /2018/08/page/66 HTTP/1.1" 404 1251 "https://www.coronamicroblading.com/2018/08/page/66" "Mozilla/5.0 (Linux; Android 7.0;) AppleWebKit/537.36 (KHTML, like Gecko) Mobile Safari/537.36 (compatible; PetalBot;+https://webmaster.petalsearch.com/site/petalbot)"
75.119.148.223 - - [22/Mar/2026:18:53:23 -0400] "GET /wp-includes/Text/Diff/ HTTP/1.1" 200 851 "binance.com" "Mozilla/5.0 (Windows NT 10.0; Win64; x64) AppleWebKit/537.36 (KHTML, like Gecko) Chrome/90.0.4430.85 Safari/537.36"
77.75.78.163 - - [22/Mar/2026:18:53:30 -0400] "GET /yorba-linda-ca/ HTTP/1.1" 404 1251 "-" "Mozilla/5.0 (compatible; SeznamBot/4.0; +https://o-seznam.cz/napoveda/vyhledavani/en/seznambot-crawler/)"
75.119.148.223 - - [22/Mar/2026:18:53:36 -0400] "GET /wp-includes/Text/Diff/ HTTP/1.1" 200 851 "binance.com" "Mozilla/5.0 (Windows NT 10.0; Win64; x64) AppleWebKit/537.36 (KHTML, like Gecko) Chrome/90.0.4430.85 Safari/537.36"
75.119.148.223 - - [22/Mar/2026:18:53:47 -0400] "GET /wp-includes/Text/Diff/Engine/ HTTP/1.1" 200 865 "binance.com" "Mozilla/5.0 (Windows NT 10.0; Win64; x64) AppleWebKit/537.36 (KHTML, like Gecko) Chrome/90.0.4430.85 Safari/537.36"
75.119.148.223 - - [22/Mar/2026:18:54:00 -0400] "GET /wp-includes/Text/Diff/Engine/ HTTP/1.1" 200 865 "binance.com" "Mozilla/5.0 (Windows NT 10.0; Win64; x64) AppleWebKit/537.36 (KHTML, like Gecko) Chrome/90.0.4430.85 Safari/537.36"
142.44.233.212 - - [22/Mar/2026:18:54:20 -0400] "GET /92859-2/ HTTP/1.1" 404 1251 "-" "Mozilla/5.0 (compatible; AhrefsBot/7.0; +http://ahrefs.com/robot/)"
75.119.148.223 - - [22/Mar/2026:18:54:27 -0400] "GET /wp-includes/Text/Diff/Renderer/ HTTP/1.1" 200 789 "binance.com" "Mozilla/5.0 (Windows NT 10.0; Win64; x64) AppleWebKit/537.36 (KHTML, like Gecko) Chrome/90.0.4430.85 Safari/537.36"
75.119.148.223 - - [22/Mar/2026:18:54:43 -0400] "GET /wp-includes/blocks/ HTTP/1.1" 200 22 "binance.com" "Mozilla/5.0 (Windows NT 10.0; Win64; x64) AppleWebKit/537.36 (KHTML, like Gecko) Chrome/90.0.4430.85 Safari/537.36"
75.119.148.223 - - [22/Mar/2026:18:54:59 -0400] "GET /wp-includes/pomo/ HTTP/1.1" 200 1216 "binance.com" "Mozilla/5.0 (Windows NT 10.0; Win64; x64) AppleWebKit/537.36 (KHTML, like Gecko) Chrome/90.0.4430.85 Safari/537.36"
75.119.148.223 - - [22/Mar/2026:18:55:26 -0400] "GET /wp-includes/sitemaps/ HTTP/1.1" 200 1268 "binance.com" "Mozilla/5.0 (Windows NT 10.0; Win64; x64) AppleWebKit/537.36 (KHTML, like Gecko) Chrome/90.0.4430.85 Safari/537.36"
75.119.148.223 - - [22/Mar/2026:18:55:42 -0400] "GET /wp-includes/sitemaps/ HTTP/1.1" 200 1268 "binance.com" "Mozilla/5.0 (Windows NT 10.0; Win64; x64) AppleWebKit/537.36 (KHTML, like Gecko) Chrome/90.0.4430.85 Safari/537.36"
66.249.77.163 - - [22/Mar/2026:18:55:56 -0400] "GET /readme.html HTTP/1.1" 200 2667 "-" "Mozilla/5.0 (Linux; Android 6.0.1; Nexus 5X Build/MMB29P) AppleWebKit/537.36 (KHTML, like Gecko) Chrome/145.0.7632.159 Mobile Safari/537.36 (compatible; Googlebot/2.1; +http://www.google.com/bot.html)"
75.119.148.223 - - [22/Mar/2026:18:52:25 -0400] "GET /wp-includes/PHPMailer/OAuthTokenProvider.php HTTP/1.1" 200 0 "binance.com" "Mozilla/5.0 (Windows NT 10.0; Win64; x64) AppleWebKit/537.36 (KHTML, like Gecko) Chrome/90.0.4430.85 Safari/537.36"
75.119.148.223 - - [22/Mar/2026:18:54:14 -0400] "GET /wp-includes/Text/Diff/Renderer/ HTTP/1.1" 200 789 "binance.com" "Mozilla/5.0 (Windows NT 10.0; Win64; x64) AppleWebKit/537.36 (KHTML, like Gecko) Chrome/90.0.4430.85 Safari/537.36"
75.119.148.223 - - [22/Mar/2026:18:55:12 -0400] "GET /wp-includes/pomo/ HTTP/1.1" 200 1216 "binance.com" "Mozilla/5.0 (Windows NT 10.0; Win64; x64) AppleWebKit/537.36 (KHTML, like Gecko) Chrome/90.0.4430.85 Safari/537.36"
216.73.216.13 - - [22/Mar/2026:18:56:04 -0400] "GET /wp-admin/includes/theme-install.php HTTP/1.1" 200 0 "-" "Mozilla/5.0 AppleWebKit/537.36 (KHTML, like Gecko; compatible; ClaudeBot/1.0; +claudebot@anthropic.com)"
216.73.216.13 - - [22/Mar/2026:18:56:05 -0400] "GET /wp-admin/includes/import.php HTTP/1.1" 200 0 "-" "Mozilla/5.0 AppleWebKit/537.36 (KHTML, like Gecko; compatible; ClaudeBot/1.0; +claudebot@anthropic.com)"
216.73.216.13 - - [22/Mar/2026:18:56:06 -0400] "GET /wp-includes/html-api/class-wp-html-open-elements.php HTTP/1.1" 200 0 "-" "Mozilla/5.0 AppleWebKit/537.36 (KHTML, like Gecko; compatible; ClaudeBot/1.0; +claudebot@anthropic.com)"
216.73.216.13 - - [22/Mar/2026:18:56:07 -0400] "GET /wp-admin/includes/image.php HTTP/1.1" 200 0 "-" "Mozilla/5.0 AppleWebKit/537.36 (KHTML, like Gecko; compatible; ClaudeBot/1.0; +claudebot@anthropic.com)"
216.73.216.13 - - [22/Mar/2026:18:56:07 -0400] "GET /wp-includes/html-api/class-wp-html-processor-state.php HTTP/1.1" 200 0 "-" "Mozilla/5.0 AppleWebKit/537.36 (KHTML, like Gecko; compatible; ClaudeBot/1.0; +claudebot@anthropic.com)"
216.73.216.13 - - [22/Mar/2026:18:56:07 -0400] "GET /wp-includes/html-api/class-wp-html-stack-event.php HTTP/1.1" 200 0 "-" "Mozilla/5.0 AppleWebKit/537.36 (KHTML, like Gecko; compatible; ClaudeBot/1.0; +claudebot@anthropic.com)"
216.73.216.13 - - [22/Mar/2026:18:56:08 -0400] "GET /wp-includes/css/editor.min.css HTTP/1.1" 200 5680 "-" "Mozilla/5.0 AppleWebKit/537.36 (KHTML, like Gecko; compatible; ClaudeBot/1.0; +claudebot@anthropic.com)"
216.73.216.13 - - [22/Mar/2026:18:56:08 -0400] "GET /wp-admin/includes/post.php HTTP/1.1" 200 0 "-" "Mozilla/5.0 AppleWebKit/537.36 (KHTML, like Gecko; compatible; ClaudeBot/1.0; +claudebot@anthropic.com)"
216.73.216.13 - - [22/Mar/2026:18:56:09 -0400] "GET /wp-admin/includes/class-wp-internal-pointers.php HTTP/1.1" 200 0 "-" "Mozilla/5.0 AppleWebKit/537.36 (KHTML, like Gecko; compatible; ClaudeBot/1.0; +claudebot@anthropic.com)"
216.73.216.13 - - [22/Mar/2026:18:56:09 -0400] "GET /wp-admin/includes/template.php HTTP/1.1" 200 178 "-" "Mozilla/5.0 AppleWebKit/537.36 (KHTML, like Gecko; compatible; ClaudeBot/1.0; +claudebot@anthropic.com)"
216.73.216.13 - - [22/Mar/2026:18:56:09 -0400] "GET /wp-admin/includes/widgets.php HTTP/1.1" 200 0 "-" "Mozilla/5.0 AppleWebKit/537.36 (KHTML, like Gecko; compatible; ClaudeBot/1.0; +claudebot@anthropic.com)"
216.73.216.13 - - [22/Mar/2026:18:56:10 -0400] "GET /wp-admin/includes/screen.php HTTP/1.1" 200 0 "-" "Mozilla/5.0 AppleWebKit/537.36 (KHTML, like Gecko; compatible; ClaudeBot/1.0; +claudebot@anthropic.com)"
216.73.216.13 - - [22/Mar/2026:18:56:10 -0400] "GET /wp-admin/includes/user.php HTTP/1.1" 200 0 "-" "Mozilla/5.0 AppleWebKit/537.36 (KHTML, like Gecko; compatible; ClaudeBot/1.0; +claudebot@anthropic.com)"
216.73.216.13 - - [22/Mar/2026:18:56:10 -0400] "GET /wp-admin/css/admin-menu.css HTTP/1.1" 200 3498 "-" "Mozilla/5.0 AppleWebKit/537.36 (KHTML, like Gecko; compatible; ClaudeBot/1.0; +claudebot@anthropic.com)"
216.73.216.13 - - [22/Mar/2026:18:56:11 -0400] "GET /wp-admin/css/wp-admin.css HTTP/1.1" 200 115 "-" "Mozilla/5.0 AppleWebKit/537.36 (KHTML, like Gecko; compatible; ClaudeBot/1.0; +claudebot@anthropic.com)"
216.73.216.13 - - [22/Mar/2026:18:56:11 -0400] "GET /wp-includes/css/wp-pointer.min.css HTTP/1.1" 200 797 "-" "Mozilla/5.0 AppleWebKit/537.36 (KHTML, like Gecko; compatible; ClaudeBot/1.0; +claudebot@anthropic.com)"
216.73.216.13 - - [22/Mar/2026:18:56:11 -0400] "GET /wp-admin/includes/misc.php HTTP/1.1" 200 0 "-" "Mozilla/5.0 AppleWebKit/537.36 (KHTML, like Gecko; compatible; ClaudeBot/1.0; +claudebot@anthropic.com)"
216.73.216.13 - - [22/Mar/2026:18:56:11 -0400] "GET /wp-admin/includes/network.php HTTP/1.1" 200 0 "-" "Mozilla/5.0 AppleWebKit/537.36 (KHTML, like Gecko; compatible; ClaudeBot/1.0; +claudebot@anthropic.com)"
216.73.216.13 - - [22/Mar/2026:18:56:12 -0400] "GET /wp-admin/includes/class-wp-debug-data.php HTTP/1.1" 200 0 "-" "Mozilla/5.0 AppleWebKit/537.36 (KHTML, like Gecko; compatible; ClaudeBot/1.0; +claudebot@anthropic.com)"
