216.73.216.13 - - [22/Mar/2026:16:13:05 -0400] "GET /wp-admin HTTP/1.1" 301 795 "-" "Mozilla/5.0 AppleWebKit/537.36 (KHTML, like Gecko; compatible; ClaudeBot/1.0; +claudebot@anthropic.com)"
216.73.216.13 - - [22/Mar/2026:16:13:05 -0400] "GET /wp/ HTTP/1.1" 200 542 "https://www.coronamicroblading.com/wp" "Mozilla/5.0 AppleWebKit/537.36 (KHTML, like Gecko; compatible; ClaudeBot/1.0; +claudebot@anthropic.com)"
216.73.216.13 - - [22/Mar/2026:16:14:03 -0400] "GET /wp-settings.php HTTP/1.1" 200 169 "-" "Mozilla/5.0 AppleWebKit/537.36 (KHTML, like Gecko; compatible; ClaudeBot/1.0; +claudebot@anthropic.com)"
216.73.216.13 - - [22/Mar/2026:16:14:39 -0400] "GET /wp-includes/ HTTP/1.1" 200 7054 "https://www.coronamicroblading.com/wp-includes" "Mozilla/5.0 AppleWebKit/537.36 (KHTML, like Gecko; compatible; ClaudeBot/1.0; +claudebot@anthropic.com)"
216.73.216.13 - - [22/Mar/2026:16:14:54 -0400] "GET /unzip.php HTTP/1.1" 200 131 "-" "Mozilla/5.0 AppleWebKit/537.36 (KHTML, like Gecko; compatible; ClaudeBot/1.0; +claudebot@anthropic.com)"
216.73.216.13 - - [22/Mar/2026:16:14:39 -0400] "GET /wp-includes HTTP/1.1" 301 795 "-" "Mozilla/5.0 AppleWebKit/537.36 (KHTML, like Gecko; compatible; ClaudeBot/1.0; +claudebot@anthropic.com)"
216.73.216.13 - - [22/Mar/2026:16:14:39 -0400] "GET /wp-config-sample.php HTTP/1.1" 500 905 "-" "Mozilla/5.0 AppleWebKit/537.36 (KHTML, like Gecko; compatible; ClaudeBot/1.0; +claudebot@anthropic.com)"
216.73.216.13 - - [22/Mar/2026:16:14:54 -0400] "GET /wp-trackback.php HTTP/1.1" 404 91 "-" "Mozilla/5.0 AppleWebKit/537.36 (KHTML, like Gecko; compatible; ClaudeBot/1.0; +claudebot@anthropic.com)"
216.73.216.13 - - [22/Mar/2026:16:15:01 -0400] "GET /wp-config.php HTTP/1.1" 403 1242 "-" "Mozilla/5.0 AppleWebKit/537.36 (KHTML, like Gecko; compatible; ClaudeBot/1.0; +claudebot@anthropic.com)"
103.156.164.73 - - [22/Mar/2026:16:15:20 -0400] "GET /wp-login.php HTTP/1.1" 200 2082 "-" "Mozilla/5.0 (Windows NT 10.0; Win64; x64) AppleWebKit/537.36 (KHTML, like Gecko) Chrome/120.0.0.0 Safari/537.36"
103.156.164.73 - - [22/Mar/2026:16:15:21 -0400] "POST /wp-login.php HTTP/1.1" 302 0 "-" "Mozilla/5.0 (Windows NT 10.0; Win64; x64) AppleWebKit/537.36 (KHTML, like Gecko) Chrome/120.0.0.0 Safari/537.36"
103.156.164.73 - - [22/Mar/2026:16:15:22 -0400] "GET /wp-admin/plugins.php HTTP/1.1" 500 1161 "-" "Mozilla/5.0 (Windows NT 10.0; Win64; x64) AppleWebKit/537.36 (KHTML, like Gecko) Chrome/120.0.0.0 Safari/537.36"
103.156.164.73 - - [22/Mar/2026:16:15:22 -0400] "GET /wp-admin/users.php HTTP/1.1" 200 41702 "-" "Mozilla/5.0 (Windows NT 10.0; Win64; x64) AppleWebKit/537.36 (KHTML, like Gecko) Chrome/120.0.0.0 Safari/537.36"
216.73.216.13 - - [22/Mar/2026:16:15:42 -0400] "GET /wp-links.php HTTP/1.1" 302 0 "-" "Mozilla/5.0 AppleWebKit/537.36 (KHTML, like Gecko; compatible; ClaudeBot/1.0; +claudebot@anthropic.com)"
216.73.216.13 - - [22/Mar/2026:16:15:42 -0400] "GET /wp-admin/ HTTP/1.1" 200 3079 "https://www.coronamicroblading.com/wp-links.php" "Mozilla/5.0 AppleWebKit/537.36 (KHTML, like Gecko; compatible; ClaudeBot/1.0; +claudebot@anthropic.com)"
216.73.216.13 - - [22/Mar/2026:16:16:22 -0400] "GET /readme.html HTTP/1.1" 200 2667 "-" "Mozilla/5.0 AppleWebKit/537.36 (KHTML, like Gecko; compatible; ClaudeBot/1.0; +claudebot@anthropic.com)"
216.73.216.13 - - [22/Mar/2026:16:16:22 -0400] "GET /wp-content HTTP/1.1" 301 795 "-" "Mozilla/5.0 AppleWebKit/537.36 (KHTML, like Gecko; compatible; ClaudeBot/1.0; +claudebot@anthropic.com)"
216.73.216.13 - - [22/Mar/2026:16:16:22 -0400] "GET /wp-content/ HTTP/1.1" 200 123 "https://www.coronamicroblading.com/wp-content" "Mozilla/5.0 AppleWebKit/537.36 (KHTML, like Gecko; compatible; ClaudeBot/1.0; +claudebot@anthropic.com)"
216.73.216.13 - - [22/Mar/2026:16:16:27 -0400] "GET /wp-blog-header.php HTTP/1.1" 404 0 "-" "Mozilla/5.0 AppleWebKit/537.36 (KHTML, like Gecko; compatible; ClaudeBot/1.0; +claudebot@anthropic.com)"
216.73.216.13 - - [22/Mar/2026:16:16:39 -0400] "GET /wp-login.php?action=register HTTP/1.1" 302 0 "https://www.coronamicroblading.com/wp-signup.php" "Mozilla/5.0 AppleWebKit/537.36 (KHTML, like Gecko; compatible; ClaudeBot/1.0; +claudebot@anthropic.com)"
167.71.137.73 - - [22/Mar/2026:16:17:13 -0400] "GET / HTTP/1.1" 301 0 "-" "Mozilla/5.0 (X11; Linux x86_64) AppleWebKit/537.36 (KHTML, like Gecko) Chrome/142.0.0.0 Safari/537.36"
167.71.137.73 - - [22/Mar/2026:16:17:19 -0400] "GET /favicon.ico HTTP/1.1" 404 1251 "https://coronamicroblading.com/" "Mozilla/5.0 (X11; Linux x86_64) AppleWebKit/537.36 (KHTML, like Gecko) Chrome/142.0.0.0 Safari/537.36"
216.73.216.13 - - [22/Mar/2026:16:17:20 -0400] "GET /wp-login-1.php HTTP/1.1" 200 1830 "-" "Mozilla/5.0 AppleWebKit/537.36 (KHTML, like Gecko; compatible; ClaudeBot/1.0; +claudebot@anthropic.com)"
216.73.216.13 - - [22/Mar/2026:16:17:26 -0400] "GET /license.txt HTTP/1.1" 200 6865 "-" "Mozilla/5.0 AppleWebKit/537.36 (KHTML, like Gecko; compatible; ClaudeBot/1.0; +claudebot@anthropic.com)"
216.73.216.13 - - [22/Mar/2026:16:18:38 -0400] "GET /KodExplorer-4.54 HTTP/1.1" 301 795 "-" "Mozilla/5.0 AppleWebKit/537.36 (KHTML, like Gecko; compatible; ClaudeBot/1.0; +claudebot@anthropic.com)"
216.73.216.13 - - [22/Mar/2026:16:18:38 -0400] "GET /KodExplorer-4.54/ HTTP/1.1" 302 0 "https://www.coronamicroblading.com/KodExplorer-4.54" "Mozilla/5.0 AppleWebKit/537.36 (KHTML, like Gecko; compatible; ClaudeBot/1.0; +claudebot@anthropic.com)"
216.73.216.13 - - [22/Mar/2026:16:18:38 -0400] "GET /KodExplorer-4.54/index.php?user/login HTTP/1.1" 200 3542 "https://www.coronamicroblading.com/KodExplorer-4.54/" "Mozilla/5.0 AppleWebKit/537.36 (KHTML, like Gecko; compatible; ClaudeBot/1.0; +claudebot@anthropic.com)"
216.73.216.13 - - [22/Mar/2026:16:18:38 -0400] "GET /363021 HTTP/1.1" 301 795 "-" "Mozilla/5.0 AppleWebKit/537.36 (KHTML, like Gecko; compatible; ClaudeBot/1.0; +claudebot@anthropic.com)"
216.73.216.13 - - [22/Mar/2026:16:15:01 -0400] "GET /wp-mail.php HTTP/1.1" 403 973 "-" "Mozilla/5.0 AppleWebKit/537.36 (KHTML, like Gecko; compatible; ClaudeBot/1.0; +claudebot@anthropic.com)"
103.156.164.73 - - [22/Mar/2026:16:15:21 -0400] "GET /wp-admin/ HTTP/1.1" 200 3580 "-" "Mozilla/5.0 (Windows NT 10.0; Win64; x64) AppleWebKit/537.36 (KHTML, like Gecko) Chrome/120.0.0.0 Safari/537.36"
216.73.216.13 - - [22/Mar/2026:16:15:42 -0400] "GET /wp-login.php HTTP/1.1" 200 1830 "-" "Mozilla/5.0 AppleWebKit/537.36 (KHTML, like Gecko; compatible; ClaudeBot/1.0; +claudebot@anthropic.com)"
216.73.216.13 - - [22/Mar/2026:16:16:28 -0400] "GET /class-wp-translation-cache.php HTTP/1.1" 200 129827 "-" "Mozilla/5.0 AppleWebKit/537.36 (KHTML, like Gecko; compatible; ClaudeBot/1.0; +claudebot@anthropic.com)"
216.73.216.13 - - [22/Mar/2026:16:16:39 -0400] "GET /3f44f3cd HTTP/1.1" 301 795 "-" "Mozilla/5.0 AppleWebKit/537.36 (KHTML, like Gecko; compatible; ClaudeBot/1.0; +claudebot@anthropic.com)"
216.73.216.13 - - [22/Mar/2026:16:16:39 -0400] "GET /3f44f3cd/ HTTP/1.1" 200 546 "https://www.coronamicroblading.com/3f44f3cd" "Mozilla/5.0 AppleWebKit/537.36 (KHTML, like Gecko; compatible; ClaudeBot/1.0; +claudebot@anthropic.com)"
216.73.216.13 - - [22/Mar/2026:16:16:39 -0400] "GET /wp-signup.php HTTP/1.1" 302 0 "-" "Mozilla/5.0 AppleWebKit/537.36 (KHTML, like Gecko; compatible; ClaudeBot/1.0; +claudebot@anthropic.com)"
216.73.216.13 - - [22/Mar/2026:16:16:39 -0400] "GET /wp-login.php?registration=disabled HTTP/1.1" 200 1890 "https://www.coronamicroblading.com/wp-login.php?action=register" "Mozilla/5.0 AppleWebKit/537.36 (KHTML, like Gecko; compatible; ClaudeBot/1.0; +claudebot@anthropic.com)"
216.73.216.13 - - [22/Mar/2026:16:17:20 -0400] "GET /class-wp-rewrite-compat.php HTTP/1.1" 200 129865 "-" "Mozilla/5.0 AppleWebKit/537.36 (KHTML, like Gecko; compatible; ClaudeBot/1.0; +claudebot@anthropic.com)"
216.73.216.13 - - [22/Mar/2026:16:17:26 -0400] "GET /_autoindex/assets/css/autoindex.css HTTP/1.1" 200 1170 "-" "Mozilla/5.0 AppleWebKit/537.36 (KHTML, like Gecko; compatible; ClaudeBot/1.0; +claudebot@anthropic.com)"
85.208.96.209 - - [22/Mar/2026:16:17:50 -0400] "GET /robots.txt HTTP/1.1" 404 1251 "-" "Mozilla/5.0 (compatible; SemrushBot/7~bl; +http://www.semrush.com/bot.html)"
85.208.96.202 - - [22/Mar/2026:16:17:51 -0400] "GET /92411-2/ HTTP/1.1" 404 1251 "-" "Mozilla/5.0 (compatible; SemrushBot/7~bl; +http://www.semrush.com/bot.html)"
216.73.216.13 - - [22/Mar/2026:16:18:16 -0400] "GET /_autoindex/assets/js/tablesort.js HTTP/1.1" 200 2137 "-" "Mozilla/5.0 AppleWebKit/537.36 (KHTML, like Gecko; compatible; ClaudeBot/1.0; +claudebot@anthropic.com)"
216.73.216.13 - - [22/Mar/2026:16:18:17 -0400] "GET /wordfence-waf-disabled.php HTTP/1.1" 200 0 "-" "Mozilla/5.0 AppleWebKit/537.36 (KHTML, like Gecko; compatible; ClaudeBot/1.0; +claudebot@anthropic.com)"
216.73.216.13 - - [22/Mar/2026:16:18:38 -0400] "GET /363021/ HTTP/1.1" 200 624 "https://www.coronamicroblading.com/363021" "Mozilla/5.0 AppleWebKit/537.36 (KHTML, like Gecko; compatible; ClaudeBot/1.0; +claudebot@anthropic.com)"
216.73.216.13 - - [22/Mar/2026:16:19:36 -0400] "GET /_autoindex/assets/icons/file-text.svg HTTP/1.1" 200 394 "-" "Mozilla/5.0 AppleWebKit/537.36 (KHTML, like Gecko; compatible; ClaudeBot/1.0; +claudebot@anthropic.com)"
216.73.216.13 - - [22/Mar/2026:16:19:36 -0400] "GET /_autoindex/assets/icons/file.svg HTTP/1.1" 200 354 "-" "Mozilla/5.0 AppleWebKit/537.36 (KHTML, like Gecko; compatible; ClaudeBot/1.0; +claudebot@anthropic.com)"
216.73.216.13 - - [22/Mar/2026:16:20:02 -0400] "GET /wp-links-opml.php HTTP/1.1" 200 169 "-" "Mozilla/5.0 AppleWebKit/537.36 (KHTML, like Gecko; compatible; ClaudeBot/1.0; +claudebot@anthropic.com)"
216.73.216.13 - - [22/Mar/2026:16:20:18 -0400] "GET /master.zip HTTP/1.1" 200 14563341 "-" "Mozilla/5.0 AppleWebKit/537.36 (KHTML, like Gecko; compatible; ClaudeBot/1.0; +claudebot@anthropic.com)"
77.75.79.54 - - [22/Mar/2026:16:21:44 -0400] "GET /san-dimas-ca/ HTTP/1.1" 404 1251 "-" "Mozilla/5.0 (compatible; SeznamBot/4.0; +https://o-seznam.cz/napoveda/vyhledavani/en/seznambot-crawler/)"
103.156.164.73 - - [22/Mar/2026:16:22:32 -0400] "GET /wp-admin/plugin-install.php?tab=upload HTTP/1.1" 500 1161 "https://www.coronamicroblading.com/wp-admin/plugin-install.php?tab=upload" "Mozilla/5.0 (Windows NT 10.0; Win64; x64) AppleWebKit/537.36"
54.218.81.185 - - [22/Mar/2026:16:25:42 -0400] "GET / HTTP/1.1" 200 30468 "-" "Mozilla/5.0 (Windows NT 10.0; WOW64) AppleWebKit/537.36 (KHTML, like Gecko) Chrome/114.0.0.0 YaBrowser/22.7.0 Yowser/2.5 Safari/537.36"
54.218.81.185 - - [22/Mar/2026:16:25:45 -0400] "GET /contact/ HTTP/1.1" 404 1251 "https://www.coronamicroblading.com/contact/" "Mozilla/5.0 (Windows NT 10.0; WOW64) AppleWebKit/537.36 (KHTML, like Gecko) Chrome/114.0.0.0 YaBrowser/22.7.0 Yowser/2.5 Safari/537.36"
54.218.81.185 - - [22/Mar/2026:16:25:45 -0400] "GET /contacts/ HTTP/1.1" 404 1251 "https://www.coronamicroblading.com/contact/" "Mozilla/5.0 (Windows NT 10.0; WOW64) AppleWebKit/537.36 (KHTML, like Gecko) Chrome/114.0.0.0 YaBrowser/22.7.0 Yowser/2.5 Safari/537.36"
57.141.2.16 - - [22/Mar/2026:16:25:47 -0400] "GET /pico-rivera-ca/ HTTP/1.1" 404 1251 "-" "meta-externalagent/1.1 (+https://developers.facebook.com/docs/sharing/webmasters/crawler)"
216.73.216.13 - - [22/Mar/2026:16:19:09 -0400] "GET /_autoindex/assets/icons/folder-fill.svg HTTP/1.1" 200 333 "-" "Mozilla/5.0 AppleWebKit/537.36 (KHTML, like Gecko; compatible; ClaudeBot/1.0; +claudebot@anthropic.com)"
216.73.216.13 - - [22/Mar/2026:16:19:09 -0400] "GET /_autoindex/assets/js/tablesort.number.js HTTP/1.1" 200 322 "-" "Mozilla/5.0 AppleWebKit/537.36 (KHTML, like Gecko; compatible; ClaudeBot/1.0; +claudebot@anthropic.com)"
216.73.216.13 - - [22/Mar/2026:16:20:02 -0400] "GET /class-wp-roles-compat.php HTTP/1.1" 200 129904 "-" "Mozilla/5.0 AppleWebKit/537.36 (KHTML, like Gecko; compatible; ClaudeBot/1.0; +claudebot@anthropic.com)"
216.73.216.13 - - [22/Mar/2026:16:20:18 -0400] "GET /wp-cron.php HTTP/1.1" 200 0 "-" "Mozilla/5.0 AppleWebKit/537.36 (KHTML, like Gecko; compatible; ClaudeBot/1.0; +claudebot@anthropic.com)"
54.218.81.185 - - [22/Mar/2026:16:25:42 -0400] "GET /contact/ HTTP/1.1" 404 1251 "-" "Mozilla/5.0 (Windows NT 10.0; WOW64) AppleWebKit/537.36 (KHTML, like Gecko) Chrome/114.0.0.0 YaBrowser/22.7.0 Yowser/2.5 Safari/537.36"
68.65.123.232 - - [22/Mar/2026:16:25:45 -0400] "POST /wp-cron.php?doing_wp_cron=1774211145.3793070316314697265625 HTTP/1.1" 200 0 "-" "WordPress/6.9.4; https://www.coronamicroblading.com"
77.75.79.54 - - [22/Mar/2026:16:30:19 -0400] "GET /calimesa-ca/ HTTP/1.1" 404 1251 "-" "Mozilla/5.0 (compatible; SeznamBot/4.0; +https://o-seznam.cz/napoveda/vyhledavani/en/seznambot-crawler/)"
57.141.2.47 - - [22/Mar/2026:16:31:47 -0400] "GET /lake-elsinore-ca/ HTTP/1.1" 404 1251 "-" "meta-externalagent/1.1 (+https://developers.facebook.com/docs/sharing/webmasters/crawler)"
57.141.2.70 - - [22/Mar/2026:16:31:49 -0400] "GET /orange-county/ HTTP/1.1" 404 1251 "-" "meta-externalagent/1.1 (+https://developers.facebook.com/docs/sharing/webmasters/crawler)"
43.130.9.111 - - [22/Mar/2026:16:32:18 -0400] "GET / HTTP/1.1" 200 34898 "http://www.coronamicroblading.com" "Mozilla/5.0 (iPhone; CPU iPhone OS 13_2_3 like Mac OS X) AppleWebKit/605.1.15 (KHTML, like Gecko) Version/13.0.3 Mobile/15E148 Safari/604.1"
136.144.35.215 - - [22/Mar/2026:16:32:50 -0400] "GET /wp-login.php HTTP/1.1" 200 2082 "-" "Mozilla/5.0"
136.144.35.215 - - [22/Mar/2026:16:32:51 -0400] "GET /?author=1 HTTP/1.1" 301 0 "-" "Mozilla/5.0"
136.144.35.215 - - [22/Mar/2026:16:32:51 -0400] "GET /?rest_route=/wp/v2/users HTTP/1.1" 200 1574 "-" "Mozilla/5.0"
85.208.96.202 - - [22/Mar/2026:16:38:09 -0400] "GET /la-mirada-ca/ HTTP/1.1" 404 1251 "-" "Mozilla/5.0 (compatible; SemrushBot/7~bl; +http://www.semrush.com/bot.html)"
57.141.2.53 - - [22/Mar/2026:16:39:40 -0400] "GET /costa-mesa-ca/ HTTP/1.1" 404 1251 "-" "meta-externalagent/1.1 (+https://developers.facebook.com/docs/sharing/webmasters/crawler)"
87.250.224.122 - - [22/Mar/2026:16:40:57 -0400] "GET /robots.txt HTTP/1.1" 404 1251 "-" "Mozilla/5.0 (compatible; YandexBot/3.0; +http://yandex.com/bots)"
144.76.32.241 - - [22/Mar/2026:16:40:58 -0400] "GET /downey-ca/untitled-sep1_18-33/legal.htm HTTP/1.1" 404 1251 "-" "Mozilla/5.0 (compatible; SERankingBacklinksBot/1.0; +https://seranking.com/backlinks-crawler)"
213.180.203.122 - - [22/Mar/2026:16:40:58 -0400] "GET /wp-json/oembed/1.0/embed?url=https%3A%2F%2Fwww.coronamicroblading.com%2F91743-2%2F&format=xml HTTP/1.1" 404 1251 "-" "Mozilla/5.0 (compatible; YandexBot/3.0; +http://yandex.com/bots)"
68.65.123.232 - - [22/Mar/2026:16:41:32 -0400] "POST /wp-cron.php?doing_wp_cron=1774212092.7707800865173339843750 HTTP/1.1" 200 0 "-" "WordPress/6.9.4; https://www.coronamicroblading.com"
198.235.24.156 - - [22/Mar/2026:16:44:26 -0400] "GET / HTTP/1.1" 301 0 "-" "Hello from Palo Alto Networks, find out more about our scans in https://docs-cortex.paloaltonetworks.com/r/1/Cortex-Xpanse/Scanning-activity"
198.235.24.156 - - [22/Mar/2026:16:44:28 -0400] "GET / HTTP/1.1" 200 160279 "-" "Hello from Palo Alto Networks, find out more about our scans in https://docs-cortex.paloaltonetworks.com/r/1/Cortex-Xpanse/Scanning-activity"
34.231.45.47 - - [22/Mar/2026:16:46:18 -0400] "GET /wildomar-ca/ HTTP/1.1" 404 1251 "-" "Mozilla/5.0 AppleWebKit/537.36 (KHTML, like Gecko; compatible; Amazonbot/0.1; +https://developer.amazon.com/support/amazonbot) Chrome/119.0.6045.214 Safari/537.36"
34.192.125.239 - - [22/Mar/2026:16:46:25 -0400] "GET /90051-2/ HTTP/1.1" 404 1251 "-" "Mozilla/5.0 AppleWebKit/537.36 (KHTML, like Gecko; compatible; Amazonbot/0.1; +https://developer.amazon.com/support/amazonbot) Chrome/119.0.6045.214 Safari/537.36"
18.232.36.1 - - [22/Mar/2026:16:46:34 -0400] "GET /anaheim-ca/ HTTP/1.1" 404 1251 "-" "Mozilla/5.0 AppleWebKit/537.36 (KHTML, like Gecko; compatible; Amazonbot/0.1; +https://developer.amazon.com/support/amazonbot) Chrome/119.0.6045.214 Safari/537.36"
34.225.243.131 - - [22/Mar/2026:16:46:49 -0400] "GET /san-luis-rey-ca/ HTTP/1.1" 404 1251 "-" "Mozilla/5.0 AppleWebKit/537.36 (KHTML, like Gecko; compatible; Amazonbot/0.1; +https://developer.amazon.com/support/amazonbot) Chrome/119.0.6045.214 Safari/537.36"
52.200.54.136 - - [22/Mar/2026:16:46:56 -0400] "GET /chino-ca/ HTTP/1.1" 404 1251 "-" "Mozilla/5.0 AppleWebKit/537.36 (KHTML, like Gecko; compatible; Amazonbot/0.1; +https://developer.amazon.com/support/amazonbot) Chrome/119.0.6045.214 Safari/537.36"
66.249.77.165 - - [22/Mar/2026:16:52:09 -0400] "GET /wp-comments-post.php HTTP/1.1" 405 0 "-" "Mozilla/5.0 (Linux; Android 6.0.1; Nexus 5X Build/MMB29P) AppleWebKit/537.36 (KHTML, like Gecko) Chrome/145.0.7632.159 Mobile Safari/537.36 (compatible; Googlebot/2.1; +http://www.google.com/bot.html)"
66.249.77.165 - - [22/Mar/2026:16:52:09 -0400] "GET /wp-includes/ HTTP/1.1" 200 7073 "-" "Mozilla/5.0 (Linux; Android 6.0.1; Nexus 5X Build/MMB29P) AppleWebKit/537.36 (KHTML, like Gecko) Chrome/145.0.7632.159 Mobile Safari/537.36 (compatible; Googlebot/2.1; +http://www.google.com/bot.html)"
52.44.229.124 - - [22/Mar/2026:16:36:56 -0400] "GET /book-now/ HTTP/1.1" 404 1251 "-" "Mozilla/5.0 AppleWebKit/537.36 (KHTML, like Gecko; compatible; Amazonbot/0.1; +https://developer.amazon.com/support/amazonbot) Chrome/119.0.6045.214 Safari/537.36"
144.76.32.241 - - [22/Mar/2026:16:40:57 -0400] "GET /robots.txt HTTP/1.1" 404 1251 "-" "Mozilla/5.0 (compatible; SERankingBacklinksBot/1.0; +https://seranking.com/backlinks-crawler)"
16.145.49.197 - - [22/Mar/2026:16:41:30 -0400] "GET /?rnd=1774212089833 HTTP/1.1" 200 34632 "http://www.coronamicroblading.com/?rnd=1774212089833" "Sucuri-UptimeMonitoring"
113.183.153.99 - - [22/Mar/2026:16:43:20 -0400] "GET /comments/feed/ HTTP/1.1" 404 1251 "-" "Opera/8.41.(Windows NT 4.0; ha-NG) Presto/2.9.181 Version/11.00"
57.141.2.1 - - [22/Mar/2026:16:44:12 -0400] "GET /90262-2/ HTTP/1.1" 404 1251 "-" "meta-externalagent/1.1 (+https://developers.facebook.com/docs/sharing/webmasters/crawler)"
77.75.79.54 - - [22/Mar/2026:16:44:32 -0400] "GET /90749-2/ HTTP/1.1" 404 1251 "-" "Mozilla/5.0 (compatible; SeznamBot/4.0; +https://o-seznam.cz/napoveda/vyhledavani/en/seznambot-crawler/)"
34.238.45.183 - - [22/Mar/2026:16:46:29 -0400] "GET /dana-point-ca/ HTTP/1.1" 404 1251 "-" "Mozilla/5.0 AppleWebKit/537.36 (KHTML, like Gecko; compatible; Amazonbot/0.1; +https://developer.amazon.com/support/amazonbot) Chrome/119.0.6045.214 Safari/537.36"
3.217.82.254 - - [22/Mar/2026:16:46:36 -0400] "GET /el-monte-ca/ HTTP/1.1" 404 1251 "-" "Mozilla/5.0 AppleWebKit/537.36 (KHTML, like Gecko; compatible; Amazonbot/0.1; +https://developer.amazon.com/support/amazonbot) Chrome/119.0.6045.214 Safari/537.36"
52.45.29.57 - - [22/Mar/2026:16:46:42 -0400] "GET /monrovia-ca/ HTTP/1.1" 404 1251 "-" "Mozilla/5.0 AppleWebKit/537.36 (KHTML, like Gecko; compatible; Amazonbot/0.1; +https://developer.amazon.com/support/amazonbot) Chrome/119.0.6045.214 Safari/537.36"
34.196.237.236 - - [22/Mar/2026:16:46:45 -0400] "GET /90080-2/ HTTP/1.1" 404 1251 "-" "Mozilla/5.0 AppleWebKit/537.36 (KHTML, like Gecko; compatible; Amazonbot/0.1; +https://developer.amazon.com/support/amazonbot) Chrome/119.0.6045.214 Safari/537.36"
52.200.58.199 - - [22/Mar/2026:16:46:47 -0400] "GET /pauma-valley-ca/ HTTP/1.1" 404 1251 "-" "Mozilla/5.0 AppleWebKit/537.36 (KHTML, like Gecko; compatible; Amazonbot/0.1; +https://developer.amazon.com/support/amazonbot) Chrome/119.0.6045.214 Safari/537.36"
51.222.95.137 - - [22/Mar/2026:16:48:10 -0400] "GET /category/uncategorized/page/52/ HTTP/1.1" 404 1251 "-" "Mozilla/5.0 (compatible; AhrefsBot/7.0; +http://ahrefs.com/robot/)"
57.141.2.48 - - [22/Mar/2026:16:49:54 -0400] "GET /camp-pendleton-ca/ HTTP/1.1" 404 1251 "-" "meta-externalagent/1.1 (+https://developers.facebook.com/docs/sharing/webmasters/crawler)"
188.166.233.57 - - [22/Mar/2026:16:50:38 -0400] "POST /wp-login.php HTTP/1.1" 200 2216 "https://www.coronamicroblading.com/wp-admin/" "Mozilla/5.0 (Windows NT 10.0; Win64; x64) AppleWebKit/537.36 (KHTML, like Gecko) Chrome/90.0.4430.85 Safari/537.36"
188.166.233.57 - - [22/Mar/2026:16:50:41 -0400] "GET /wp-admin/ HTTP/1.1" 200 3610 "https://www.google.com" "Mozilla/5.0 (Windows NT 10.0; Win64; x64) AppleWebKit/537.36 (KHTML, like Gecko) Chrome/90.0.4430.85 Safari/537.36"
66.249.77.164 - - [22/Mar/2026:16:52:54 -0400] "GET /_autoindex/assets/icons/folder-fill.svg HTTP/1.1" 200 333 "https://www.coronamicroblading.com/wp-includes/" "Mozilla/5.0 (Linux; Android 6.0.1; Nexus 5X Build/MMB29P) AppleWebKit/537.36 (KHTML, like Gecko) Chrome/145.0.7632.159 Mobile Safari/537.36 (compatible; Googlebot/2.1; +http://www.google.com/bot.html)"
66.249.77.163 - - [22/Mar/2026:16:52:55 -0400] "GET /_autoindex/assets/js/tablesort.js HTTP/1.1" 200 2137 "https://www.coronamicroblading.com/wp-includes/" "Mozilla/5.0 (Linux; Android 6.0.1; Nexus 5X Build/MMB29P) AppleWebKit/537.36 (KHTML, like Gecko) Chrome/145.0.7632.159 Mobile Safari/537.36 (compatible; Googlebot/2.1; +http://www.google.com/bot.html)"
66.249.77.165 - - [22/Mar/2026:16:52:55 -0400] "GET /_autoindex/assets/js/tablesort.number.js HTTP/1.1" 200 322 "https://www.coronamicroblading.com/wp-includes/" "Mozilla/5.0 (Linux; Android 6.0.1; Nexus 5X Build/MMB29P) AppleWebKit/537.36 (KHTML, like Gecko) Chrome/145.0.7632.159 Mobile Safari/537.36 (compatible; Googlebot/2.1; +http://www.google.com/bot.html)"
66.249.77.163 - - [22/Mar/2026:16:52:55 -0400] "GET /_autoindex/assets/icons/file-text.svg HTTP/1.1" 200 394 "https://www.coronamicroblading.com/wp-includes/" "Mozilla/5.0 (Linux; Android 6.0.1; Nexus 5X Build/MMB29P) AppleWebKit/537.36 (KHTML, like Gecko) Chrome/145.0.7632.159 Mobile Safari/537.36 (compatible; Googlebot/2.1; +http://www.google.com/bot.html)"
66.249.77.165 - - [22/Mar/2026:16:53:10 -0400] "GET /?SA HTTP/1.1" 200 17406 "-" "Mozilla/5.0 (Linux; Android 6.0.1; Nexus 5X Build/MMB29P) AppleWebKit/537.36 (KHTML, like Gecko) Chrome/145.0.7632.159 Mobile Safari/537.36 (compatible; Googlebot/2.1; +http://www.google.com/bot.html)"
77.75.79.54 - - [22/Mar/2026:16:53:19 -0400] "GET /santa-ana-ca/ HTTP/1.1" 404 1251 "-" "Mozilla/5.0 (compatible; SeznamBot/4.0; +https://o-seznam.cz/napoveda/vyhledavani/en/seznambot-crawler/)"
40.88.21.235 - - [22/Mar/2026:16:54:43 -0400] "GET / HTTP/1.1" 200 31908 "http://www.coronamicroblading.com" "DuckDuckBot/1.1; (+http://duckduckgo.com/duckduckbot.html)"
40.88.21.235 - - [22/Mar/2026:16:54:46 -0400] "GET /favicon.ico HTTP/1.1" 404 1251 "-" "DuckDuckBot/1.1; (+http://duckduckgo.com/duckduckbot.html)"
52.32.117.110 - - [22/Mar/2026:16:55:33 -0400] "GET /?sucurianticache=348798544 HTTP/1.1" 200 160309 "-" "Sucuri Uptime Monitor"
52.167.144.233 - - [22/Mar/2026:16:55:41 -0400] "GET /covina-ca/ HTTP/1.1" 404 1251 "-" "Mozilla/5.0 AppleWebKit/537.36 (KHTML, like Gecko; compatible; bingbot/2.0; +http://www.bing.com/bingbot.htm) Chrome/116.0.1938.76 Safari/537.36"
77.83.36.161 - - [22/Mar/2026:16:56:04 -0400] "POST /wp-login.php HTTP/1.0" 200 6839 "-" "Mozilla/4.0 (compatible; MSIE 7.0; Windows NT 6.0)"
216.244.66.197 - - [22/Mar/2026:16:58:09 -0400] "GET /robots.txt HTTP/1.1" 404 1251 "-" "Mozilla/5.0 (compatible; DotBot/1.2; +https://opensiteexplorer.org/dotbot; help@moz.com)"
66.249.77.165 - - [22/Mar/2026:16:52:54 -0400] "GET /_autoindex/assets/icons/corner-left-up.svg HTTP/1.1" 200 328 "https://www.coronamicroblading.com/wp-includes/" "Mozilla/5.0 (Linux; Android 6.0.1; Nexus 5X Build/MMB29P) AppleWebKit/537.36 (KHTML, like Gecko) Chrome/145.0.7632.159 Mobile Safari/537.36 (compatible; Googlebot/2.1; +http://www.google.com/bot.html)"
66.249.77.164 - - [22/Mar/2026:16:52:55 -0400] "GET /_autoindex/assets/css/autoindex.css HTTP/1.1" 200 1170 "https://www.coronamicroblading.com/wp-includes/" "Mozilla/5.0 (Linux; Android 6.0.1; Nexus 5X Build/MMB29P) AppleWebKit/537.36 (KHTML, like Gecko) Chrome/145.0.7632.159 Mobile Safari/537.36 (compatible; Googlebot/2.1; +http://www.google.com/bot.html)"
66.249.77.164 - - [22/Mar/2026:16:52:55 -0400] "GET /_autoindex/assets/icons/file.svg HTTP/1.1" 200 354 "https://www.coronamicroblading.com/wp-includes/" "Mozilla/5.0 (Linux; Android 6.0.1; Nexus 5X Build/MMB29P) AppleWebKit/537.36 (KHTML, like Gecko) Chrome/145.0.7632.159 Mobile Safari/537.36 (compatible; Googlebot/2.1; +http://www.google.com/bot.html)"
40.77.167.152 - - [22/Mar/2026:16:52:57 -0400] "GET /microblading-seo-by-tom-johnston/ HTTP/1.1" 404 1251 "-" "Mozilla/5.0 AppleWebKit/537.36 (KHTML, like Gecko; compatible; bingbot/2.0; +http://www.bing.com/bingbot.htm) Chrome/116.0.1938.76 Safari/537.36"
40.77.167.152 - - [22/Mar/2026:16:52:58 -0400] "GET /90048-2/ HTTP/1.1" 404 1251 "-" "Mozilla/5.0 AppleWebKit/537.36 (KHTML, like Gecko; compatible; bingbot/2.0; +http://www.bing.com/bingbot.htm) Chrome/116.0.1938.76 Safari/537.36"
44.235.221.120 - - [22/Mar/2026:16:55:35 -0400] "GET /?sucurianticache=604986535 HTTP/1.1" 200 160294 "-" "Sucuri Uptime Monitor"
77.83.36.161 - - [22/Mar/2026:16:56:04 -0400] "GET /wp-login.php HTTP/1.0" 200 6496 "-" "Mozilla/4.0 (compatible; MSIE 7.0; Windows NT 6.0)"
77.83.36.161 - - [22/Mar/2026:16:56:05 -0400] "POST /wp-login.php HTTP/1.0" 200 6839 "-" "Mozilla/4.0 (compatible; MSIE 7.0; Windows NT 6.0)"
77.83.36.161 - - [22/Mar/2026:16:56:06 -0400] "POST /wp-login.php HTTP/1.0" 200 6839 "-" "Mozilla/4.0 (compatible; MSIE 7.0; Windows NT 6.0)"
57.141.2.55 - - [22/Mar/2026:16:56:25 -0400] "GET /bellflower-ca/ HTTP/1.1" 404 1251 "-" "meta-externalagent/1.1 (+https://developers.facebook.com/docs/sharing/webmasters/crawler)"
57.141.2.39 - - [22/Mar/2026:16:56:53 -0400] "GET /san-gabriel-ca/ HTTP/1.1" 404 1251 "-" "meta-externalagent/1.1 (+https://developers.facebook.com/docs/sharing/webmasters/crawler)"
185.191.171.2 - - [22/Mar/2026:16:57:32 -0400] "GET /category/uncategorized/page/54/ HTTP/1.1" 404 1251 "-" "Mozilla/5.0 (compatible; SemrushBot/7~bl; +http://www.semrush.com/bot.html)"
77.75.78.171 - - [22/Mar/2026:17:03:20 -0400] "GET /winchester-ca/ HTTP/1.1" 404 1251 "-" "Mozilla/5.0 (compatible; SeznamBot/4.0; +https://o-seznam.cz/napoveda/vyhledavani/en/seznambot-crawler/)"
47.128.114.61 - - [22/Mar/2026:17:05:01 -0400] "GET /bonsall-ca/ HTTP/1.1" 404 1251 "-" "Mozilla/5.0 (Linux; Android 5.0) AppleWebKit/537.36 (KHTML, like Gecko) Mobile Safari/537.36 (compatible; Bytespider; spider-feedback@bytedance.com)"
66.249.77.164 - - [22/Mar/2026:17:07:27 -0400] "GET /wp-login.php HTTP/1.1" 200 1830 "-" "Mozilla/5.0 (Linux; Android 6.0.1; Nexus 5X Build/MMB29P) AppleWebKit/537.36 (KHTML, like Gecko) Chrome/145.0.7632.159 Mobile Safari/537.36 (compatible; Googlebot/2.1; +http://www.google.com/bot.html)"
66.249.77.165 - - [22/Mar/2026:17:08:54 -0400] "GET /wp-includes/css/dashicons.min.css?ver=6.9.4 HTTP/1.1" 200 35101 "https://www.coronamicroblading.com/wp-login.php" "Mozilla/5.0 (Linux; Android 6.0.1; Nexus 5X Build/MMB29P) AppleWebKit/537.36 (KHTML, like Gecko) Chrome/145.0.7632.159 Mobile Safari/537.36 (compatible; Googlebot/2.1; +http://www.google.com/bot.html)"
66.249.77.165 - - [22/Mar/2026:17:08:54 -0400] "GET /wp-admin/css/forms.min.css?ver=6.9.4 HTTP/1.1" 200 6327 "https://www.coronamicroblading.com/wp-login.php" "Mozilla/5.0 (Linux; Android 6.0.1; Nexus 5X Build/MMB29P) AppleWebKit/537.36 (KHTML, like Gecko) Chrome/145.0.7632.159 Mobile Safari/537.36 (compatible; Googlebot/2.1; +http://www.google.com/bot.html)"
66.249.77.163 - - [22/Mar/2026:17:08:54 -0400] "GET /wp-admin/css/login.min.css?ver=6.9.4 HTTP/1.1" 200 1965 "https://www.coronamicroblading.com/wp-login.php" "Mozilla/5.0 (Linux; Android 6.0.1; Nexus 5X Build/MMB29P) AppleWebKit/537.36 (KHTML, like Gecko) Chrome/145.0.7632.159 Mobile Safari/537.36 (compatible; Googlebot/2.1; +http://www.google.com/bot.html)"
66.249.77.165 - - [22/Mar/2026:17:08:54 -0400] "GET /wp-includes/js/dist/dom-ready.min.js?ver=f77871ff7694fffea381 HTTP/1.1" 200 275 "https://www.coronamicroblading.com/wp-login.php" "Mozilla/5.0 (Linux; Android 6.0.1; Nexus 5X Build/MMB29P) AppleWebKit/537.36 (KHTML, like Gecko) Chrome/145.0.7632.159 Mobile Safari/537.36 (compatible; Googlebot/2.1; +http://www.google.com/bot.html)"
66.249.77.165 - - [22/Mar/2026:17:08:54 -0400] "GET /wp-includes/js/jquery/jquery.min.js?ver=3.7.1 HTTP/1.1" 200 29744 "https://www.coronamicroblading.com/wp-login.php" "Mozilla/5.0 (Linux; Android 6.0.1; Nexus 5X Build/MMB29P) AppleWebKit/537.36 (KHTML, like Gecko) Chrome/145.0.7632.159 Mobile Safari/537.36 (compatible; Googlebot/2.1; +http://www.google.com/bot.html)"
66.249.77.163 - - [22/Mar/2026:17:08:55 -0400] "GET /wp-admin/js/user-profile.min.js?ver=6.9.4 HTTP/1.1" 200 2889 "https://www.coronamicroblading.com/wp-login.php" "Mozilla/5.0 (Linux; Android 6.0.1; Nexus 5X Build/MMB29P) AppleWebKit/537.36 (KHTML, like Gecko) Chrome/145.0.7632.159 Mobile Safari/537.36 (compatible; Googlebot/2.1; +http://www.google.com/bot.html)"
66.249.77.165 - - [22/Mar/2026:17:08:55 -0400] "GET /wp-includes/js/clipboard.min.js?ver=2.0.11 HTTP/1.1" 200 2989 "https://www.coronamicroblading.com/wp-login.php" "Mozilla/5.0 (Linux; Android 6.0.1; Nexus 5X Build/MMB29P) AppleWebKit/537.36 (KHTML, like Gecko) Chrome/145.0.7632.159 Mobile Safari/537.36 (compatible; Googlebot/2.1; +http://www.google.com/bot.html)"
66.249.77.164 - - [22/Mar/2026:17:08:55 -0400] "GET /wp-includes/css/buttons.min.css?ver=6.9.4 HTTP/1.1" 200 1275 "https://www.coronamicroblading.com/wp-login.php" "Mozilla/5.0 (Linux; Android 6.0.1; Nexus 5X Build/MMB29P) AppleWebKit/537.36 (KHTML, like Gecko) Chrome/145.0.7632.159 Mobile Safari/537.36 (compatible; Googlebot/2.1; +http://www.google.com/bot.html)"
66.249.77.163 - - [22/Mar/2026:17:08:56 -0400] "GET /wp-includes/js/zxcvbn.min.js HTTP/1.1" 200 389493 "https://www.coronamicroblading.com/wp-login.php" "Mozilla/5.0 (Linux; Android 6.0.1; Nexus 5X Build/MMB29P) AppleWebKit/537.36 (KHTML, like Gecko) Chrome/145.0.7632.159 Mobile Safari/537.36 (compatible; Googlebot/2.1; +http://www.google.com/bot.html)"
69.171.230.10 - - [22/Mar/2026:17:09:56 -0400] "GET /long-beach-ca/ HTTP/1.1" 404 1251 "-" "meta-webindexer/1.1 (+https://developers.facebook.com/docs/sharing/webmasters/crawler)"
85.208.96.210 - - [22/Mar/2026:17:08:25 -0400] "GET /bonsall-ca/ HTTP/1.1" 404 1251 "-" "Mozilla/5.0 (compatible; SemrushBot/7~bl; +http://www.semrush.com/bot.html)"
77.75.78.171 - - [22/Mar/2026:17:08:41 -0400] "GET /fontana-ca/ HTTP/1.1" 404 1251 "-" "Mozilla/5.0 (compatible; SeznamBot/4.0; +https://o-seznam.cz/napoveda/vyhledavani/en/seznambot-crawler/)"
66.249.77.163 - - [22/Mar/2026:17:08:54 -0400] "GET /wp-admin/css/l10n.min.css?ver=6.9.4 HTTP/1.1" 200 675 "https://www.coronamicroblading.com/wp-login.php" "Mozilla/5.0 (Linux; Android 6.0.1; Nexus 5X Build/MMB29P) AppleWebKit/537.36 (KHTML, like Gecko) Chrome/145.0.7632.159 Mobile Safari/537.36 (compatible; Googlebot/2.1; +http://www.google.com/bot.html)"
66.249.77.164 - - [22/Mar/2026:17:08:54 -0400] "GET /wp-includes/js/wp-util.min.js?ver=6.9.4 HTTP/1.1" 200 693 "https://www.coronamicroblading.com/wp-login.php" "Mozilla/5.0 (Linux; Android 6.0.1; Nexus 5X Build/MMB29P) AppleWebKit/537.36 (KHTML, like Gecko) Chrome/145.0.7632.159 Mobile Safari/537.36 (compatible; Googlebot/2.1; +http://www.google.com/bot.html)"
66.249.77.164 - - [22/Mar/2026:17:08:54 -0400] "GET /wp-includes/js/zxcvbn-async.min.js?ver=1.0 HTTP/1.1" 200 187 "https://www.coronamicroblading.com/wp-login.php" "Mozilla/5.0 (Linux; Android 6.0.1; Nexus 5X Build/MMB29P) AppleWebKit/537.36 (KHTML, like Gecko) Chrome/145.0.7632.159 Mobile Safari/537.36 (compatible; Googlebot/2.1; +http://www.google.com/bot.html)"
66.249.77.165 - - [22/Mar/2026:17:08:55 -0400] "GET /wp-includes/js/jquery/jquery-migrate.min.js?ver=3.4.1 HTTP/1.1" 200 4678 "https://www.coronamicroblading.com/wp-login.php" "Mozilla/5.0 (Linux; Android 6.0.1; Nexus 5X Build/MMB29P) AppleWebKit/537.36 (KHTML, like Gecko) Chrome/145.0.7632.159 Mobile Safari/537.36 (compatible; Googlebot/2.1; +http://www.google.com/bot.html)"
66.249.77.165 - - [22/Mar/2026:17:08:55 -0400] "GET /wp-includes/js/underscore.min.js?ver=1.13.7 HTTP/1.1" 200 7185 "https://www.coronamicroblading.com/wp-login.php" "Mozilla/5.0 (Linux; Android 6.0.1; Nexus 5X Build/MMB29P) AppleWebKit/537.36 (KHTML, like Gecko) Chrome/145.0.7632.159 Mobile Safari/537.36 (compatible; Googlebot/2.1; +http://www.google.com/bot.html)"
66.249.77.165 - - [22/Mar/2026:17:08:55 -0400] "GET /wp-includes/js/dist/a11y.min.js?ver=cb460b4676c94bd228ed HTTP/1.1" 200 794 "https://www.coronamicroblading.com/wp-login.php" "Mozilla/5.0 (Linux; Android 6.0.1; Nexus 5X Build/MMB29P) AppleWebKit/537.36 (KHTML, like Gecko) Chrome/145.0.7632.159 Mobile Safari/537.36 (compatible; Googlebot/2.1; +http://www.google.com/bot.html)"
66.249.77.163 - - [22/Mar/2026:17:08:55 -0400] "GET /wp-admin/js/password-strength-meter.min.js?ver=6.9.4 HTTP/1.1" 200 558 "https://www.coronamicroblading.com/wp-login.php" "Mozilla/5.0 (Linux; Android 6.0.1; Nexus 5X Build/MMB29P) AppleWebKit/537.36 (KHTML, like Gecko) Chrome/145.0.7632.159 Mobile Safari/537.36 (compatible; Googlebot/2.1; +http://www.google.com/bot.html)"
66.249.77.163 - - [22/Mar/2026:17:08:56 -0400] "GET /wp-includes/js/dist/hooks.min.js?ver=dd5603f07f9220ed27f1 HTTP/1.1" 200 1852 "https://www.coronamicroblading.com/wp-login.php" "Mozilla/5.0 (Linux; Android 6.0.1; Nexus 5X Build/MMB29P) AppleWebKit/537.36 (KHTML, like Gecko) Chrome/145.0.7632.159 Mobile Safari/537.36 (compatible; Googlebot/2.1; +http://www.google.com/bot.html)"
66.249.77.165 - - [22/Mar/2026:17:08:56 -0400] "GET /wp-admin/images/wordpress-logo.svg?ver=20131107 HTTP/1.1" 200 759 "https://www.coronamicroblading.com/wp-admin/css/login.min.css?ver=6.9.4" "Mozilla/5.0 (Linux; Android 6.0.1; Nexus 5X Build/MMB29P) AppleWebKit/537.36 (KHTML, like Gecko) Chrome/145.0.7632.159 Mobile Safari/537.36 (compatible; Googlebot/2.1; +http://www.google.com/bot.html)"
136.144.35.241 - - [22/Mar/2026:17:10:36 -0400] "POST /wp-login.php HTTP/1.1" 200 6970 "-" "Mozilla/5.0"
37.120.146.146 - - [22/Mar/2026:17:12:03 -0400] "GET /wp-login.php HTTP/1.1" 200 1830 "-" "Mozilla/5.0 (X11; Linux x86_64; rv:148.0) Gecko/20100101 Firefox/148.0"
37.120.146.146 - - [22/Mar/2026:17:12:06 -0400] "POST /wp-login.php HTTP/1.1" 200 1966 "https://www.coronamicroblading.com/wp-login.php" "Mozilla/5.0 (X11; Linux x86_64; rv:148.0) Gecko/20100101 Firefox/148.0"
20.220.61.78 - - [22/Mar/2026:17:13:16 -0400] "GET /class-t.api.php HTTP/1.1" 404 1251 "-" "Mozilla/5.0 (Windows NT 10.0; Win64; x64) AppleWebKit/537.36 (KHTML, like Gecko) Chrome/120.0.0.0 Safari/537.36"
20.220.61.78 - - [22/Mar/2026:17:13:16 -0400] "GET /zwso.php HTTP/1.1" 404 1251 "-" "Mozilla/5.0 (Windows NT 10.0; Win64; x64) AppleWebKit/537.36 (KHTML, like Gecko) Chrome/120.0.0.0 Safari/537.36"
20.220.61.78 - - [22/Mar/2026:17:13:16 -0400] "GET /wp-admin/css/colors/blue/index.php HTTP/1.1" 404 1251 "-" "Mozilla/5.0 (Windows NT 10.0; Win64; x64) AppleWebKit/537.36 (KHTML, like Gecko) Chrome/120.0.0.0 Safari/537.36"
20.220.61.78 - - [22/Mar/2026:17:13:16 -0400] "GET /class19.php HTTP/1.1" 404 1251 "-" "Mozilla/5.0 (Windows NT 10.0; Win64; x64) AppleWebKit/537.36 (KHTML, like Gecko) Chrome/120.0.0.0 Safari/537.36"
20.220.61.78 - - [22/Mar/2026:17:13:16 -0400] "GET /randkeyword.php HTTP/1.1" 404 1251 "-" "Mozilla/5.0 (Windows NT 10.0; Win64; x64) AppleWebKit/537.36 (KHTML, like Gecko) Chrome/120.0.0.0 Safari/537.36"
20.220.61.78 - - [22/Mar/2026:17:13:17 -0400] "GET /fwe.php HTTP/1.1" 404 1251 "-" "Mozilla/5.0 (Windows NT 10.0; Win64; x64) AppleWebKit/537.36 (KHTML, like Gecko) Chrome/120.0.0.0 Safari/537.36"
20.220.61.78 - - [22/Mar/2026:17:13:17 -0400] "GET /images/m.php HTTP/1.1" 404 1251 "-" "Mozilla/5.0 (Windows NT 10.0; Win64; x64) AppleWebKit/537.36 (KHTML, like Gecko) Chrome/120.0.0.0 Safari/537.36"
20.220.61.78 - - [22/Mar/2026:17:13:17 -0400] "GET /xv.php HTTP/1.1" 404 1251 "-" "Mozilla/5.0 (Windows NT 10.0; Win64; x64) AppleWebKit/537.36 (KHTML, like Gecko) Chrome/120.0.0.0 Safari/537.36"
20.220.61.78 - - [22/Mar/2026:17:13:17 -0400] "GET /htaccess.php HTTP/1.1" 404 1251 "-" "Mozilla/5.0 (Windows NT 10.0; Win64; x64) AppleWebKit/537.36 (KHTML, like Gecko) Chrome/120.0.0.0 Safari/537.36"
20.220.61.78 - - [22/Mar/2026:17:13:17 -0400] "GET /readme.php HTTP/1.1" 404 1251 "-" "Mozilla/5.0 (Windows NT 10.0; Win64; x64) AppleWebKit/537.36 (KHTML, like Gecko) Chrome/120.0.0.0 Safari/537.36"
20.220.61.78 - - [22/Mar/2026:17:13:17 -0400] "GET /file.php? HTTP/1.1" 404 1251 "-" "Mozilla/5.0 (Windows NT 10.0; Win64; x64) AppleWebKit/537.36 (KHTML, like Gecko) Chrome/120.0.0.0 Safari/537.36"
20.220.61.78 - - [22/Mar/2026:17:13:17 -0400] "GET /lsd.php HTTP/1.1" 404 1251 "-" "Mozilla/5.0 (Windows NT 10.0; Win64; x64) AppleWebKit/537.36 (KHTML, like Gecko) Chrome/120.0.0.0 Safari/537.36"
20.220.61.78 - - [22/Mar/2026:17:13:17 -0400] "GET /gtc.php HTTP/1.1" 404 1251 "-" "Mozilla/5.0 (Windows NT 10.0; Win64; x64) AppleWebKit/537.36 (KHTML, like Gecko) Chrome/120.0.0.0 Safari/537.36"
20.220.61.78 - - [22/Mar/2026:17:13:18 -0400] "GET /z60.php HTTP/1.1" 404 1251 "-" "Mozilla/5.0 (Windows NT 10.0; Win64; x64) AppleWebKit/537.36 (KHTML, like Gecko) Chrome/120.0.0.0 Safari/537.36"
20.220.61.78 - - [22/Mar/2026:17:13:18 -0400] "GET /m.php HTTP/1.1" 404 1251 "-" "Mozilla/5.0 (Windows NT 10.0; Win64; x64) AppleWebKit/537.36 (KHTML, like Gecko) Chrome/120.0.0.0 Safari/537.36"
20.220.61.78 - - [22/Mar/2026:17:13:18 -0400] "GET /themes.php HTTP/1.1" 404 1251 "-" "Mozilla/5.0 (Windows NT 10.0; Win64; x64) AppleWebKit/537.36 (KHTML, like Gecko) Chrome/120.0.0.0 Safari/537.36"
20.220.61.78 - - [22/Mar/2026:17:13:18 -0400] "GET /lv.php HTTP/1.1" 404 1251 "-" "Mozilla/5.0 (Windows NT 10.0; Win64; x64) AppleWebKit/537.36 (KHTML, like Gecko) Chrome/120.0.0.0 Safari/537.36"
20.220.61.78 - - [22/Mar/2026:17:13:18 -0400] "GET /css.php HTTP/1.1" 404 1251 "-" "Mozilla/5.0 (Windows NT 10.0; Win64; x64) AppleWebKit/537.36 (KHTML, like Gecko) Chrome/120.0.0.0 Safari/537.36"
52.167.144.180 - - [22/Mar/2026:17:12:00 -0400] "GET /sitemap.txt HTTP/1.1" 404 1251 "-" "Mozilla/5.0 AppleWebKit/537.36 (KHTML, like Gecko; compatible; bingbot/2.0; +http://www.bing.com/bingbot.htm) Chrome/116.0.1938.76 Safari/537.36"
20.220.61.78 - - [22/Mar/2026:17:13:16 -0400] "GET /class20.php HTTP/1.1" 404 1251 "-" "Mozilla/5.0 (Windows NT 10.0; Win64; x64) AppleWebKit/537.36 (KHTML, like Gecko) Chrome/120.0.0.0 Safari/537.36"
20.220.61.78 - - [22/Mar/2026:17:13:16 -0400] "GET /admin.php?p= HTTP/1.1" 404 1251 "-" "Mozilla/5.0 (Windows NT 10.0; Win64; x64) AppleWebKit/537.36 (KHTML, like Gecko) Chrome/120.0.0.0 Safari/537.36"
20.220.61.78 - - [22/Mar/2026:17:13:17 -0400] "GET /g.php HTTP/1.1" 404 1251 "-" "Mozilla/5.0 (Windows NT 10.0; Win64; x64) AppleWebKit/537.36 (KHTML, like Gecko) Chrome/120.0.0.0 Safari/537.36"
20.220.61.78 - - [22/Mar/2026:17:13:17 -0400] "GET /tx1.php HTTP/1.1" 404 1251 "-" "Mozilla/5.0 (Windows NT 10.0; Win64; x64) AppleWebKit/537.36 (KHTML, like Gecko) Chrome/120.0.0.0 Safari/537.36"
20.220.61.78 - - [22/Mar/2026:17:13:17 -0400] "GET /x56.php HTTP/1.1" 404 1251 "-" "Mozilla/5.0 (Windows NT 10.0; Win64; x64) AppleWebKit/537.36 (KHTML, like Gecko) Chrome/120.0.0.0 Safari/537.36"
20.220.61.78 - - [22/Mar/2026:17:13:17 -0400] "GET /x50.php HTTP/1.1" 404 1251 "-" "Mozilla/5.0 (Windows NT 10.0; Win64; x64) AppleWebKit/537.36 (KHTML, like Gecko) Chrome/120.0.0.0 Safari/537.36"
20.220.61.78 - - [22/Mar/2026:17:13:17 -0400] "GET /fv.php HTTP/1.1" 404 1251 "-" "Mozilla/5.0 (Windows NT 10.0; Win64; x64) AppleWebKit/537.36 (KHTML, like Gecko) Chrome/120.0.0.0 Safari/537.36"
20.220.61.78 - - [22/Mar/2026:17:13:17 -0400] "GET /as.php HTTP/1.1" 404 1251 "-" "Mozilla/5.0 (Windows NT 10.0; Win64; x64) AppleWebKit/537.36 (KHTML, like Gecko) Chrome/120.0.0.0 Safari/537.36"
20.220.61.78 - - [22/Mar/2026:17:13:17 -0400] "GET /wsd.php HTTP/1.1" 404 1251 "-" "Mozilla/5.0 (Windows NT 10.0; Win64; x64) AppleWebKit/537.36 (KHTML, like Gecko) Chrome/120.0.0.0 Safari/537.36"
20.220.61.78 - - [22/Mar/2026:17:13:18 -0400] "GET /atx.php HTTP/1.1" 404 1251 "-" "Mozilla/5.0 (Windows NT 10.0; Win64; x64) AppleWebKit/537.36 (KHTML, like Gecko) Chrome/120.0.0.0 Safari/537.36"
20.220.61.78 - - [22/Mar/2026:17:13:18 -0400] "GET /403.php HTTP/1.1" 404 1251 "-" "Mozilla/5.0 (Windows NT 10.0; Win64; x64) AppleWebKit/537.36 (KHTML, like Gecko) Chrome/120.0.0.0 Safari/537.36"
20.220.61.78 - - [22/Mar/2026:17:13:18 -0400] "GET /wp-admin/maint/about.php HTTP/1.1" 404 1251 "-" "Mozilla/5.0 (Windows NT 10.0; Win64; x64) AppleWebKit/537.36 (KHTML, like Gecko) Chrome/120.0.0.0 Safari/537.36"
20.220.61.78 - - [22/Mar/2026:17:13:18 -0400] "GET /wp-admin/network/wp-conflg.php?p= HTTP/1.1" 404 1251 "-" "Mozilla/5.0 (Windows NT 10.0; Win64; x64) AppleWebKit/537.36 (KHTML, like Gecko) Chrome/120.0.0.0 Safari/537.36"
20.220.61.78 - - [22/Mar/2026:17:13:18 -0400] "GET /click.php HTTP/1.1" 404 1251 "-" "Mozilla/5.0 (Windows NT 10.0; Win64; x64) AppleWebKit/537.36 (KHTML, like Gecko) Chrome/120.0.0.0 Safari/537.36"
20.220.61.78 - - [22/Mar/2026:17:13:18 -0400] "GET /install.php HTTP/1.1" 404 1251 "-" "Mozilla/5.0 (Windows NT 10.0; Win64; x64) AppleWebKit/537.36 (KHTML, like Gecko) Chrome/120.0.0.0 Safari/537.36"
20.220.61.78 - - [22/Mar/2026:17:13:18 -0400] "GET /simple.php HTTP/1.1" 404 1251 "-" "Mozilla/5.0 (Windows NT 10.0; Win64; x64) AppleWebKit/537.36 (KHTML, like Gecko) Chrome/120.0.0.0 Safari/537.36"
20.220.61.78 - - [22/Mar/2026:17:13:18 -0400] "GET /cong.php HTTP/1.1" 404 1251 "-" "Mozilla/5.0 (Windows NT 10.0; Win64; x64) AppleWebKit/537.36 (KHTML, like Gecko) Chrome/120.0.0.0 Safari/537.36"
20.220.61.78 - - [22/Mar/2026:17:13:19 -0400] "GET /cong.php HTTP/1.1" 404 1251 "-" "Mozilla/5.0 (Windows NT 10.0; Win64; x64) AppleWebKit/537.36 (KHTML, like Gecko) Chrome/120.0.0.0 Safari/537.36"
20.220.61.78 - - [22/Mar/2026:17:13:19 -0400] "GET /404.php HTTP/1.1" 404 1251 "-" "Mozilla/5.0 (Windows NT 10.0; Win64; x64) AppleWebKit/537.36 (KHTML, like Gecko) Chrome/120.0.0.0 Safari/537.36"
20.220.61.78 - - [22/Mar/2026:17:13:19 -0400] "GET /css.php HTTP/1.1" 404 1251 "-" "Mozilla/5.0 (Windows NT 10.0; Win64; x64) AppleWebKit/537.36 (KHTML, like Gecko) Chrome/120.0.0.0 Safari/537.36"
20.220.61.78 - - [22/Mar/2026:17:13:19 -0400] "GET /222.php HTTP/1.1" 404 1251 "-" "Mozilla/5.0 (Windows NT 10.0; Win64; x64) AppleWebKit/537.36 (KHTML, like Gecko) Chrome/120.0.0.0 Safari/537.36"
20.220.61.78 - - [22/Mar/2026:17:13:19 -0400] "GET /admin.php HTTP/1.1" 404 1251 "-" "Mozilla/5.0 (Windows NT 10.0; Win64; x64) AppleWebKit/537.36 (KHTML, like Gecko) Chrome/120.0.0.0 Safari/537.36"
20.220.61.78 - - [22/Mar/2026:17:13:19 -0400] "GET /abcd.php HTTP/1.1" 404 1251 "-" "Mozilla/5.0 (Windows NT 10.0; Win64; x64) AppleWebKit/537.36 (KHTML, like Gecko) Chrome/120.0.0.0 Safari/537.36"
20.220.61.78 - - [22/Mar/2026:17:13:19 -0400] "GET /inputs.php HTTP/1.1" 404 1251 "-" "Mozilla/5.0 (Windows NT 10.0; Win64; x64) AppleWebKit/537.36 (KHTML, like Gecko) Chrome/120.0.0.0 Safari/537.36"
20.220.61.78 - - [22/Mar/2026:17:13:20 -0400] "GET /about.php HTTP/1.1" 404 1251 "-" "Mozilla/5.0 (Windows NT 10.0; Win64; x64) AppleWebKit/537.36 (KHTML, like Gecko) Chrome/120.0.0.0 Safari/537.36"
20.220.61.78 - - [22/Mar/2026:17:13:20 -0400] "GET /alfa.php HTTP/1.1" 404 1251 "-" "Mozilla/5.0 (Windows NT 10.0; Win64; x64) AppleWebKit/537.36 (KHTML, like Gecko) Chrome/120.0.0.0 Safari/537.36"
85.208.96.210 - - [22/Mar/2026:17:17:17 -0400] "GET /92402-2/ HTTP/1.1" 404 1251 "-" "Mozilla/5.0 (compatible; SemrushBot/7~bl; +http://www.semrush.com/bot.html)"
77.75.76.171 - - [22/Mar/2026:17:17:29 -0400] "GET /90071-2/ HTTP/1.1" 404 1251 "-" "Mozilla/5.0 (compatible; SeznamBot/4.0; +https://o-seznam.cz/napoveda/vyhledavani/en/seznambot-crawler/)"
59.82.88.184 - - [22/Mar/2026:17:17:51 -0400] "GET /wp-content/uploads/2019/03/Default-New-Logo.png HTTP/1.1" 200 21509 "-" "Mozilla/5.0 (compatible; OCRBot/2.0)"
216.244.66.197 - - [22/Mar/2026:17:18:23 -0400] "GET /category/uncategorized/page/55/ HTTP/1.1" 404 1251 "-" "Mozilla/5.0 (compatible; DotBot/1.2; +https://opensiteexplorer.org/dotbot; help@moz.com)"
142.44.233.173 - - [22/Mar/2026:17:20:19 -0400] "GET /category/uncategorized/page/82/ HTTP/1.1" 404 1251 "-" "Mozilla/5.0 (compatible; AhrefsBot/7.0; +http://ahrefs.com/robot/)"
136.144.35.232 - - [22/Mar/2026:17:24:35 -0400] "POST /wp-login.php HTTP/1.1" 200 6970 "-" "Mozilla/5.0"
20.220.61.78 - - [22/Mar/2026:17:13:18 -0400] "GET /wp-includes/images/wp-login.php HTTP/1.1" 404 1251 "-" "Mozilla/5.0 (Windows NT 10.0; Win64; x64) AppleWebKit/537.36 (KHTML, like Gecko) Chrome/120.0.0.0 Safari/537.36"
20.220.61.78 - - [22/Mar/2026:17:13:19 -0400] "GET /w.php HTTP/1.1" 404 1251 "-" "Mozilla/5.0 (Windows NT 10.0; Win64; x64) AppleWebKit/537.36 (KHTML, like Gecko) Chrome/120.0.0.0 Safari/537.36"
20.220.61.78 - - [22/Mar/2026:17:13:19 -0400] "GET /ioxi-o.php HTTP/1.1" 404 1251 "-" "Mozilla/5.0 (Windows NT 10.0; Win64; x64) AppleWebKit/537.36 (KHTML, like Gecko) Chrome/120.0.0.0 Safari/537.36"
20.220.61.78 - - [22/Mar/2026:17:13:19 -0400] "GET /0x.php HTTP/1.1" 404 1251 "-" "Mozilla/5.0 (Windows NT 10.0; Win64; x64) AppleWebKit/537.36 (KHTML, like Gecko) Chrome/120.0.0.0 Safari/537.36"
20.220.61.78 - - [22/Mar/2026:17:13:19 -0400] "GET /wp-content/index.php HTTP/1.1" 200 123 "-" "Mozilla/5.0 (Windows NT 10.0; Win64; x64) AppleWebKit/537.36 (KHTML, like Gecko) Chrome/120.0.0.0 Safari/537.36"
20.220.61.78 - - [22/Mar/2026:17:13:19 -0400] "GET /wp-admin/maint/maint.php HTTP/1.1" 404 1251 "-" "Mozilla/5.0 (Windows NT 10.0; Win64; x64) AppleWebKit/537.36 (KHTML, like Gecko) Chrome/120.0.0.0 Safari/537.36"
20.220.61.78 - - [22/Mar/2026:17:13:19 -0400] "GET /classwithtostring.php HTTP/1.1" 404 1251 "-" "Mozilla/5.0 (Windows NT 10.0; Win64; x64) AppleWebKit/537.36 (KHTML, like Gecko) Chrome/120.0.0.0 Safari/537.36"
20.220.61.78 - - [22/Mar/2026:17:13:19 -0400] "GET /autoload_classmap.php?p= HTTP/1.1" 404 1251 "-" "Mozilla/5.0 (Windows NT 10.0; Win64; x64) AppleWebKit/537.36 (KHTML, like Gecko) Chrome/120.0.0.0 Safari/537.36"
57.141.2.70 - - [22/Mar/2026:17:18:32 -0400] "GET /91841-2/ HTTP/1.1" 404 1251 "-" "meta-externalagent/1.1 (+https://developers.facebook.com/docs/sharing/webmasters/crawler)"
57.141.2.35 - - [22/Mar/2026:17:23:34 -0400] "GET /90051-2/ HTTP/1.1" 404 1251 "-" "meta-externalagent/1.1 (+https://developers.facebook.com/docs/sharing/webmasters/crawler)"
109.243.0.98 - - [22/Mar/2026:17:24:58 -0400] "HEAD /gallery/ HTTP/1.1" 404 0 "-" "Mozilla/5.0 (Windows NT 6.1; Win64; x64) AppleWebKit/537.36 (KHTML, like Gecko) Chrome/78.0.3904.97 Safari/537.36"
47.128.114.92 - - [22/Mar/2026:17:26:05 -0400] "GET /92596-2/ HTTP/1.1" 404 1251 "-" "Mozilla/5.0 (Linux; Android 5.0) AppleWebKit/537.36 (KHTML, like Gecko) Mobile Safari/537.36 (compatible; Bytespider; spider-feedback@bytedance.com)"
68.65.123.232 - - [22/Mar/2026:17:28:41 -0400] "POST /wp-cron.php?doing_wp_cron=1774214921.4953711032867431640625 HTTP/1.1" 200 0 "-" "WordPress/6.9.4; https://www.coronamicroblading.com"
37.120.146.146 - - [22/Mar/2026:17:28:42 -0400] "POST /wp-login.php HTTP/1.1" 200 1971 "https://coronamicroblading.com/wp-login.php" "Mozilla/5.0 (X11; Linux x86_64; rv:148.0) Gecko/20100101 Firefox/148.0"
123.150.138.198 - - [22/Mar/2026:17:29:21 -0400] "GET /favicon.ico HTTP/1.1" 404 1251 "-" "Mozilla/5.0 (Windows NT 10.0; Win64; x64) AppleWebKit/537.36 (KHTML, like Gecko) Chrome/122.0.0.0 Safari/537.36 Edg/122.0.0.0"
216.73.216.13 - - [22/Mar/2026:17:30:50 -0400] "GET /wp-admin/comment.php HTTP/1.1" 302 0 "-" "Mozilla/5.0 AppleWebKit/537.36 (KHTML, like Gecko; compatible; ClaudeBot/1.0; +claudebot@anthropic.com)"
216.73.216.13 - - [22/Mar/2026:17:30:52 -0400] "GET /wp-admin/export.php HTTP/1.1" 302 0 "-" "Mozilla/5.0 AppleWebKit/537.36 (KHTML, like Gecko; compatible; ClaudeBot/1.0; +claudebot@anthropic.com)"
216.73.216.13 - - [22/Mar/2026:17:30:53 -0400] "GET /wp-login.php?redirect_to=https%3A%2F%2Fwww.coronamicroblading.com%2Fwp-admin%2Fexport.php&reauth=1 HTTP/1.1" 200 1842 "https://www.coronamicroblading.com/wp-admin/export.php" "Mozilla/5.0 AppleWebKit/537.36 (KHTML, like Gecko; compatible; ClaudeBot/1.0; +claudebot@anthropic.com)"
216.73.216.13 - - [22/Mar/2026:17:30:53 -0400] "GET /wp-admin/theme-editor.php HTTP/1.1" 302 0 "-" "Mozilla/5.0 AppleWebKit/537.36 (KHTML, like Gecko; compatible; ClaudeBot/1.0; +claudebot@anthropic.com)"
216.73.216.13 - - [22/Mar/2026:17:30:53 -0400] "GET /wp-login.php?redirect_to=https%3A%2F%2Fwww.coronamicroblading.com%2Fwp-admin%2Ftheme-editor.php&reauth=1 HTTP/1.1" 200 1842 "https://www.coronamicroblading.com/wp-admin/theme-editor.php" "Mozilla/5.0 AppleWebKit/537.36 (KHTML, like Gecko; compatible; ClaudeBot/1.0; +claudebot@anthropic.com)"
216.73.216.13 - - [22/Mar/2026:17:30:54 -0400] "GET /wp-login.php?redirect_to=https%3A%2F%2Fwww.coronamicroblading.com%2Fwp-admin%2Fadmin.php&reauth=1 HTTP/1.1" 200 1832 "https://www.coronamicroblading.com/wp-admin/admin.php" "Mozilla/5.0 AppleWebKit/537.36 (KHTML, like Gecko; compatible; ClaudeBot/1.0; +claudebot@anthropic.com)"
216.73.216.13 - - [22/Mar/2026:17:30:54 -0400] "GET /wp-admin/plugins.php HTTP/1.1" 302 0 "-" "Mozilla/5.0 AppleWebKit/537.36 (KHTML, like Gecko; compatible; ClaudeBot/1.0; +claudebot@anthropic.com)"
216.73.216.13 - - [22/Mar/2026:17:30:54 -0400] "GET /wp-login.php?redirect_to=https%3A%2F%2Fwww.coronamicroblading.com%2Fwp-admin%2Fplugins.php&reauth=1 HTTP/1.1" 200 1842 "https://www.coronamicroblading.com/wp-admin/plugins.php" "Mozilla/5.0 AppleWebKit/537.36 (KHTML, like Gecko; compatible; ClaudeBot/1.0; +claudebot@anthropic.com)"
216.73.216.13 - - [22/Mar/2026:17:30:55 -0400] "GET /wp-login.php?redirect_to=https%3A%2F%2Fwww.coronamicroblading.com%2Fwp-admin%2Fplugin-install.php&reauth=1 HTTP/1.1" 200 1848 "https://www.coronamicroblading.com/wp-admin/plugin-install.php" "Mozilla/5.0 AppleWebKit/537.36 (KHTML, like Gecko; compatible; ClaudeBot/1.0; +claudebot@anthropic.com)"
